{"id":9976,"date":"2022-04-28T20:20:34","date_gmt":"2022-04-28T18:20:34","guid":{"rendered":"https:\/\/somosdelprieto.com\/?page_id=9976"},"modified":"2022-06-24T13:06:56","modified_gmt":"2022-06-24T11:06:56","slug":"herramientas-aula-del-futuro","status":"publish","type":"page","link":"https:\/\/somosdelprieto.com\/index.php\/proyectos\/principal-aula-del-futuro\/herramientas-aula-del-futuro\/","title":{"rendered":"HERRAMIENTAS AULA DEL FUTURO"},"content":{"rendered":"\n<p>Hemos preparado tambi\u00e9n un apartado de herramientas para que tanto t\u00fa como tu alumnado pod\u00e1is sacarle el m\u00e1ximo partido al Aula de Futuro y por qu\u00e9 no, al d\u00eda a d\u00eda en el aula utilizando herramientas digitales.<\/p>\n\n\n\n<iframe loading=\"lazy\" frameborder=\"0\" noresize=\"noresize\" height=\"620px\" width=\"930px\" src=\"https:\/\/www.symbaloo.com\/embed\/shared\/AAAABSlBdDYAA41_0X82lg==\"><\/iframe>\n\n\n\n\n<p><\/p>\n","protected":false},"excerpt":{"rendered":"<p>Hemos preparado tambi\u00e9n un apartado de herramientas para que tanto t\u00fa como tu alumnado pod\u00e1is sacarle el m\u00e1ximo partido al Aula de Futuro y por qu\u00e9 no, al d\u00eda a d\u00eda en el aula utilizando herramientas digitales.<\/p>\n","protected":false},"author":46,"featured_media":0,"parent":9984,"menu_order":4,"comment_status":"closed","ping_status":"closed","template":"","meta":{"footnotes":""},"class_list":["post-9976","page","type-page","status-publish","hentry"],"_links":{"self":[{"href":"https:\/\/somosdelprieto.com\/index.php\/wp-json\/wp\/v2\/pages\/9976","targetHints":{"allow":["GET"]}}],"collection":[{"href":"https:\/\/somosdelprieto.com\/index.php\/wp-json\/wp\/v2\/pages"}],"about":[{"href":"https:\/\/somosdelprieto.com\/index.php\/wp-json\/wp\/v2\/types\/page"}],"author":[{"embeddable":true,"href":"https:\/\/somosdelprieto.com\/index.php\/wp-json\/wp\/v2\/users\/46"}],"replies":[{"embeddable":true,"href":"https:\/\/somosdelprieto.com\/index.php\/wp-json\/wp\/v2\/comments?post=9976"}],"version-history":[{"count":11,"href":"https:\/\/somosdelprieto.com\/index.php\/wp-json\/wp\/v2\/pages\/9976\/revisions"}],"predecessor-version":[{"id":12189,"href":"https:\/\/somosdelprieto.com\/index.php\/wp-json\/wp\/v2\/pages\/9976\/revisions\/12189"}],"up":[{"embeddable":true,"href":"https:\/\/somosdelprieto.com\/index.php\/wp-json\/wp\/v2\/pages\/9984"}],"wp:attachment":[{"href":"https:\/\/somosdelprieto.com\/index.php\/wp-json\/wp\/v2\/media?parent=9976"}],"curies":[{"name":"wp","href":"https:\/\/api.w.org\/{rel}","templated":true}]}}