{"id":9974,"date":"2022-04-28T20:19:24","date_gmt":"2022-04-28T18:19:24","guid":{"rendered":"https:\/\/somosdelprieto.com\/?page_id=9974"},"modified":"2022-06-21T18:45:07","modified_gmt":"2022-06-21T16:45:07","slug":"novedades-aula-del-futuro","status":"publish","type":"page","link":"https:\/\/somosdelprieto.com\/index.php\/proyectos\/principal-aula-del-futuro\/novedades-aula-del-futuro\/","title":{"rendered":"NOVEDADES AULA DEL FUTURO"},"content":{"rendered":"\n<p>En esta secci\u00f3n podr\u00e9is encontrar cursos, talleres, NOOCS as\u00ed como art\u00edculos relacionados con Aulas del Futuro y las metodolog\u00edas que en ellas se trabajan.<\/p>\n\n\n\n<figure class=\"wp-block-embed is-type-wp-embed is-provider-iv-congreso-de-innovacion-docente wp-block-embed-iv-congreso-de-innovacion-docente\"><div class=\"wp-block-embed__wrapper\">\nhttps:\/\/congresoinnovacion.aragoneducacion.com\/\n<\/div><\/figure>\n\n\n\n<p><a rel=\"noreferrer noopener\" href=\"https:\/\/www.educacionyfp.gob.es\/dam\/jcr:62d4d2d2-1844-4aaa-bcf8-cbf073191072\/01-ficha-intef-auladelfuturo.pdf\" data-type=\"URL\" data-id=\"https:\/\/www.educacionyfp.gob.es\/dam\/jcr:62d4d2d2-1844-4aaa-bcf8-cbf073191072\/01-ficha-intef-auladelfuturo.pdf\" target=\"_blank\">Intef, Aula del Futuro, 2\u00aa edici\u00f3n<\/a><\/p>\n\n\n\n<figure class=\"wp-block-embed\"><div class=\"wp-block-embed__wrapper\">\nhttps:\/\/fcl.eun.org\/courses\n<\/div><\/figure>\n","protected":false},"excerpt":{"rendered":"<p>En esta secci\u00f3n podr\u00e9is encontrar cursos, talleres, NOOCS as\u00ed como art\u00edculos relacionados con Aulas del Futuro y las metodolog\u00edas que en ellas se trabajan. Intef, Aula del Futuro, 2\u00aa edici\u00f3n<\/p>\n","protected":false},"author":46,"featured_media":0,"parent":9984,"menu_order":-3,"comment_status":"closed","ping_status":"closed","template":"","meta":{"footnotes":""},"class_list":["post-9974","page","type-page","status-publish","hentry"],"_links":{"self":[{"href":"https:\/\/somosdelprieto.com\/index.php\/wp-json\/wp\/v2\/pages\/9974","targetHints":{"allow":["GET"]}}],"collection":[{"href":"https:\/\/somosdelprieto.com\/index.php\/wp-json\/wp\/v2\/pages"}],"about":[{"href":"https:\/\/somosdelprieto.com\/index.php\/wp-json\/wp\/v2\/types\/page"}],"author":[{"embeddable":true,"href":"https:\/\/somosdelprieto.com\/index.php\/wp-json\/wp\/v2\/users\/46"}],"replies":[{"embeddable":true,"href":"https:\/\/somosdelprieto.com\/index.php\/wp-json\/wp\/v2\/comments?post=9974"}],"version-history":[{"count":8,"href":"https:\/\/somosdelprieto.com\/index.php\/wp-json\/wp\/v2\/pages\/9974\/revisions"}],"predecessor-version":[{"id":12081,"href":"https:\/\/somosdelprieto.com\/index.php\/wp-json\/wp\/v2\/pages\/9974\/revisions\/12081"}],"up":[{"embeddable":true,"href":"https:\/\/somosdelprieto.com\/index.php\/wp-json\/wp\/v2\/pages\/9984"}],"wp:attachment":[{"href":"https:\/\/somosdelprieto.com\/index.php\/wp-json\/wp\/v2\/media?parent=9974"}],"curies":[{"name":"wp","href":"https:\/\/api.w.org\/{rel}","templated":true}]}}

<p>En esta sección podréis encontrar cursos, talleres, NOOCS así como artículos relacionados con Aulas del Futuro y las metodologías que en ellas se trabajan.</p>



<figure class="wp-block-embed is-type-wp-embed is-provider-iv-congreso-de-innovacion-docente wp-block-embed-iv-congreso-de-innovacion-docente"><div class="wp-block-embed__wrapper">
https://congresoinnovacion.aragoneducacion.com/
</div></figure>



<p><a rel="noreferrer noopener" href="https://www.educacionyfp.gob.es/dam/jcr:62d4d2d2-1844-4aaa-bcf8-cbf073191072/01-ficha-intef-auladelfuturo.pdf" data-type="URL" data-id="https://www.educacionyfp.gob.es/dam/jcr:62d4d2d2-1844-4aaa-bcf8-cbf073191072/01-ficha-intef-auladelfuturo.pdf" target="_blank">Intef, Aula del Futuro, 2ª edición</a></p>



<figure class="wp-block-embed"><div class="wp-block-embed__wrapper">
https://fcl.eun.org/courses
</div></figure>

<p>En esta sección podréis encontrar cursos, talleres, NOOCS así como artículos relacionados con Aulas del Futuro y las metodologías que en ellas se trabajan. Intef, Aula del Futuro, 2ª edición</p>
