{"id":9632,"date":"2022-03-31T16:57:17","date_gmt":"2022-03-31T14:57:17","guid":{"rendered":"https:\/\/somosdelprieto.com\/?page_id=9632"},"modified":"2022-03-31T16:57:17","modified_gmt":"2022-03-31T14:57:17","slug":"9632-2","status":"publish","type":"page","link":"https:\/\/somosdelprieto.com\/index.php\/9632-2\/","title":{"rendered":""},"content":{"rendered":"\n<p>El pasado d\u00eda 29 de marzo, tuvo lugar nuestra charla sobre orientaci\u00f3n profesional dirigida a todo el alumnado que actualmente cursa 4\u00ba ESO en nuestro centro.<\/p>\n\n\n\n<p>Explicamos los Ciclos Formativos de Grado Medio que ofrecemos, as\u00ed como las distintas salidas profesionales que pueden tener. Para todo ello nos acompa\u00f1aron chicos y chicas que se encuentran realizando sus estudios en nuestro Instituto, los cuales contestaron a todas las preguntas que se fueron realizando entre el p\u00fablico asistente. Damos las gracias a tod@s ellos por su participaci\u00f3n (Salma, Ver\u00f3nica, Francisco, Borja, Karen y Maica).<\/p>\n\n\n\n<p>Esperamos que el curso que viene se encuentren entre nosotros muchos de los asistentes a nuestra charla, y que se conviertan en buenos profesionales al t\u00e9rmino de sus estudios.<\/p>\n\n\n\n<p>Os dejamos algunas fotos del evento:<\/p>\n\n\n\n<figure class=\"wp-block-table is-style-regular\"><table class=\"has-subtle-pale-green-background-color has-background\"><tbody><tr><td><img decoding=\"async\" src=\"https:\/\/somosdelprieto.com\/wp-content\/uploads\/2022\/03\/1648711862365-1024x769.jpg\" alt=\"La imagen tiene un atributo ALT vac\u00edo; su nombre de archivo es 1648711862365-1024x769.jpg\"><\/td><td><img decoding=\"async\" src=\"https:\/\/somosdelprieto.com\/wp-content\/uploads\/2022\/03\/1648711862325-1024x769.jpg\" alt=\"La imagen tiene un atributo ALT vac\u00edo; su nombre de archivo es 1648711862325-1024x769.jpg\"><\/td><\/tr><tr><td><img decoding=\"async\" src=\"https:\/\/somosdelprieto.com\/wp-content\/uploads\/2022\/03\/1648711862246-1024x769.jpg\" alt=\"La imagen tiene un atributo ALT vac\u00edo; su nombre de archivo es 1648711862246-1024x769.jpg\"><\/td><td><img decoding=\"async\" src=\"https:\/\/somosdelprieto.com\/wp-content\/uploads\/2022\/03\/1648711862285-1024x769.jpg\" alt=\"La imagen tiene un atributo ALT vac\u00edo; su nombre de archivo es 1648711862285-1024x769.jpg\"><\/td><\/tr><\/tbody><\/table><\/figure>\n","protected":false},"excerpt":{"rendered":"<p>El pasado d\u00eda 29 de marzo, tuvo lugar nuestra charla sobre orientaci\u00f3n profesional dirigida a todo el alumnado que actualmente cursa 4\u00ba ESO en nuestro centro. Explicamos los Ciclos Formativos de Grado Medio que ofrecemos, as\u00ed como las distintas salidas profesionales que pueden tener. Para todo ello nos acompa\u00f1aron chicos y chicas que se encuentran &hellip; <\/p>\n<p class=\"link-more\"><a href=\"https:\/\/somosdelprieto.com\/index.php\/9632-2\/\" class=\"more-link\">Continuar leyendo<span class=\"screen-reader-text\"> \u00ab\u00bb<\/span><\/a><\/p>\n","protected":false},"author":30,"featured_media":9633,"parent":0,"menu_order":0,"comment_status":"closed","ping_status":"closed","template":"","meta":{"footnotes":""},"class_list":["post-9632","page","type-page","status-publish","has-post-thumbnail","hentry"],"_links":{"self":[{"href":"https:\/\/somosdelprieto.com\/index.php\/wp-json\/wp\/v2\/pages\/9632","targetHints":{"allow":["GET"]}}],"collection":[{"href":"https:\/\/somosdelprieto.com\/index.php\/wp-json\/wp\/v2\/pages"}],"about":[{"href":"https:\/\/somosdelprieto.com\/index.php\/wp-json\/wp\/v2\/types\/page"}],"author":[{"embeddable":true,"href":"https:\/\/somosdelprieto.com\/index.php\/wp-json\/wp\/v2\/users\/30"}],"replies":[{"embeddable":true,"href":"https:\/\/somosdelprieto.com\/index.php\/wp-json\/wp\/v2\/comments?post=9632"}],"version-history":[{"count":2,"href":"https:\/\/somosdelprieto.com\/index.php\/wp-json\/wp\/v2\/pages\/9632\/revisions"}],"predecessor-version":[{"id":9639,"href":"https:\/\/somosdelprieto.com\/index.php\/wp-json\/wp\/v2\/pages\/9632\/revisions\/9639"}],"wp:featuredmedia":[{"embeddable":true,"href":"https:\/\/somosdelprieto.com\/index.php\/wp-json\/wp\/v2\/media\/9633"}],"wp:attachment":[{"href":"https:\/\/somosdelprieto.com\/index.php\/wp-json\/wp\/v2\/media?parent=9632"}],"curies":[{"name":"wp","href":"https:\/\/api.w.org\/{rel}","templated":true}]}}

<p>El pasado día 29 de marzo, tuvo lugar nuestra charla sobre orientación profesional dirigida a todo el alumnado que actualmente cursa 4º ESO en nuestro centro.</p>



<p>Explicamos los Ciclos Formativos de Grado Medio que ofrecemos, así como las distintas salidas profesionales que pueden tener. Para todo ello nos acompañaron chicos y chicas que se encuentran realizando sus estudios en nuestro Instituto, los cuales contestaron a todas las preguntas que se fueron realizando entre el público asistente. Damos las gracias a tod@s ellos por su participación (Salma, Verónica, Francisco, Borja, Karen y Maica).</p>



<p>Esperamos que el curso que viene se encuentren entre nosotros muchos de los asistentes a nuestra charla, y que se conviertan en buenos profesionales al término de sus estudios.</p>



<p>Os dejamos algunas fotos del evento:</p>



<figure class="wp-block-table is-style-regular"><table class="has-subtle-pale-green-background-color has-background"><tbody><tr><td><img decoding="async" src="https://somosdelprieto.com/wp-content/uploads/2022/03/1648711862365-1024x769.jpg" alt="La imagen tiene un atributo ALT vacío; su nombre de archivo es 1648711862365-1024x769.jpg"></td><td><img decoding="async" src="https://somosdelprieto.com/wp-content/uploads/2022/03/1648711862325-1024x769.jpg" alt="La imagen tiene un atributo ALT vacío; su nombre de archivo es 1648711862325-1024x769.jpg"></td></tr><tr><td><img decoding="async" src="https://somosdelprieto.com/wp-content/uploads/2022/03/1648711862246-1024x769.jpg" alt="La imagen tiene un atributo ALT vacío; su nombre de archivo es 1648711862246-1024x769.jpg"></td><td><img decoding="async" src="https://somosdelprieto.com/wp-content/uploads/2022/03/1648711862285-1024x769.jpg" alt="La imagen tiene un atributo ALT vacío; su nombre de archivo es 1648711862285-1024x769.jpg"></td></tr></tbody></table></figure>

<p>El pasado día 29 de marzo, tuvo lugar nuestra charla sobre orientación profesional dirigida a todo el alumnado que actualmente cursa 4º ESO en nuestro centro. Explicamos los Ciclos Formativos de Grado Medio que ofrecemos, así como las distintas salidas profesionales que pueden tener. Para todo ello nos acompañaron chicos y chicas que se encuentran &hellip; </p>
<p class="link-more"><a href="https://somosdelprieto.com/index.php/9632-2/" class="more-link">Continuar leyendo<span class="screen-reader-text"> «»</span></a></p>
