{"id":9503,"date":"2022-03-24T12:32:59","date_gmt":"2022-03-24T11:32:59","guid":{"rendered":"https:\/\/somosdelprieto.com\/?page_id=9503"},"modified":"2022-11-07T07:28:23","modified_gmt":"2022-11-07T06:28:23","slug":"biblioteca","status":"publish","type":"page","link":"https:\/\/somosdelprieto.com\/index.php\/biblioteca\/","title":{"rendered":"Biblioteca"},"content":{"rendered":"\n<p class=\"has-vivid-cyan-blue-color has-text-color\" style=\"font-size:30px\"><strong><a rel=\"noreferrer noopener\" href=\"https:\/\/drive.google.com\/file\/d\/1oEg1Ob-iQzDtl6ODz9LjztvuGUa4pxSk\/view?usp=sharing\" target=\"_blank\">PLAN DE LECTUR<\/a><a href=\"https:\/\/drive.google.com\/file\/d\/1oEg1Ob-iQzDtl6ODz9LjztvuGUa4pxSk\/view?usp=sharing\" target=\"_blank\" rel=\"noreferrer noopener\">A<\/a><a rel=\"noreferrer noopener\" href=\"https:\/\/drive.google.com\/file\/d\/1oEg1Ob-iQzDtl6ODz9LjztvuGUa4pxSk\/view?usp=sharing\" target=\"_blank\"> DEL IES GREGORIO PRIETO<\/a><\/strong><\/p>\n\n\n\n<p><\/p>\n\n\n<ul class=\"wp-block-latest-posts__list has-dates has-author wp-block-latest-posts\"><li><div class=\"wp-block-latest-posts__featured-image aligncenter\"><img loading=\"lazy\" decoding=\"async\" width=\"150\" height=\"150\" src=\"https:\/\/somosdelprieto.com\/wp-content\/uploads\/2026\/01\/1768554970454-150x150.jpg\" class=\"attachment-thumbnail size-thumbnail wp-post-image\" alt=\"\" style=\"max-width:150px;max-height:150px;\" srcset=\"https:\/\/somosdelprieto.com\/wp-content\/uploads\/2026\/01\/1768554970454-150x150.jpg 150w, https:\/\/somosdelprieto.com\/wp-content\/uploads\/2026\/01\/1768554970454-100x100.jpg 100w\" sizes=\"auto, 100vw\" \/><\/div><a class=\"wp-block-latest-posts__post-title\" href=\"https:\/\/somosdelprieto.com\/index.php\/2026\/01\/16\/encuentro-literario-con-el-escritor-y-guionista-santiago-diaz\/\">ENCUENTRO LITERARIO CON EL ESCRITOR Y GUIONISTA SANTIAGO D\u00cdAZ<\/a><div class=\"wp-block-latest-posts__post-author\">por Ana Rosa Antequera Torres<\/div><time datetime=\"2026-01-16T10:54:37+01:00\" class=\"wp-block-latest-posts__post-date\">16 enero, 2026<\/time><div class=\"wp-block-latest-posts__post-excerpt\">El IES Gregorio Prieto ha recibido este jueves 15 de enero la visita del conocido escritor y guionista de cine y televisi\u00f3n Santiago D\u00edaz. La charla en esta ocasi\u00f3n ha estado dirigida al alumnado de Bachillerato. Este encuentro literario forma parte del Plan de Lectura del IES, por el que seguimos apostando por que los &hellip; <p class=\"link-more\"><a href=\"https:\/\/somosdelprieto.com\/index.php\/2026\/01\/16\/encuentro-literario-con-el-escritor-y-guionista-santiago-diaz\/\" class=\"more-link\">Continuar leyendo<span class=\"screen-reader-text\"> \u00abENCUENTRO LITERARIO CON EL ESCRITOR Y GUIONISTA SANTIAGO D\u00cdAZ\u00bb<\/span><\/a><\/p><\/div><\/li>\n<li><div class=\"wp-block-latest-posts__featured-image aligncenter\"><img loading=\"lazy\" decoding=\"async\" width=\"150\" height=\"150\" src=\"https:\/\/somosdelprieto.com\/wp-content\/uploads\/2026\/01\/WhatsApp-Image-2026-01-02-at-18.22.36-150x150.jpeg\" class=\"attachment-thumbnail size-thumbnail wp-post-image\" alt=\"\" style=\"max-width:150px;max-height:150px;\" srcset=\"https:\/\/somosdelprieto.com\/wp-content\/uploads\/2026\/01\/WhatsApp-Image-2026-01-02-at-18.22.36-150x150.jpeg 150w, https:\/\/somosdelprieto.com\/wp-content\/uploads\/2026\/01\/WhatsApp-Image-2026-01-02-at-18.22.36-100x100.jpeg 100w\" sizes=\"auto, 100vw\" \/><\/div><a class=\"wp-block-latest-posts__post-title\" href=\"https:\/\/somosdelprieto.com\/index.php\/2026\/01\/02\/encuentro-literario-con-la-escritora-carla-montero\/\">ENCUENTRO LITERARIO CON LA ESCRITORA CARLA MONTERO<\/a><div class=\"wp-block-latest-posts__post-author\">por Ana Rosa Antequera Torres<\/div><time datetime=\"2026-01-02T19:41:21+01:00\" class=\"wp-block-latest-posts__post-date\">2 enero, 2026<\/time><div class=\"wp-block-latest-posts__post-excerpt\">El pasado 11 de diciembre tuvimos el privilegio de tener en la biblioteca del IES Gregorio Prieto a la escritora Carla Montero, una de las escritoras m\u00e1s le\u00eddas de la narrativa contempor\u00e1nea. La charla se encuadra dentro del Proyecto de Innovaci\u00f3n \u00abLa mujer en la bodega\u00bb donde colaboramos los departamentos de Industrias Alimentarias y Lengua &hellip; <p class=\"link-more\"><a href=\"https:\/\/somosdelprieto.com\/index.php\/2026\/01\/02\/encuentro-literario-con-la-escritora-carla-montero\/\" class=\"more-link\">Continuar leyendo<span class=\"screen-reader-text\"> \u00abENCUENTRO LITERARIO CON LA ESCRITORA CARLA MONTERO\u00bb<\/span><\/a><\/p><\/div><\/li>\n<li><div class=\"wp-block-latest-posts__featured-image aligncenter\"><img loading=\"lazy\" decoding=\"async\" width=\"150\" height=\"150\" src=\"https:\/\/somosdelprieto.com\/wp-content\/uploads\/2025\/05\/1747383968740-150x150.jpg\" class=\"attachment-thumbnail size-thumbnail wp-post-image\" alt=\"\" style=\"max-width:150px;max-height:150px;\" srcset=\"https:\/\/somosdelprieto.com\/wp-content\/uploads\/2025\/05\/1747383968740-150x150.jpg 150w, https:\/\/somosdelprieto.com\/wp-content\/uploads\/2025\/05\/1747383968740-100x100.jpg 100w\" sizes=\"auto, 100vw\" \/><\/div><a class=\"wp-block-latest-posts__post-title\" href=\"https:\/\/somosdelprieto.com\/index.php\/2025\/05\/16\/cristina-lopez-barrio-en-la-biblioteca-del-ies-gregorio-prieto\/\">CRISTINA L\u00d3PEZ BARRIO EN LA BIBLIOTECA DEL IES GREGORIO PRIETO<\/a><div class=\"wp-block-latest-posts__post-author\">por Ana Rosa Antequera Torres<\/div><time datetime=\"2025-05-16T10:33:29+02:00\" class=\"wp-block-latest-posts__post-date\">16 mayo, 2025<\/time><div class=\"wp-block-latest-posts__post-excerpt\">El pasado 31 de marzo la escritora Cristina L\u00f3pez Barrio visit\u00f3 nuestro centro para hablar con nuestro alumnado de 2\u00ba de Bachillerato sobre su \u00faltima novela La tierra bajo tus pies, ganadora del Premio Azor\u00edn de Novela en 2024. Nuestros estudiantes hicieron preguntas sobre el proceso creativo y sobre los temas que trata la novela, &hellip; <p class=\"link-more\"><a href=\"https:\/\/somosdelprieto.com\/index.php\/2025\/05\/16\/cristina-lopez-barrio-en-la-biblioteca-del-ies-gregorio-prieto\/\" class=\"more-link\">Continuar leyendo<span class=\"screen-reader-text\"> \u00abCRISTINA L\u00d3PEZ BARRIO EN LA BIBLIOTECA DEL IES GREGORIO PRIETO\u00bb<\/span><\/a><\/p><\/div><\/li>\n<li><div class=\"wp-block-latest-posts__featured-image aligncenter\"><img loading=\"lazy\" decoding=\"async\" width=\"150\" height=\"150\" src=\"https:\/\/somosdelprieto.com\/wp-content\/uploads\/2025\/03\/WhatsApp-Image-2025-03-13-at-17.26.07-150x150.jpeg\" class=\"attachment-thumbnail size-thumbnail wp-post-image\" alt=\"\" style=\"max-width:150px;max-height:150px;\" srcset=\"https:\/\/somosdelprieto.com\/wp-content\/uploads\/2025\/03\/WhatsApp-Image-2025-03-13-at-17.26.07-150x150.jpeg 150w, https:\/\/somosdelprieto.com\/wp-content\/uploads\/2025\/03\/WhatsApp-Image-2025-03-13-at-17.26.07-100x100.jpeg 100w\" sizes=\"auto, 100vw\" \/><\/div><a class=\"wp-block-latest-posts__post-title\" href=\"https:\/\/somosdelprieto.com\/index.php\/2025\/03\/13\/personajes-femeninos-en-la-literatura-universal\/\">PERSONAJES FEMENINOS EN LA LITERATURA UNIVERSAL<\/a><div class=\"wp-block-latest-posts__post-author\">por Ana Rosa Antequera Torres<\/div><time datetime=\"2025-03-13T17:23:22+01:00\" class=\"wp-block-latest-posts__post-date\">13 marzo, 2025<\/time><div class=\"wp-block-latest-posts__post-excerpt\">El alumnado de 2\u00ba de ESO ha investigado esta semana sobre distintos personajes femeninos claves en nuestra tradici\u00f3n literaria como Madame Bovary, Julieta, Do\u00f1a In\u00e9s, Sherezade, Dulcinea del Toboso, etc. Han localizado im\u00e1genes, han descrito al personaje, han le\u00eddo fragmentos donde se habla de ellas o donde hablan ellas y han analizado la importancia de &hellip; <p class=\"link-more\"><a href=\"https:\/\/somosdelprieto.com\/index.php\/2025\/03\/13\/personajes-femeninos-en-la-literatura-universal\/\" class=\"more-link\">Continuar leyendo<span class=\"screen-reader-text\"> \u00abPERSONAJES FEMENINOS EN LA LITERATURA UNIVERSAL\u00bb<\/span><\/a><\/p><\/div><\/li>\n<li><div class=\"wp-block-latest-posts__featured-image aligncenter\"><img loading=\"lazy\" decoding=\"async\" width=\"150\" height=\"150\" src=\"https:\/\/somosdelprieto.com\/wp-content\/uploads\/2024\/09\/Diseno-sin-titulo-150x150.png\" class=\"attachment-thumbnail size-thumbnail wp-post-image\" alt=\"\" style=\"max-width:150px;max-height:150px;\" srcset=\"https:\/\/somosdelprieto.com\/wp-content\/uploads\/2024\/09\/Diseno-sin-titulo-150x150.png 150w, https:\/\/somosdelprieto.com\/wp-content\/uploads\/2024\/09\/Diseno-sin-titulo-100x100.png 100w\" sizes=\"auto, 100vw\" \/><\/div><a class=\"wp-block-latest-posts__post-title\" href=\"https:\/\/somosdelprieto.com\/index.php\/2024\/09\/28\/club-de-lectura-gregorio-prieto\/\">CLUB DE LECTURA GREGORIO PRIETO<\/a><div class=\"wp-block-latest-posts__post-author\">por Ana Rosa Antequera Torres<\/div><time datetime=\"2024-09-28T19:51:13+02:00\" class=\"wp-block-latest-posts__post-date\">28 septiembre, 2024<\/time><div class=\"wp-block-latest-posts__post-excerpt\">El pr\u00f3ximo mes de octubre pondremos en marcha el Club de Lectura. Est\u00e1 abierto a todo el profesorado, a padres y madres, alumnado en general, tambi\u00e9n a antiguos alumnos\/as y profesores que quieran compartir la experiencia lectora y tratar temas que surjan de la misma. Nos reuniremos el \u00faltimo jueves de cada mes a las &hellip; <p class=\"link-more\"><a href=\"https:\/\/somosdelprieto.com\/index.php\/2024\/09\/28\/club-de-lectura-gregorio-prieto\/\" class=\"more-link\">Continuar leyendo<span class=\"screen-reader-text\"> \u00abCLUB DE LECTURA GREGORIO PRIETO\u00bb<\/span><\/a><\/p><\/div><\/li>\n<\/ul>","protected":false},"excerpt":{"rendered":"<p>PLAN DE LECTURA DEL IES GREGORIO PRIETO<\/p>\n","protected":false},"author":34,"featured_media":9996,"parent":0,"menu_order":0,"comment_status":"closed","ping_status":"closed","template":"","meta":{"footnotes":""},"class_list":["post-9503","page","type-page","status-publish","has-post-thumbnail","hentry"],"_links":{"self":[{"href":"https:\/\/somosdelprieto.com\/index.php\/wp-json\/wp\/v2\/pages\/9503","targetHints":{"allow":["GET"]}}],"collection":[{"href":"https:\/\/somosdelprieto.com\/index.php\/wp-json\/wp\/v2\/pages"}],"about":[{"href":"https:\/\/somosdelprieto.com\/index.php\/wp-json\/wp\/v2\/types\/page"}],"author":[{"embeddable":true,"href":"https:\/\/somosdelprieto.com\/index.php\/wp-json\/wp\/v2\/users\/34"}],"replies":[{"embeddable":true,"href":"https:\/\/somosdelprieto.com\/index.php\/wp-json\/wp\/v2\/comments?post=9503"}],"version-history":[{"count":6,"href":"https:\/\/somosdelprieto.com\/index.php\/wp-json\/wp\/v2\/pages\/9503\/revisions"}],"predecessor-version":[{"id":12849,"href":"https:\/\/somosdelprieto.com\/index.php\/wp-json\/wp\/v2\/pages\/9503\/revisions\/12849"}],"wp:featuredmedia":[{"embeddable":true,"href":"https:\/\/somosdelprieto.com\/index.php\/wp-json\/wp\/v2\/media\/9996"}],"wp:attachment":[{"href":"https:\/\/somosdelprieto.com\/index.php\/wp-json\/wp\/v2\/media?parent=9503"}],"curies":[{"name":"wp","href":"https:\/\/api.w.org\/{rel}","templated":true}]}}

<p class="has-vivid-cyan-blue-color has-text-color" style="font-size:30px"><strong><a rel="noreferrer noopener" href="https://drive.google.com/file/d/1oEg1Ob-iQzDtl6ODz9LjztvuGUa4pxSk/view?usp=sharing" target="_blank">PLAN DE LECTUR</a><a href="https://drive.google.com/file/d/1oEg1Ob-iQzDtl6ODz9LjztvuGUa4pxSk/view?usp=sharing" target="_blank" rel="noreferrer noopener">A</a><a rel="noreferrer noopener" href="https://drive.google.com/file/d/1oEg1Ob-iQzDtl6ODz9LjztvuGUa4pxSk/view?usp=sharing" target="_blank"> DEL IES GREGORIO PRIETO</a></strong></p>



<p></p>


<ul class="wp-block-latest-posts__list has-dates has-author wp-block-latest-posts"><li><div class="wp-block-latest-posts__featured-image aligncenter"><img loading="lazy" decoding="async" width="150" height="150" src="https://somosdelprieto.com/wp-content/uploads/2026/01/1768554970454-150x150.jpg" class="attachment-thumbnail size-thumbnail wp-post-image" alt="" style="max-width:150px;max-height:150px;" srcset="https://somosdelprieto.com/wp-content/uploads/2026/01/1768554970454-150x150.jpg 150w, https://somosdelprieto.com/wp-content/uploads/2026/01/1768554970454-100x100.jpg 100w" sizes="auto, 100vw" /></div><a class="wp-block-latest-posts__post-title" href="https://somosdelprieto.com/index.php/2026/01/16/encuentro-literario-con-el-escritor-y-guionista-santiago-diaz/">ENCUENTRO LITERARIO CON EL ESCRITOR Y GUIONISTA SANTIAGO DÍAZ</a><div class="wp-block-latest-posts__post-author">por Ana Rosa Antequera Torres</div><time datetime="2026-01-16T10:54:37+01:00" class="wp-block-latest-posts__post-date">16 enero, 2026</time><div class="wp-block-latest-posts__post-excerpt">El IES Gregorio Prieto ha recibido este jueves 15 de enero la visita del conocido escritor y guionista de cine y televisión Santiago Díaz. La charla en esta ocasión ha estado dirigida al alumnado de Bachillerato. Este encuentro literario forma parte del Plan de Lectura del IES, por el que seguimos apostando por que los &hellip; <p class="link-more"><a href="https://somosdelprieto.com/index.php/2026/01/16/encuentro-literario-con-el-escritor-y-guionista-santiago-diaz/" class="more-link">Continuar leyendo<span class="screen-reader-text"> «ENCUENTRO LITERARIO CON EL ESCRITOR Y GUIONISTA SANTIAGO DÍAZ»</span></a></p></div></li>
<li><div class="wp-block-latest-posts__featured-image aligncenter"><img loading="lazy" decoding="async" width="150" height="150" src="https://somosdelprieto.com/wp-content/uploads/2026/01/WhatsApp-Image-2026-01-02-at-18.22.36-150x150.jpeg" class="attachment-thumbnail size-thumbnail wp-post-image" alt="" style="max-width:150px;max-height:150px;" srcset="https://somosdelprieto.com/wp-content/uploads/2026/01/WhatsApp-Image-2026-01-02-at-18.22.36-150x150.jpeg 150w, https://somosdelprieto.com/wp-content/uploads/2026/01/WhatsApp-Image-2026-01-02-at-18.22.36-100x100.jpeg 100w" sizes="auto, 100vw" /></div><a class="wp-block-latest-posts__post-title" href="https://somosdelprieto.com/index.php/2026/01/02/encuentro-literario-con-la-escritora-carla-montero/">ENCUENTRO LITERARIO CON LA ESCRITORA CARLA MONTERO</a><div class="wp-block-latest-posts__post-author">por Ana Rosa Antequera Torres</div><time datetime="2026-01-02T19:41:21+01:00" class="wp-block-latest-posts__post-date">2 enero, 2026</time><div class="wp-block-latest-posts__post-excerpt">El pasado 11 de diciembre tuvimos el privilegio de tener en la biblioteca del IES Gregorio Prieto a la escritora Carla Montero, una de las escritoras más leídas de la narrativa contemporánea. La charla se encuadra dentro del Proyecto de Innovación «La mujer en la bodega» donde colaboramos los departamentos de Industrias Alimentarias y Lengua &hellip; <p class="link-more"><a href="https://somosdelprieto.com/index.php/2026/01/02/encuentro-literario-con-la-escritora-carla-montero/" class="more-link">Continuar leyendo<span class="screen-reader-text"> «ENCUENTRO LITERARIO CON LA ESCRITORA CARLA MONTERO»</span></a></p></div></li>
<li><div class="wp-block-latest-posts__featured-image aligncenter"><img loading="lazy" decoding="async" width="150" height="150" src="https://somosdelprieto.com/wp-content/uploads/2025/05/1747383968740-150x150.jpg" class="attachment-thumbnail size-thumbnail wp-post-image" alt="" style="max-width:150px;max-height:150px;" srcset="https://somosdelprieto.com/wp-content/uploads/2025/05/1747383968740-150x150.jpg 150w, https://somosdelprieto.com/wp-content/uploads/2025/05/1747383968740-100x100.jpg 100w" sizes="auto, 100vw" /></div><a class="wp-block-latest-posts__post-title" href="https://somosdelprieto.com/index.php/2025/05/16/cristina-lopez-barrio-en-la-biblioteca-del-ies-gregorio-prieto/">CRISTINA LÓPEZ BARRIO EN LA BIBLIOTECA DEL IES GREGORIO PRIETO</a><div class="wp-block-latest-posts__post-author">por Ana Rosa Antequera Torres</div><time datetime="2025-05-16T10:33:29+02:00" class="wp-block-latest-posts__post-date">16 mayo, 2025</time><div class="wp-block-latest-posts__post-excerpt">El pasado 31 de marzo la escritora Cristina López Barrio visitó nuestro centro para hablar con nuestro alumnado de 2º de Bachillerato sobre su última novela La tierra bajo tus pies, ganadora del Premio Azorín de Novela en 2024. Nuestros estudiantes hicieron preguntas sobre el proceso creativo y sobre los temas que trata la novela, &hellip; <p class="link-more"><a href="https://somosdelprieto.com/index.php/2025/05/16/cristina-lopez-barrio-en-la-biblioteca-del-ies-gregorio-prieto/" class="more-link">Continuar leyendo<span class="screen-reader-text"> «CRISTINA LÓPEZ BARRIO EN LA BIBLIOTECA DEL IES GREGORIO PRIETO»</span></a></p></div></li>
<li><div class="wp-block-latest-posts__featured-image aligncenter"><img loading="lazy" decoding="async" width="150" height="150" src="https://somosdelprieto.com/wp-content/uploads/2025/03/WhatsApp-Image-2025-03-13-at-17.26.07-150x150.jpeg" class="attachment-thumbnail size-thumbnail wp-post-image" alt="" style="max-width:150px;max-height:150px;" srcset="https://somosdelprieto.com/wp-content/uploads/2025/03/WhatsApp-Image-2025-03-13-at-17.26.07-150x150.jpeg 150w, https://somosdelprieto.com/wp-content/uploads/2025/03/WhatsApp-Image-2025-03-13-at-17.26.07-100x100.jpeg 100w" sizes="auto, 100vw" /></div><a class="wp-block-latest-posts__post-title" href="https://somosdelprieto.com/index.php/2025/03/13/personajes-femeninos-en-la-literatura-universal/">PERSONAJES FEMENINOS EN LA LITERATURA UNIVERSAL</a><div class="wp-block-latest-posts__post-author">por Ana Rosa Antequera Torres</div><time datetime="2025-03-13T17:23:22+01:00" class="wp-block-latest-posts__post-date">13 marzo, 2025</time><div class="wp-block-latest-posts__post-excerpt">El alumnado de 2º de ESO ha investigado esta semana sobre distintos personajes femeninos claves en nuestra tradición literaria como Madame Bovary, Julieta, Doña Inés, Sherezade, Dulcinea del Toboso, etc. Han localizado imágenes, han descrito al personaje, han leído fragmentos donde se habla de ellas o donde hablan ellas y han analizado la importancia de &hellip; <p class="link-more"><a href="https://somosdelprieto.com/index.php/2025/03/13/personajes-femeninos-en-la-literatura-universal/" class="more-link">Continuar leyendo<span class="screen-reader-text"> «PERSONAJES FEMENINOS EN LA LITERATURA UNIVERSAL»</span></a></p></div></li>
<li><div class="wp-block-latest-posts__featured-image aligncenter"><img loading="lazy" decoding="async" width="150" height="150" src="https://somosdelprieto.com/wp-content/uploads/2024/09/Diseno-sin-titulo-150x150.png" class="attachment-thumbnail size-thumbnail wp-post-image" alt="" style="max-width:150px;max-height:150px;" srcset="https://somosdelprieto.com/wp-content/uploads/2024/09/Diseno-sin-titulo-150x150.png 150w, https://somosdelprieto.com/wp-content/uploads/2024/09/Diseno-sin-titulo-100x100.png 100w" sizes="auto, 100vw" /></div><a class="wp-block-latest-posts__post-title" href="https://somosdelprieto.com/index.php/2024/09/28/club-de-lectura-gregorio-prieto/">CLUB DE LECTURA GREGORIO PRIETO</a><div class="wp-block-latest-posts__post-author">por Ana Rosa Antequera Torres</div><time datetime="2024-09-28T19:51:13+02:00" class="wp-block-latest-posts__post-date">28 septiembre, 2024</time><div class="wp-block-latest-posts__post-excerpt">El próximo mes de octubre pondremos en marcha el Club de Lectura. Está abierto a todo el profesorado, a padres y madres, alumnado en general, también a antiguos alumnos/as y profesores que quieran compartir la experiencia lectora y tratar temas que surjan de la misma. Nos reuniremos el último jueves de cada mes a las &hellip; <p class="link-more"><a href="https://somosdelprieto.com/index.php/2024/09/28/club-de-lectura-gregorio-prieto/" class="more-link">Continuar leyendo<span class="screen-reader-text"> «CLUB DE LECTURA GREGORIO PRIETO»</span></a></p></div></li>
</ul>
