{"id":9020,"date":"2022-02-24T11:14:08","date_gmt":"2022-02-24T10:14:08","guid":{"rendered":"https:\/\/somosdelprieto.com\/?page_id=9020"},"modified":"2022-02-24T11:25:50","modified_gmt":"2022-02-24T10:25:50","slug":"participa-en-nuestro-concurso","status":"publish","type":"page","link":"https:\/\/somosdelprieto.com\/index.php\/participa-en-nuestro-concurso\/","title":{"rendered":"PARTICIPA EN NUESTRO CONCURSO:"},"content":{"rendered":"\n<p class=\"has-text-align-center has-pale-pink-color has-text-color has-medium-font-size\">MEJOR LOGO AULA DE EMPRENDIMIENTO<\/p>\n\n\n\n<div class=\"wp-block-image\"><figure class=\"aligncenter size-medium is-resized\"><img loading=\"lazy\" decoding=\"async\" src=\"https:\/\/somosdelprieto.com\/wp-content\/uploads\/2022\/02\/CARTEL-CONCURSO-LOGO-JPG-1-212x300.jpg\" alt=\"\" class=\"wp-image-9021\" width=\"159\" height=\"225\" srcset=\"https:\/\/somosdelprieto.com\/wp-content\/uploads\/2022\/02\/CARTEL-CONCURSO-LOGO-JPG-1-212x300.jpg 212w, https:\/\/somosdelprieto.com\/wp-content\/uploads\/2022\/02\/CARTEL-CONCURSO-LOGO-JPG-1-724x1024.jpg 724w, https:\/\/somosdelprieto.com\/wp-content\/uploads\/2022\/02\/CARTEL-CONCURSO-LOGO-JPG-1-768x1087.jpg 768w, https:\/\/somosdelprieto.com\/wp-content\/uploads\/2022\/02\/CARTEL-CONCURSO-LOGO-JPG-1-1085x1536.jpg 1085w, https:\/\/somosdelprieto.com\/wp-content\/uploads\/2022\/02\/CARTEL-CONCURSO-LOGO-JPG-1.jpg 1240w\" sizes=\"auto, (max-width: 159px) 100vw, 159px\" \/><\/figure><\/div>\n\n\n\n<p><strong>BASES CONCURSO MEJOR<\/strong><strong> <\/strong><strong>LOGO AULA DE EMPRENDIMIENTO 2022<\/strong><\/p>\n\n\n\n<p>CONCURSO MEJOR LOGO AULA DE EMPRENDIMIENTO 2022<\/p>\n\n\n\n<p>El Departamento de FOL del IES Gregorio Prieto de Valdepe\u00f1as (Ciudad Real) convoca el \u201cConcurso mejor logo aula de emprendimiento 2022\u201d dentro de la implantaci\u00f3n de Aulas Profesionales de Emprendimiento Castilla-La Mancha.<\/p>\n\n\n\n<h1 class=\"wp-block-heading\"><strong>1.&nbsp;&nbsp;&nbsp;&nbsp;&nbsp; <\/strong>Objetivos del concurso<\/h1>\n\n\n\n<ul class=\"wp-block-list\"><li>Estimular los valores emprendedores del alumnado.<ul><li>Fomentar el esp\u00edritu emprendedor y las iniciativas innovadoras como elementos de progreso.<\/li><\/ul><ul><li>Incentivar en el alumnado inquietudes relacionadas con la confianza, ilusi\u00f3n y creatividad.<\/li><\/ul><\/li><\/ul>\n\n\n\n<h1 class=\"wp-block-heading\"><strong>2.&nbsp;&nbsp;&nbsp;&nbsp;&nbsp; <\/strong>Participantes<\/h1>\n\n\n\n<ul class=\"wp-block-list\"><li>Podr\u00e1 participar en este concurso TODO EL ALUMNADO del centro, DE FORMA INDIVIDUAL.<\/li><\/ul>\n\n\n\n<h1 class=\"wp-block-heading\"><strong>3.&nbsp;&nbsp;&nbsp;&nbsp;&nbsp; <\/strong>Presentaci\u00f3n de logos<\/h1>\n\n\n\n<ul class=\"wp-block-list\"><li>La participaci\u00f3n en el concurso consistir\u00e1 en presentar un logo que identifique los objetivos y valores de aula de emprendimiento asociada a un signo o imagen gr\u00e1fica.<ul><li>Junto con tu logo debes adjuntar un anexo (de forma escrita o por medios audiovisuales) en el que expliques y expreses la conexi\u00f3n que tiene tu creaci\u00f3n con el aula de emprendimiento.<\/li><\/ul><\/li><\/ul>\n\n\n\n<h1 class=\"wp-block-heading\"><strong>4.&nbsp;&nbsp;&nbsp;&nbsp;&nbsp; <\/strong>Formato<\/h1>\n\n\n\n<ul class=\"wp-block-list\"><li>Imagen o figura en 3D. Los formatos de entrega ser\u00e1n:  \u201cjpg\u201d o \u201cpng\u201d<\/li><\/ul>\n\n\n\n<h1 class=\"wp-block-heading\"><strong>5.&nbsp;&nbsp;&nbsp;&nbsp;&nbsp; <\/strong>Plazos e Inscripci\u00f3n<\/h1>\n\n\n\n<ul class=\"wp-block-list\"><li>El plazo m\u00e1ximo para la inscripci\u00f3n ser\u00e1 el 11 de marzo y el env\u00edo por correo electr\u00f3nico de los &nbsp;&nbsp;logos el 1 de abril.<ul><li>Para inscribirte, env\u00eda un <strong><u>correo electr\u00f3nico<\/u><\/strong> a <a href=\"mailto:fol@iesgregorioprieto.com\">fol@iesgregorioprieto.com<\/a>.<\/li><\/ul><\/li><\/ul>\n\n\n\n<p>En el asunto debes indicar: CONCURSO LOGO<\/p>\n\n\n\n<p>En el cuerpo del correo TU NOMBRE Y APELLIDOS, GRUPO AL QUE PERTENECES y NOMBRE DE TU LOGO<\/p>\n\n\n\n<ul class=\"wp-block-list\"><li>Se enviar\u00e1 al correo <a href=\"mailto:fol@iesgregorioprieto.com\">fol@iesgregorioprieto.com<\/a>.<\/li><\/ul>\n\n\n\n<h1 class=\"wp-block-heading\"><strong>6.&nbsp;&nbsp;&nbsp;&nbsp;&nbsp; <\/strong>Criterios de valoraci\u00f3n<\/h1>\n\n\n\n<ul class=\"wp-block-list\"><li>Innovaci\u00f3n y la creatividad<ul><li>Capacidad de comunicaci\u00f3n del alumnado en la presentaci\u00f3n de su logo.<\/li><\/ul><\/li><\/ul>\n\n\n\n<h1 class=\"wp-block-heading\"><strong>7.&nbsp;&nbsp;&nbsp;&nbsp;&nbsp; <\/strong>Premios<\/h1>\n\n\n\n<ul class=\"wp-block-list\"><li>Primer premio<ul><li>Segundo premio<\/li><\/ul><ul><li>Tercer premio<\/li><\/ul><\/li><\/ul>\n\n\n\n<h1 class=\"wp-block-heading\"><strong>8.&nbsp;&nbsp;&nbsp;&nbsp;&nbsp; <\/strong>Jurado<\/h1>\n\n\n\n<ul class=\"wp-block-list\"><li>El jurado estar\u00e1 formado por el profesorado del departamento de FOL<\/li><\/ul>\n","protected":false},"excerpt":{"rendered":"<p>MEJOR LOGO AULA DE EMPRENDIMIENTO BASES CONCURSO MEJOR LOGO AULA DE EMPRENDIMIENTO 2022 CONCURSO MEJOR LOGO AULA DE EMPRENDIMIENTO 2022 El Departamento de FOL del IES Gregorio Prieto de Valdepe\u00f1as (Ciudad Real) convoca el \u201cConcurso mejor logo aula de emprendimiento 2022\u201d dentro de la implantaci\u00f3n de Aulas Profesionales de Emprendimiento Castilla-La Mancha. 1.&nbsp;&nbsp;&nbsp;&nbsp;&nbsp; Objetivos del &hellip; <\/p>\n<p class=\"link-more\"><a href=\"https:\/\/somosdelprieto.com\/index.php\/participa-en-nuestro-concurso\/\" class=\"more-link\">Continuar leyendo<span class=\"screen-reader-text\"> \u00abPARTICIPA EN NUESTRO CONCURSO:\u00bb<\/span><\/a><\/p>\n","protected":false},"author":30,"featured_media":0,"parent":0,"menu_order":0,"comment_status":"closed","ping_status":"closed","template":"","meta":{"footnotes":""},"class_list":["post-9020","page","type-page","status-publish","hentry"],"_links":{"self":[{"href":"https:\/\/somosdelprieto.com\/index.php\/wp-json\/wp\/v2\/pages\/9020","targetHints":{"allow":["GET"]}}],"collection":[{"href":"https:\/\/somosdelprieto.com\/index.php\/wp-json\/wp\/v2\/pages"}],"about":[{"href":"https:\/\/somosdelprieto.com\/index.php\/wp-json\/wp\/v2\/types\/page"}],"author":[{"embeddable":true,"href":"https:\/\/somosdelprieto.com\/index.php\/wp-json\/wp\/v2\/users\/30"}],"replies":[{"embeddable":true,"href":"https:\/\/somosdelprieto.com\/index.php\/wp-json\/wp\/v2\/comments?post=9020"}],"version-history":[{"count":5,"href":"https:\/\/somosdelprieto.com\/index.php\/wp-json\/wp\/v2\/pages\/9020\/revisions"}],"predecessor-version":[{"id":9573,"href":"https:\/\/somosdelprieto.com\/index.php\/wp-json\/wp\/v2\/pages\/9020\/revisions\/9573"}],"wp:attachment":[{"href":"https:\/\/somosdelprieto.com\/index.php\/wp-json\/wp\/v2\/media?parent=9020"}],"curies":[{"name":"wp","href":"https:\/\/api.w.org\/{rel}","templated":true}]}}

<p class="has-text-align-center has-pale-pink-color has-text-color has-medium-font-size">MEJOR LOGO AULA DE EMPRENDIMIENTO</p>



<div class="wp-block-image"><figure class="aligncenter size-medium is-resized"><img loading="lazy" decoding="async" src="https://somosdelprieto.com/wp-content/uploads/2022/02/CARTEL-CONCURSO-LOGO-JPG-1-212x300.jpg" alt="" class="wp-image-9021" width="159" height="225" srcset="https://somosdelprieto.com/wp-content/uploads/2022/02/CARTEL-CONCURSO-LOGO-JPG-1-212x300.jpg 212w, https://somosdelprieto.com/wp-content/uploads/2022/02/CARTEL-CONCURSO-LOGO-JPG-1-724x1024.jpg 724w, https://somosdelprieto.com/wp-content/uploads/2022/02/CARTEL-CONCURSO-LOGO-JPG-1-768x1087.jpg 768w, https://somosdelprieto.com/wp-content/uploads/2022/02/CARTEL-CONCURSO-LOGO-JPG-1-1085x1536.jpg 1085w, https://somosdelprieto.com/wp-content/uploads/2022/02/CARTEL-CONCURSO-LOGO-JPG-1.jpg 1240w" sizes="auto, (max-width: 159px) 100vw, 159px" /></figure></div>



<p><strong>BASES CONCURSO MEJOR</strong><strong> </strong><strong>LOGO AULA DE EMPRENDIMIENTO 2022</strong></p>



<p>CONCURSO MEJOR LOGO AULA DE EMPRENDIMIENTO 2022</p>



<p>El Departamento de FOL del IES Gregorio Prieto de Valdepeñas (Ciudad Real) convoca el “Concurso mejor logo aula de emprendimiento 2022” dentro de la implantación de Aulas Profesionales de Emprendimiento Castilla-La Mancha.</p>



<h1 class="wp-block-heading"><strong>1.&nbsp;&nbsp;&nbsp;&nbsp;&nbsp; </strong>Objetivos del concurso</h1>



<ul class="wp-block-list"><li>Estimular los valores emprendedores del alumnado.<ul><li>Fomentar el espíritu emprendedor y las iniciativas innovadoras como elementos de progreso.</li></ul><ul><li>Incentivar en el alumnado inquietudes relacionadas con la confianza, ilusión y creatividad.</li></ul></li></ul>



<h1 class="wp-block-heading"><strong>2.&nbsp;&nbsp;&nbsp;&nbsp;&nbsp; </strong>Participantes</h1>



<ul class="wp-block-list"><li>Podrá participar en este concurso TODO EL ALUMNADO del centro, DE FORMA INDIVIDUAL.</li></ul>



<h1 class="wp-block-heading"><strong>3.&nbsp;&nbsp;&nbsp;&nbsp;&nbsp; </strong>Presentación de logos</h1>



<ul class="wp-block-list"><li>La participación en el concurso consistirá en presentar un logo que identifique los objetivos y valores de aula de emprendimiento asociada a un signo o imagen gráfica.<ul><li>Junto con tu logo debes adjuntar un anexo (de forma escrita o por medios audiovisuales) en el que expliques y expreses la conexión que tiene tu creación con el aula de emprendimiento.</li></ul></li></ul>



<h1 class="wp-block-heading"><strong>4.&nbsp;&nbsp;&nbsp;&nbsp;&nbsp; </strong>Formato</h1>



<ul class="wp-block-list"><li>Imagen o figura en 3D. Los formatos de entrega serán:  “jpg” o “png”</li></ul>



<h1 class="wp-block-heading"><strong>5.&nbsp;&nbsp;&nbsp;&nbsp;&nbsp; </strong>Plazos e Inscripción</h1>



<ul class="wp-block-list"><li>El plazo máximo para la inscripción será el 11 de marzo y el envío por correo electrónico de los &nbsp;&nbsp;logos el 1 de abril.<ul><li>Para inscribirte, envía un <strong><u>correo electrónico</u></strong> a <a href="mailto:fol@iesgregorioprieto.com">fol@iesgregorioprieto.com</a>.</li></ul></li></ul>



<p>En el asunto debes indicar: CONCURSO LOGO</p>



<p>En el cuerpo del correo TU NOMBRE Y APELLIDOS, GRUPO AL QUE PERTENECES y NOMBRE DE TU LOGO</p>



<ul class="wp-block-list"><li>Se enviará al correo <a href="mailto:fol@iesgregorioprieto.com">fol@iesgregorioprieto.com</a>.</li></ul>



<h1 class="wp-block-heading"><strong>6.&nbsp;&nbsp;&nbsp;&nbsp;&nbsp; </strong>Criterios de valoración</h1>



<ul class="wp-block-list"><li>Innovación y la creatividad<ul><li>Capacidad de comunicación del alumnado en la presentación de su logo.</li></ul></li></ul>



<h1 class="wp-block-heading"><strong>7.&nbsp;&nbsp;&nbsp;&nbsp;&nbsp; </strong>Premios</h1>



<ul class="wp-block-list"><li>Primer premio<ul><li>Segundo premio</li></ul><ul><li>Tercer premio</li></ul></li></ul>



<h1 class="wp-block-heading"><strong>8.&nbsp;&nbsp;&nbsp;&nbsp;&nbsp; </strong>Jurado</h1>



<ul class="wp-block-list"><li>El jurado estará formado por el profesorado del departamento de FOL</li></ul>

<p>MEJOR LOGO AULA DE EMPRENDIMIENTO BASES CONCURSO MEJOR LOGO AULA DE EMPRENDIMIENTO 2022 CONCURSO MEJOR LOGO AULA DE EMPRENDIMIENTO 2022 El Departamento de FOL del IES Gregorio Prieto de Valdepeñas (Ciudad Real) convoca el “Concurso mejor logo aula de emprendimiento 2022” dentro de la implantación de Aulas Profesionales de Emprendimiento Castilla-La Mancha. 1.&nbsp;&nbsp;&nbsp;&nbsp;&nbsp; Objetivos del &hellip; </p>
<p class="link-more"><a href="https://somosdelprieto.com/index.php/participa-en-nuestro-concurso/" class="more-link">Continuar leyendo<span class="screen-reader-text"> «PARTICIPA EN NUESTRO CONCURSO:»</span></a></p>
