{"id":8878,"date":"2022-02-04T12:18:32","date_gmt":"2022-02-04T11:18:32","guid":{"rendered":"https:\/\/somosdelprieto.com\/?page_id=8878"},"modified":"2022-02-11T17:43:39","modified_gmt":"2022-02-11T16:43:39","slug":"galeria-de-imagenes","status":"publish","type":"page","link":"https:\/\/somosdelprieto.com\/index.php\/galeria-de-imagenes\/","title":{"rendered":"GALER\u00cdA DE IM\u00c1GENES"},"content":{"rendered":"\n<p><a rel=\"noreferrer noopener\" href=\"https:\/\/somosdelprieto.com\/?page_id=8871\" target=\"_blank\">CAF\u00c9 DE EMPRENDEDORES<\/a><\/p>\n\n\n\n<figure class=\"wp-block-image size-medium is-style-rounded\"><a href=\"https:\/\/somosdelprieto.com\/?page_id=8871\" target=\"_blank\" rel=\"noopener\"><img loading=\"lazy\" decoding=\"async\" width=\"300\" height=\"135\" src=\"https:\/\/somosdelprieto.com\/wp-content\/uploads\/2022\/02\/CAFE-EMPRENDEDORES-AUTOMOCION-1-300x135.jpeg\" alt=\"\" class=\"wp-image-8881\" srcset=\"https:\/\/somosdelprieto.com\/wp-content\/uploads\/2022\/02\/CAFE-EMPRENDEDORES-AUTOMOCION-1-300x135.jpeg 300w, https:\/\/somosdelprieto.com\/wp-content\/uploads\/2022\/02\/CAFE-EMPRENDEDORES-AUTOMOCION-1-1024x461.jpeg 1024w, https:\/\/somosdelprieto.com\/wp-content\/uploads\/2022\/02\/CAFE-EMPRENDEDORES-AUTOMOCION-1-768x346.jpeg 768w, https:\/\/somosdelprieto.com\/wp-content\/uploads\/2022\/02\/CAFE-EMPRENDEDORES-AUTOMOCION-1-1536x691.jpeg 1536w, https:\/\/somosdelprieto.com\/wp-content\/uploads\/2022\/02\/CAFE-EMPRENDEDORES-AUTOMOCION-1.jpeg 2000w\" sizes=\"auto, (max-width: 300px) 100vw, 300px\" \/><\/a><\/figure>\n\n\n\n<p><a rel=\"noreferrer noopener\" href=\"https:\/\/somosdelprieto.com\/index.php\/galeria-de-imagenes-asi-se-trabaja-en-nuestro-ape\/\" target=\"_blank\">AS\u00cd TRABAJAMOS EN NUESTRO APE<\/a><\/p>\n\n\n\n<figure class=\"wp-block-image size-medium is-style-rounded\"><a href=\"https:\/\/somosdelprieto.com\/index.php\/galeria-de-imagenes-asi-se-trabaja-en-nuestro-ape\/\"><img loading=\"lazy\" decoding=\"async\" width=\"300\" height=\"225\" src=\"https:\/\/somosdelprieto.com\/wp-content\/uploads\/2022\/01\/WhatsApp-Image-2021-10-29-at-09.41.34-4-300x225.jpeg\" alt=\"\" class=\"wp-image-8660\" srcset=\"https:\/\/somosdelprieto.com\/wp-content\/uploads\/2022\/01\/WhatsApp-Image-2021-10-29-at-09.41.34-4-300x225.jpeg 300w, https:\/\/somosdelprieto.com\/wp-content\/uploads\/2022\/01\/WhatsApp-Image-2021-10-29-at-09.41.34-4-1024x769.jpeg 1024w, https:\/\/somosdelprieto.com\/wp-content\/uploads\/2022\/01\/WhatsApp-Image-2021-10-29-at-09.41.34-4-768x576.jpeg 768w, https:\/\/somosdelprieto.com\/wp-content\/uploads\/2022\/01\/WhatsApp-Image-2021-10-29-at-09.41.34-4-1536x1153.jpeg 1536w, https:\/\/somosdelprieto.com\/wp-content\/uploads\/2022\/01\/WhatsApp-Image-2021-10-29-at-09.41.34-4.jpeg 1600w\" sizes=\"auto, (max-width: 300px) 100vw, 300px\" \/><\/a><\/figure>\n\n\n\n<p><a rel=\"noreferrer noopener\" href=\"https:\/\/somosdelprieto.com\/index.php\/inauguracion-del-aula-de-emprendimiento-con-el-profesorado-del-centro\/\" target=\"_blank\">INAUGURACI\u00d3N DEL AULA<\/a><\/p>\n\n\n\n<figure class=\"wp-block-image size-medium is-style-rounded\"><a href=\"https:\/\/somosdelprieto.com\/index.php\/inauguracion-del-aula-de-emprendimiento-con-el-profesorado-del-centro\/\"><img loading=\"lazy\" decoding=\"async\" width=\"300\" height=\"135\" src=\"https:\/\/somosdelprieto.com\/wp-content\/uploads\/2022\/01\/IMG_20211203_114557-300x135.jpg\" alt=\"\" class=\"wp-image-8642\" srcset=\"https:\/\/somosdelprieto.com\/wp-content\/uploads\/2022\/01\/IMG_20211203_114557-300x135.jpg 300w, https:\/\/somosdelprieto.com\/wp-content\/uploads\/2022\/01\/IMG_20211203_114557-1024x461.jpg 1024w, https:\/\/somosdelprieto.com\/wp-content\/uploads\/2022\/01\/IMG_20211203_114557-768x346.jpg 768w, https:\/\/somosdelprieto.com\/wp-content\/uploads\/2022\/01\/IMG_20211203_114557-1536x691.jpg 1536w, https:\/\/somosdelprieto.com\/wp-content\/uploads\/2022\/01\/IMG_20211203_114557-2048x922.jpg 2048w\" sizes=\"auto, (max-width: 300px) 100vw, 300px\" \/><\/a><\/figure>\n\n\n\n<figure class=\"wp-block-video\"><video height=\"720\" style=\"aspect-ratio: 1280 \/ 720;\" width=\"1280\" controls src=\"https:\/\/somosdelprieto.com\/wp-content\/uploads\/2022\/02\/Quiero-lucir-mi-APE-4.mp4\"><\/video><figcaption>QUIERO LUCIR MI APE&#8230;<\/figcaption><\/figure>\n","protected":false},"excerpt":{"rendered":"<p>CAF\u00c9 DE EMPRENDEDORES AS\u00cd TRABAJAMOS EN NUESTRO APE INAUGURACI\u00d3N DEL AULA<\/p>\n","protected":false},"author":30,"featured_media":0,"parent":0,"menu_order":0,"comment_status":"closed","ping_status":"closed","template":"","meta":{"footnotes":""},"class_list":["post-8878","page","type-page","status-publish","hentry"],"_links":{"self":[{"href":"https:\/\/somosdelprieto.com\/index.php\/wp-json\/wp\/v2\/pages\/8878","targetHints":{"allow":["GET"]}}],"collection":[{"href":"https:\/\/somosdelprieto.com\/index.php\/wp-json\/wp\/v2\/pages"}],"about":[{"href":"https:\/\/somosdelprieto.com\/index.php\/wp-json\/wp\/v2\/types\/page"}],"author":[{"embeddable":true,"href":"https:\/\/somosdelprieto.com\/index.php\/wp-json\/wp\/v2\/users\/30"}],"replies":[{"embeddable":true,"href":"https:\/\/somosdelprieto.com\/index.php\/wp-json\/wp\/v2\/comments?post=8878"}],"version-history":[{"count":7,"href":"https:\/\/somosdelprieto.com\/index.php\/wp-json\/wp\/v2\/pages\/8878\/revisions"}],"predecessor-version":[{"id":13609,"href":"https:\/\/somosdelprieto.com\/index.php\/wp-json\/wp\/v2\/pages\/8878\/revisions\/13609"}],"wp:attachment":[{"href":"https:\/\/somosdelprieto.com\/index.php\/wp-json\/wp\/v2\/media?parent=8878"}],"curies":[{"name":"wp","href":"https:\/\/api.w.org\/{rel}","templated":true}]}}

GALERÍA DE IMÁGENES

<p><a rel="noreferrer noopener" href="https://somosdelprieto.com/?page_id=8871" target="_blank">CAFÉ DE EMPRENDEDORES</a></p>



<figure class="wp-block-image size-medium is-style-rounded"><a href="https://somosdelprieto.com/?page_id=8871" target="_blank" rel="noopener"><img loading="lazy" decoding="async" width="300" height="135" src="https://somosdelprieto.com/wp-content/uploads/2022/02/CAFE-EMPRENDEDORES-AUTOMOCION-1-300x135.jpeg" alt="" class="wp-image-8881" srcset="https://somosdelprieto.com/wp-content/uploads/2022/02/CAFE-EMPRENDEDORES-AUTOMOCION-1-300x135.jpeg 300w, https://somosdelprieto.com/wp-content/uploads/2022/02/CAFE-EMPRENDEDORES-AUTOMOCION-1-1024x461.jpeg 1024w, https://somosdelprieto.com/wp-content/uploads/2022/02/CAFE-EMPRENDEDORES-AUTOMOCION-1-768x346.jpeg 768w, https://somosdelprieto.com/wp-content/uploads/2022/02/CAFE-EMPRENDEDORES-AUTOMOCION-1-1536x691.jpeg 1536w, https://somosdelprieto.com/wp-content/uploads/2022/02/CAFE-EMPRENDEDORES-AUTOMOCION-1.jpeg 2000w" sizes="auto, (max-width: 300px) 100vw, 300px" /></a></figure>



<p><a rel="noreferrer noopener" href="https://somosdelprieto.com/index.php/galeria-de-imagenes-asi-se-trabaja-en-nuestro-ape/" target="_blank">ASÍ TRABAJAMOS EN NUESTRO APE</a></p>



<figure class="wp-block-image size-medium is-style-rounded"><a href="https://somosdelprieto.com/index.php/galeria-de-imagenes-asi-se-trabaja-en-nuestro-ape/"><img loading="lazy" decoding="async" width="300" height="225" src="https://somosdelprieto.com/wp-content/uploads/2022/01/WhatsApp-Image-2021-10-29-at-09.41.34-4-300x225.jpeg" alt="" class="wp-image-8660" srcset="https://somosdelprieto.com/wp-content/uploads/2022/01/WhatsApp-Image-2021-10-29-at-09.41.34-4-300x225.jpeg 300w, https://somosdelprieto.com/wp-content/uploads/2022/01/WhatsApp-Image-2021-10-29-at-09.41.34-4-1024x769.jpeg 1024w, https://somosdelprieto.com/wp-content/uploads/2022/01/WhatsApp-Image-2021-10-29-at-09.41.34-4-768x576.jpeg 768w, https://somosdelprieto.com/wp-content/uploads/2022/01/WhatsApp-Image-2021-10-29-at-09.41.34-4-1536x1153.jpeg 1536w, https://somosdelprieto.com/wp-content/uploads/2022/01/WhatsApp-Image-2021-10-29-at-09.41.34-4.jpeg 1600w" sizes="auto, (max-width: 300px) 100vw, 300px" /></a></figure>



<p><a rel="noreferrer noopener" href="https://somosdelprieto.com/index.php/inauguracion-del-aula-de-emprendimiento-con-el-profesorado-del-centro/" target="_blank">INAUGURACIÓN DEL AULA</a></p>



<figure class="wp-block-image size-medium is-style-rounded"><a href="https://somosdelprieto.com/index.php/inauguracion-del-aula-de-emprendimiento-con-el-profesorado-del-centro/"><img loading="lazy" decoding="async" width="300" height="135" src="https://somosdelprieto.com/wp-content/uploads/2022/01/IMG_20211203_114557-300x135.jpg" alt="" class="wp-image-8642" srcset="https://somosdelprieto.com/wp-content/uploads/2022/01/IMG_20211203_114557-300x135.jpg 300w, https://somosdelprieto.com/wp-content/uploads/2022/01/IMG_20211203_114557-1024x461.jpg 1024w, https://somosdelprieto.com/wp-content/uploads/2022/01/IMG_20211203_114557-768x346.jpg 768w, https://somosdelprieto.com/wp-content/uploads/2022/01/IMG_20211203_114557-1536x691.jpg 1536w, https://somosdelprieto.com/wp-content/uploads/2022/01/IMG_20211203_114557-2048x922.jpg 2048w" sizes="auto, (max-width: 300px) 100vw, 300px" /></a></figure>



<figure class="wp-block-video"><video height="720" style="aspect-ratio: 1280 / 720;" width="1280" controls src="https://somosdelprieto.com/wp-content/uploads/2022/02/Quiero-lucir-mi-APE-4.mp4"></video><figcaption>QUIERO LUCIR MI APE&#8230;</figcaption></figure>

<p>CAFÉ DE EMPRENDEDORES ASÍ TRABAJAMOS EN NUESTRO APE INAUGURACIÓN DEL AULA</p>
