{"id":8773,"date":"2022-01-29T00:15:23","date_gmt":"2022-01-28T23:15:23","guid":{"rendered":"https:\/\/somosdelprieto.com\/?page_id=8773"},"modified":"2024-04-25T09:28:22","modified_gmt":"2024-04-25T07:28:22","slug":"feria-de-formacion-profesional-dual","status":"publish","type":"page","link":"https:\/\/somosdelprieto.com\/index.php\/feria-de-formacion-profesional-dual\/","title":{"rendered":"FERIA DE FORMACI\u00d3N PROFESIONAL DUAL VIRTUAL"},"content":{"rendered":"\n<p>El pasado !8 de noviembre, el Club de Empleo del IES Gregorio Prieto tuvo la ocasi\u00f3n de participar en la II Edici\u00f3n de la Feria de FP Dual que, por segundo a\u00f1o, organiza la C\u00e1mara de Comercio de Ciudad Real de forma virtual.<\/p>\n\n\n\n<p>La participaci\u00f3n del Club tuvo lugar a trav\u00e9s de una mesa redonda donde se hablaba de los perfiles profesionales m\u00e1s demandados.<\/p>\n\n\n\n<p>Esperamos que nuestra participaci\u00f3n haya sido de utilidad para todo el p\u00fablico asistente.  <\/p>\n\n\n\n<figure class=\"wp-block-gallery has-nested-images columns-1 wp-block-gallery-1 is-layout-flex wp-block-gallery-is-layout-flex\">\n<figure class=\"wp-block-image size-thumbnail\"><img loading=\"lazy\" decoding=\"async\" width=\"150\" height=\"150\" data-id=\"8779\" src=\"https:\/\/somosdelprieto.com\/wp-content\/uploads\/2022\/01\/WhatsApp-Image-2022-01-28-at-23.31.36-4-150x150.jpeg\" alt=\"\" class=\"wp-image-8779\" srcset=\"https:\/\/somosdelprieto.com\/wp-content\/uploads\/2022\/01\/WhatsApp-Image-2022-01-28-at-23.31.36-4-150x150.jpeg 150w, https:\/\/somosdelprieto.com\/wp-content\/uploads\/2022\/01\/WhatsApp-Image-2022-01-28-at-23.31.36-4-100x100.jpeg 100w\" sizes=\"auto, (max-width: 150px) 100vw, 150px\" \/><\/figure>\n\n\n\n<figure class=\"wp-block-image size-thumbnail\"><img loading=\"lazy\" decoding=\"async\" width=\"150\" height=\"150\" data-id=\"8781\" src=\"https:\/\/somosdelprieto.com\/wp-content\/uploads\/2022\/01\/WhatsApp-Image-2022-01-28-at-23.31.36-3-1-150x150.jpeg\" alt=\"\" class=\"wp-image-8781\" srcset=\"https:\/\/somosdelprieto.com\/wp-content\/uploads\/2022\/01\/WhatsApp-Image-2022-01-28-at-23.31.36-3-1-150x150.jpeg 150w, https:\/\/somosdelprieto.com\/wp-content\/uploads\/2022\/01\/WhatsApp-Image-2022-01-28-at-23.31.36-3-1-100x100.jpeg 100w\" sizes=\"auto, (max-width: 150px) 100vw, 150px\" \/><\/figure>\n\n\n\n<figure class=\"wp-block-image size-thumbnail\"><img loading=\"lazy\" decoding=\"async\" width=\"150\" height=\"150\" data-id=\"8782\" src=\"https:\/\/somosdelprieto.com\/wp-content\/uploads\/2022\/01\/WhatsApp-Image-2022-01-28-at-23.31.37-1-150x150.jpeg\" alt=\"\" class=\"wp-image-8782\" srcset=\"https:\/\/somosdelprieto.com\/wp-content\/uploads\/2022\/01\/WhatsApp-Image-2022-01-28-at-23.31.37-1-150x150.jpeg 150w, https:\/\/somosdelprieto.com\/wp-content\/uploads\/2022\/01\/WhatsApp-Image-2022-01-28-at-23.31.37-1-100x100.jpeg 100w\" sizes=\"auto, (max-width: 150px) 100vw, 150px\" \/><\/figure>\n<\/figure>\n","protected":false},"excerpt":{"rendered":"<p>El pasado !8 de noviembre, el Club de Empleo del IES Gregorio Prieto tuvo la ocasi\u00f3n de participar en la II Edici\u00f3n de la Feria de FP Dual que, por segundo a\u00f1o, organiza la C\u00e1mara de Comercio de Ciudad Real de forma virtual. La participaci\u00f3n del Club tuvo lugar a trav\u00e9s de una mesa redonda &hellip; <\/p>\n<p class=\"link-more\"><a href=\"https:\/\/somosdelprieto.com\/index.php\/feria-de-formacion-profesional-dual\/\" class=\"more-link\">Continuar leyendo<span class=\"screen-reader-text\"> \u00abFERIA DE FORMACI\u00d3N PROFESIONAL DUAL VIRTUAL\u00bb<\/span><\/a><\/p>\n","protected":false},"author":30,"featured_media":0,"parent":0,"menu_order":0,"comment_status":"closed","ping_status":"closed","template":"","meta":{"footnotes":""},"class_list":["post-8773","page","type-page","status-publish","hentry"],"_links":{"self":[{"href":"https:\/\/somosdelprieto.com\/index.php\/wp-json\/wp\/v2\/pages\/8773","targetHints":{"allow":["GET"]}}],"collection":[{"href":"https:\/\/somosdelprieto.com\/index.php\/wp-json\/wp\/v2\/pages"}],"about":[{"href":"https:\/\/somosdelprieto.com\/index.php\/wp-json\/wp\/v2\/types\/page"}],"author":[{"embeddable":true,"href":"https:\/\/somosdelprieto.com\/index.php\/wp-json\/wp\/v2\/users\/30"}],"replies":[{"embeddable":true,"href":"https:\/\/somosdelprieto.com\/index.php\/wp-json\/wp\/v2\/comments?post=8773"}],"version-history":[{"count":4,"href":"https:\/\/somosdelprieto.com\/index.php\/wp-json\/wp\/v2\/pages\/8773\/revisions"}],"predecessor-version":[{"id":17734,"href":"https:\/\/somosdelprieto.com\/index.php\/wp-json\/wp\/v2\/pages\/8773\/revisions\/17734"}],"wp:attachment":[{"href":"https:\/\/somosdelprieto.com\/index.php\/wp-json\/wp\/v2\/media?parent=8773"}],"curies":[{"name":"wp","href":"https:\/\/api.w.org\/{rel}","templated":true}]}}