{"id":8591,"date":"2022-01-18T20:42:55","date_gmt":"2022-01-18T19:42:55","guid":{"rendered":"https:\/\/somosdelprieto.com\/?page_id=8591"},"modified":"2022-05-29T13:13:02","modified_gmt":"2022-05-29T11:13:02","slug":"fabricacion-de-una-impresora-3d","status":"publish","type":"page","link":"https:\/\/somosdelprieto.com\/index.php\/fabricacion-de-una-impresora-3d\/","title":{"rendered":"Fabricaci\u00f3n de una impresora 3D"},"content":{"rendered":"\n<p>El proyecto consiste en dise\u00f1ar y fabricar una impresora 3D con material reciclado y fabricado por el alumnado.<\/p>\n\n\n\n<figure class=\"wp-block-embed is-type-video is-provider-youtube wp-block-embed-youtube wp-embed-aspect-16-9 wp-has-aspect-ratio\"><div class=\"wp-block-embed__wrapper\">\n<iframe loading=\"lazy\" title=\"Sistema mec\u00e1nico en H impresora 3D\" width=\"525\" height=\"295\" src=\"https:\/\/www.youtube.com\/embed\/j7N_I49pdtI?feature=oembed\" frameborder=\"0\" allow=\"accelerometer; autoplay; clipboard-write; encrypted-media; gyroscope; picture-in-picture; web-share\" referrerpolicy=\"strict-origin-when-cross-origin\" allowfullscreen><\/iframe>\n<\/div><\/figure>\n\n\n\n<p>Participa el curso de 2\u00ba FPB MV con el profesor de Electricidad del Veh\u00edculo y con el profesor de Ciencias Aplicadas.<\/p>\n\n\n\n<p>Se utilizar algunos recursos y tecnolog\u00edas del aula como el carro de herramientas, las impresoras 3D, CNC, el panel digital y los port\u00e1tiles.<\/p>\n\n\n\n<h1 class=\"wp-block-heading\"><strong>DIARIO DEL PROYECTO:<\/strong><\/h1>\n\n\n<ul class=\"wp-block-latest-posts__list has-dates wp-block-latest-posts\"><li><div class=\"wp-block-latest-posts__featured-image aligncenter\"><img loading=\"lazy\" decoding=\"async\" width=\"150\" height=\"150\" src=\"https:\/\/somosdelprieto.com\/wp-content\/uploads\/2020\/09\/logobritish-2-150x150.jpg\" class=\"attachment-thumbnail size-thumbnail wp-post-image\" alt=\"\" style=\"max-width:150px;max-height:150px;\" srcset=\"https:\/\/somosdelprieto.com\/wp-content\/uploads\/2020\/09\/logobritish-2-150x150.jpg 150w, https:\/\/somosdelprieto.com\/wp-content\/uploads\/2020\/09\/logobritish-2-100x100.jpg 100w\" sizes=\"auto, 100vw\" \/><\/div><a class=\"wp-block-latest-posts__post-title\" href=\"https:\/\/somosdelprieto.com\/index.php\/2023\/06\/04\/on-air\/\">On air<\/a><time datetime=\"2023-06-04T12:16:59+02:00\" class=\"wp-block-latest-posts__post-date\">4 junio, 2023<\/time><div class=\"wp-block-latest-posts__post-excerpt\">\u00bfHas visto el cartel de On Air del Aula del Siglo XXI? Todo un proyecto Steam, que surgi\u00f3 una ma\u00f1ana, cuando el grupo de 4\u00ba estaba en Ingl\u00e9s en el Aula del Futuro grabando unos \u00abfilm reviews\u00bb y nuestro Asesor Ling\u00fc\u00edstico, Iain Rise, al ver lo costoso que era grabar, mientras que cada grupo estaba &hellip; <p class=\"link-more\"><a href=\"https:\/\/somosdelprieto.com\/index.php\/2023\/06\/04\/on-air\/\" class=\"more-link\">Continuar leyendo<span class=\"screen-reader-text\"> \u00abOn air\u00bb<\/span><\/a><\/p><\/div><\/li>\n<li><div class=\"wp-block-latest-posts__featured-image aligncenter\"><img loading=\"lazy\" decoding=\"async\" width=\"150\" height=\"150\" src=\"https:\/\/somosdelprieto.com\/wp-content\/uploads\/2022\/01\/1643389824845-150x150.jpg\" class=\"attachment-thumbnail size-thumbnail wp-post-image\" alt=\"estructura\" style=\"max-width:150px;max-height:150px;\" srcset=\"https:\/\/somosdelprieto.com\/wp-content\/uploads\/2022\/01\/1643389824845-150x150.jpg 150w, https:\/\/somosdelprieto.com\/wp-content\/uploads\/2022\/01\/1643389824845-100x100.jpg 100w\" sizes=\"auto, 100vw\" \/><\/div><a class=\"wp-block-latest-posts__post-title\" href=\"https:\/\/somosdelprieto.com\/index.php\/2022\/01\/28\/estructura-de-nuestra-impresora-3d\/\">Estructura de nuestra impresora 3D<\/a><time datetime=\"2022-01-28T18:20:48+01:00\" class=\"wp-block-latest-posts__post-date\">28 enero, 2022<\/time><div class=\"wp-block-latest-posts__post-excerpt\">Empezamos a cortar la estructura que dar\u00e1 forma a nuestra impresora 3D con el Control Num\u00e9rico por Computadora (CNC). Despu\u00e9s de tiempo de trabajo frente a una pantalla y una vez programadas las operaciones de contorneado, taladrado y corte, toca oler a madera reci\u00e9n cortada y ver los resultados.<\/div><\/li>\n<li><div class=\"wp-block-latest-posts__featured-image aligncenter\"><img loading=\"lazy\" decoding=\"async\" width=\"150\" height=\"150\" src=\"https:\/\/somosdelprieto.com\/wp-content\/uploads\/2022\/01\/1643389109528-150x150.jpg\" class=\"attachment-thumbnail size-thumbnail wp-post-image\" alt=\"llavero\" style=\"max-width:150px;max-height:150px;\" srcset=\"https:\/\/somosdelprieto.com\/wp-content\/uploads\/2022\/01\/1643389109528-150x150.jpg 150w, https:\/\/somosdelprieto.com\/wp-content\/uploads\/2022\/01\/1643389109528-100x100.jpg 100w\" sizes=\"auto, 100vw\" \/><\/div><a class=\"wp-block-latest-posts__post-title\" href=\"https:\/\/somosdelprieto.com\/index.php\/2022\/01\/28\/impresion-del-llavero\/\">Impresi\u00f3n del llavero<\/a><time datetime=\"2022-01-28T18:03:20+01:00\" class=\"wp-block-latest-posts__post-date\">28 enero, 2022<\/time><div class=\"wp-block-latest-posts__post-excerpt\">Terminamos la experiencia de bautismo en impresi\u00f3n 3D, obteniendo los resultados esperados con \u00e9xito en forma de llavero de recuerdo. Esta actividad se encuadra dentro del proyecto ATECA sobre la fabricaci\u00f3n de una impresora 3D.<\/div><\/li>\n<li><div class=\"wp-block-latest-posts__featured-image aligncenter\"><img loading=\"lazy\" decoding=\"async\" width=\"150\" height=\"150\" src=\"https:\/\/somosdelprieto.com\/wp-content\/uploads\/2022\/01\/Llavero4-150x150.jpg\" class=\"attachment-thumbnail size-thumbnail wp-post-image\" alt=\"\" style=\"max-width:150px;max-height:150px;\" srcset=\"https:\/\/somosdelprieto.com\/wp-content\/uploads\/2022\/01\/Llavero4-150x150.jpg 150w, https:\/\/somosdelprieto.com\/wp-content\/uploads\/2022\/01\/Llavero4-100x100.jpg 100w\" sizes=\"auto, 100vw\" \/><\/div><a class=\"wp-block-latest-posts__post-title\" href=\"https:\/\/somosdelprieto.com\/index.php\/2022\/01\/18\/bautismo-en-impresion-3d\/\">Bautismo en Impresi\u00f3n 3D<\/a><time datetime=\"2022-01-18T22:33:19+01:00\" class=\"wp-block-latest-posts__post-date\">18 enero, 2022<\/time><div class=\"wp-block-latest-posts__post-excerpt\">Arrancamos este proyecto ATECA sobre la fabricaci\u00f3n de una impresora 3D, con un primer acercamiento del alumnado a este mundo de la impresi\u00f3n 3D. Para iniciarnos en esta tecnolog\u00eda, hemos empezado con un objetivo sencillo como es dise\u00f1ar cada uno su propio llavero, que imprimiremos en la pr\u00f3xima sesi\u00f3n. En tan solo una sesi\u00f3n lectiva &hellip; <p class=\"link-more\"><a href=\"https:\/\/somosdelprieto.com\/index.php\/2022\/01\/18\/bautismo-en-impresion-3d\/\" class=\"more-link\">Continuar leyendo<span class=\"screen-reader-text\"> \u00abBautismo en Impresi\u00f3n 3D\u00bb<\/span><\/a><\/p><\/div><\/li>\n<\/ul>","protected":false},"excerpt":{"rendered":"<p>El proyecto consiste en dise\u00f1ar y fabricar una impresora 3D con material reciclado y fabricado por el alumnado. Participa el curso de 2\u00ba FPB MV con el profesor de Electricidad del Veh\u00edculo y con el profesor de Ciencias Aplicadas. Se utilizar algunos recursos y tecnolog\u00edas del aula como el carro de herramientas, las impresoras 3D, &hellip; <\/p>\n<p class=\"link-more\"><a href=\"https:\/\/somosdelprieto.com\/index.php\/fabricacion-de-una-impresora-3d\/\" class=\"more-link\">Continuar leyendo<span class=\"screen-reader-text\"> \u00abFabricaci\u00f3n de una impresora 3D\u00bb<\/span><\/a><\/p>\n","protected":false},"author":1,"featured_media":0,"parent":0,"menu_order":0,"comment_status":"closed","ping_status":"closed","template":"","meta":{"footnotes":""},"class_list":["post-8591","page","type-page","status-publish","hentry"],"_links":{"self":[{"href":"https:\/\/somosdelprieto.com\/index.php\/wp-json\/wp\/v2\/pages\/8591","targetHints":{"allow":["GET"]}}],"collection":[{"href":"https:\/\/somosdelprieto.com\/index.php\/wp-json\/wp\/v2\/pages"}],"about":[{"href":"https:\/\/somosdelprieto.com\/index.php\/wp-json\/wp\/v2\/types\/page"}],"author":[{"embeddable":true,"href":"https:\/\/somosdelprieto.com\/index.php\/wp-json\/wp\/v2\/users\/1"}],"replies":[{"embeddable":true,"href":"https:\/\/somosdelprieto.com\/index.php\/wp-json\/wp\/v2\/comments?post=8591"}],"version-history":[{"count":7,"href":"https:\/\/somosdelprieto.com\/index.php\/wp-json\/wp\/v2\/pages\/8591\/revisions"}],"predecessor-version":[{"id":12204,"href":"https:\/\/somosdelprieto.com\/index.php\/wp-json\/wp\/v2\/pages\/8591\/revisions\/12204"}],"wp:attachment":[{"href":"https:\/\/somosdelprieto.com\/index.php\/wp-json\/wp\/v2\/media?parent=8591"}],"curies":[{"name":"wp","href":"https:\/\/api.w.org\/{rel}","templated":true}]}}