{"id":8229,"date":"2021-11-22T18:46:22","date_gmt":"2021-11-22T17:46:22","guid":{"rendered":"https:\/\/somosdelprieto.com\/?page_id=8229"},"modified":"2024-09-19T14:13:02","modified_gmt":"2024-09-19T12:13:02","slug":"carmenta","status":"publish","type":"page","link":"https:\/\/somosdelprieto.com\/index.php\/carmenta\/","title":{"rendered":"CARMENTA"},"content":{"rendered":"\n<p>El IES Gregorio Prieto participa el en proyecto Carmenta, apostando fuerte por la digitalizaci\u00f3n en el aula.<\/p>\n\n\n\n<figure class=\"wp-block-embed is-type-video is-provider-youtube wp-block-embed-youtube wp-embed-aspect-16-9 wp-has-aspect-ratio\"><div class=\"wp-block-embed__wrapper\">\n<iframe loading=\"lazy\" title=\"Proyecto Carmenta. Presentaci\u00f3n\" width=\"525\" height=\"295\" src=\"https:\/\/www.youtube.com\/embed\/2A3jkVIYdng?feature=oembed\" frameborder=\"0\" allow=\"accelerometer; autoplay; clipboard-write; encrypted-media; gyroscope; picture-in-picture; web-share\" referrerpolicy=\"strict-origin-when-cross-origin\" allowfullscreen><\/iframe>\n<\/div><\/figure>\n\n\n\n<p>A finales del curso 2023-2024, tras la puesta en marcha del banco de libros y una vez consultadas las familias, se solicit\u00f3 a la Consejer\u00eda de Educaci\u00f3n, Cultura y Deportes la no inclusi\u00f3n de 1\u00ba de ESO en el Programa Centro Digital durante el curso 2024-2025 (lo que supone nuestra salida escalonada del Programa). De esta forma, el calendario de implantaci\u00f3n del Programa&nbsp; ser\u00e1:<\/p>\n\n\n\n<ul class=\"wp-block-list\">\n<li>2021-2022: 1\u00ba ESO<\/li>\n\n\n\n<li>2022-2023: 1\u00ba y 2\u00ba ESO<\/li>\n\n\n\n<li>2023-2024: 1\u00ba, 2\u00ba, y 3\u00ba ESO<\/li>\n\n\n\n<li>2024-2025: 2\u00ba, 3\u00ba y 4\u00ba ESO<\/li>\n\n\n\n<li>2025-2026: 3\u00ba y 4\u00ba ESO<\/li>\n\n\n\n<li>2026-2027: 4\u00ba ESO<\/li>\n<\/ul>\n\n\n\n<p><\/p>\n","protected":false},"excerpt":{"rendered":"<p>El IES Gregorio Prieto participa el en proyecto Carmenta, apostando fuerte por la digitalizaci\u00f3n en el aula. A finales del curso 2023-2024, tras la puesta en marcha del banco de libros y una vez consultadas las familias, se solicit\u00f3 a la Consejer\u00eda de Educaci\u00f3n, Cultura y Deportes la no inclusi\u00f3n de 1\u00ba de ESO en &hellip; <\/p>\n<p class=\"link-more\"><a href=\"https:\/\/somosdelprieto.com\/index.php\/carmenta\/\" class=\"more-link\">Continuar leyendo<span class=\"screen-reader-text\"> \u00abCARMENTA\u00bb<\/span><\/a><\/p>\n","protected":false},"author":1,"featured_media":8230,"parent":0,"menu_order":0,"comment_status":"closed","ping_status":"closed","template":"","meta":{"footnotes":""},"class_list":["post-8229","page","type-page","status-publish","has-post-thumbnail","hentry"],"_links":{"self":[{"href":"https:\/\/somosdelprieto.com\/index.php\/wp-json\/wp\/v2\/pages\/8229","targetHints":{"allow":["GET"]}}],"collection":[{"href":"https:\/\/somosdelprieto.com\/index.php\/wp-json\/wp\/v2\/pages"}],"about":[{"href":"https:\/\/somosdelprieto.com\/index.php\/wp-json\/wp\/v2\/types\/page"}],"author":[{"embeddable":true,"href":"https:\/\/somosdelprieto.com\/index.php\/wp-json\/wp\/v2\/users\/1"}],"replies":[{"embeddable":true,"href":"https:\/\/somosdelprieto.com\/index.php\/wp-json\/wp\/v2\/comments?post=8229"}],"version-history":[{"count":2,"href":"https:\/\/somosdelprieto.com\/index.php\/wp-json\/wp\/v2\/pages\/8229\/revisions"}],"predecessor-version":[{"id":19387,"href":"https:\/\/somosdelprieto.com\/index.php\/wp-json\/wp\/v2\/pages\/8229\/revisions\/19387"}],"wp:featuredmedia":[{"embeddable":true,"href":"https:\/\/somosdelprieto.com\/index.php\/wp-json\/wp\/v2\/media\/8230"}],"wp:attachment":[{"href":"https:\/\/somosdelprieto.com\/index.php\/wp-json\/wp\/v2\/media?parent=8229"}],"curies":[{"name":"wp","href":"https:\/\/api.w.org\/{rel}","templated":true}]}}

<p>El IES Gregorio Prieto participa el en proyecto Carmenta, apostando fuerte por la digitalización en el aula.</p>



<figure class="wp-block-embed is-type-video is-provider-youtube wp-block-embed-youtube wp-embed-aspect-16-9 wp-has-aspect-ratio"><div class="wp-block-embed__wrapper">
<iframe loading="lazy" title="Proyecto Carmenta. Presentación" width="525" height="295" src="https://www.youtube.com/embed/2A3jkVIYdng?feature=oembed" frameborder="0" allow="accelerometer; autoplay; clipboard-write; encrypted-media; gyroscope; picture-in-picture; web-share" referrerpolicy="strict-origin-when-cross-origin" allowfullscreen></iframe>
</div></figure>



<p>A finales del curso 2023-2024, tras la puesta en marcha del banco de libros y una vez consultadas las familias, se solicitó a la Consejería de Educación, Cultura y Deportes la no inclusión de 1º de ESO en el Programa Centro Digital durante el curso 2024-2025 (lo que supone nuestra salida escalonada del Programa). De esta forma, el calendario de implantación del Programa&nbsp; será:</p>



<ul class="wp-block-list">
<li>2021-2022: 1º ESO</li>



<li>2022-2023: 1º y 2º ESO</li>



<li>2023-2024: 1º, 2º, y 3º ESO</li>



<li>2024-2025: 2º, 3º y 4º ESO</li>



<li>2025-2026: 3º y 4º ESO</li>



<li>2026-2027: 4º ESO</li>
</ul>



<p></p>

<p>El IES Gregorio Prieto participa el en proyecto Carmenta, apostando fuerte por la digitalización en el aula. A finales del curso 2023-2024, tras la puesta en marcha del banco de libros y una vez consultadas las familias, se solicitó a la Consejería de Educación, Cultura y Deportes la no inclusión de 1º de ESO en &hellip; </p>
<p class="link-more"><a href="https://somosdelprieto.com/index.php/carmenta/" class="more-link">Continuar leyendo<span class="screen-reader-text"> «CARMENTA»</span></a></p>
