{"id":683,"date":"2020-05-12T16:29:42","date_gmt":"2020-05-12T14:29:42","guid":{"rendered":"https:\/\/somosdelprieto.com\/?page_id=683"},"modified":"2022-12-05T13:55:23","modified_gmt":"2022-12-05T12:55:23","slug":"departamento-de-lengua","status":"publish","type":"page","link":"https:\/\/somosdelprieto.com\/index.php\/departamentos\/departamento-de-lengua\/","title":{"rendered":"Departamento de Lengua y Literatura"},"content":{"rendered":"\n<figure class=\"wp-block-table\"><table><tbody><tr><td><img decoding=\"async\" src=\"https:\/\/docs.google.com\/a\/iesgregorioprieto.com\/uc?id=0B8CceZEBRKdmcmJ3azc4cl82dGM&amp;export=download\"><\/td><td>MIEMBROS:<br>Poyatos Ruiz, Juan<br>Antequera Torres, Ana Rosa<br>Villar Fern\u00e1ndez, Josefina\u00a0<br><strong>Gonz\u00e1lez Pat\u00f3n, Mar\u00eda \u00c1ngeles (JD)<\/strong><\/td><\/tr><\/tbody><\/table><\/figure>\n\n\n\n<div class=\"wp-block-buttons is-layout-flex wp-block-buttons-is-layout-flex\"><\/div>\n\n\n\n<p><strong>ENTRADAS RELACIONADAS CON EL DEPARTAMENTO DE LENGUA Y LITERATURA:<\/strong><\/p>\n\n\n<ul class=\"wp-block-latest-posts__list wp-block-latest-posts\"><li><a class=\"wp-block-latest-posts__post-title\" href=\"https:\/\/somosdelprieto.com\/index.php\/2026\/01\/21\/talleres-de-recreo\/\">Talleres de Recreo<\/a><\/li>\n<li><a class=\"wp-block-latest-posts__post-title\" href=\"https:\/\/somosdelprieto.com\/index.php\/2026\/01\/16\/encuentro-literario-con-el-escritor-y-guionista-santiago-diaz\/\">ENCUENTRO LITERARIO CON EL ESCRITOR Y GUIONISTA SANTIAGO D\u00cdAZ<\/a><\/li>\n<li><a class=\"wp-block-latest-posts__post-title\" href=\"https:\/\/somosdelprieto.com\/index.php\/2026\/01\/02\/encuentro-literario-con-la-escritora-carla-montero\/\">ENCUENTRO LITERARIO CON LA ESCRITORA CARLA MONTERO<\/a><\/li>\n<li><a class=\"wp-block-latest-posts__post-title\" href=\"https:\/\/somosdelprieto.com\/index.php\/2025\/06\/23\/mercadillo\/\">Mercadillo Solidario<\/a><\/li>\n<li><a class=\"wp-block-latest-posts__post-title\" href=\"https:\/\/somosdelprieto.com\/index.php\/2025\/05\/19\/mercadillo-solidario-de-st-george\/\">Mercadillo Solidario de St George<\/a><\/li>\n<\/ul>\n\n\n<p><\/p>\n","protected":false},"excerpt":{"rendered":"<p>MIEMBROS:Poyatos Ruiz, JuanAntequera Torres, Ana RosaVillar Fern\u00e1ndez, Josefina\u00a0Gonz\u00e1lez Pat\u00f3n, Mar\u00eda \u00c1ngeles (JD) ENTRADAS RELACIONADAS CON EL DEPARTAMENTO DE LENGUA Y LITERATURA:<\/p>\n","protected":false},"author":34,"featured_media":0,"parent":330,"menu_order":0,"comment_status":"closed","ping_status":"closed","template":"","meta":{"footnotes":""},"class_list":["post-683","page","type-page","status-publish","hentry"],"_links":{"self":[{"href":"https:\/\/somosdelprieto.com\/index.php\/wp-json\/wp\/v2\/pages\/683","targetHints":{"allow":["GET"]}}],"collection":[{"href":"https:\/\/somosdelprieto.com\/index.php\/wp-json\/wp\/v2\/pages"}],"about":[{"href":"https:\/\/somosdelprieto.com\/index.php\/wp-json\/wp\/v2\/types\/page"}],"author":[{"embeddable":true,"href":"https:\/\/somosdelprieto.com\/index.php\/wp-json\/wp\/v2\/users\/34"}],"replies":[{"embeddable":true,"href":"https:\/\/somosdelprieto.com\/index.php\/wp-json\/wp\/v2\/comments?post=683"}],"version-history":[{"count":13,"href":"https:\/\/somosdelprieto.com\/index.php\/wp-json\/wp\/v2\/pages\/683\/revisions"}],"predecessor-version":[{"id":13101,"href":"https:\/\/somosdelprieto.com\/index.php\/wp-json\/wp\/v2\/pages\/683\/revisions\/13101"}],"up":[{"embeddable":true,"href":"https:\/\/somosdelprieto.com\/index.php\/wp-json\/wp\/v2\/pages\/330"}],"wp:attachment":[{"href":"https:\/\/somosdelprieto.com\/index.php\/wp-json\/wp\/v2\/media?parent=683"}],"curies":[{"name":"wp","href":"https:\/\/api.w.org\/{rel}","templated":true}]}}

<figure class="wp-block-table"><table><tbody><tr><td><img decoding="async" src="https://docs.google.com/a/iesgregorioprieto.com/uc?id=0B8CceZEBRKdmcmJ3azc4cl82dGM&amp;export=download"></td><td>MIEMBROS:<br>Poyatos Ruiz, Juan<br>Antequera Torres, Ana Rosa<br>Villar Fernández, Josefina <br><strong>González Patón, María Ángeles (JD)</strong></td></tr></tbody></table></figure>



<div class="wp-block-buttons is-layout-flex wp-block-buttons-is-layout-flex"></div>



<p><strong>ENTRADAS RELACIONADAS CON EL DEPARTAMENTO DE LENGUA Y LITERATURA:</strong></p>


<ul class="wp-block-latest-posts__list wp-block-latest-posts"><li><a class="wp-block-latest-posts__post-title" href="https://somosdelprieto.com/index.php/2026/01/21/talleres-de-recreo/">Talleres de Recreo</a></li>
<li><a class="wp-block-latest-posts__post-title" href="https://somosdelprieto.com/index.php/2026/01/16/encuentro-literario-con-el-escritor-y-guionista-santiago-diaz/">ENCUENTRO LITERARIO CON EL ESCRITOR Y GUIONISTA SANTIAGO DÍAZ</a></li>
<li><a class="wp-block-latest-posts__post-title" href="https://somosdelprieto.com/index.php/2026/01/02/encuentro-literario-con-la-escritora-carla-montero/">ENCUENTRO LITERARIO CON LA ESCRITORA CARLA MONTERO</a></li>
<li><a class="wp-block-latest-posts__post-title" href="https://somosdelprieto.com/index.php/2025/06/23/mercadillo/">Mercadillo Solidario</a></li>
<li><a class="wp-block-latest-posts__post-title" href="https://somosdelprieto.com/index.php/2025/05/19/mercadillo-solidario-de-st-george/">Mercadillo Solidario de St George</a></li>
</ul>


<p></p>

<p>MIEMBROS:Poyatos Ruiz, JuanAntequera Torres, Ana RosaVillar Fernández, Josefina González Patón, María Ángeles (JD) ENTRADAS RELACIONADAS CON EL DEPARTAMENTO DE LENGUA Y LITERATURA:</p>
