{"id":6706,"date":"2021-05-20T09:36:38","date_gmt":"2021-05-20T07:36:38","guid":{"rendered":"https:\/\/somosdelprieto.com\/?page_id=6706"},"modified":"2025-05-06T09:07:51","modified_gmt":"2025-05-06T07:07:51","slug":"matriculacion-normas-generales","status":"publish","type":"page","link":"https:\/\/somosdelprieto.com\/index.php\/matriculacion-normas-generales\/","title":{"rendered":"Matriculaci\u00f3n &#8211; Normas Generales"},"content":{"rendered":"<div class=\"wp-block-image is-resized is-style-default\">\n<figure class=\"aligncenter size-full\"><img loading=\"lazy\" decoding=\"async\" width=\"739\" height=\"256\" src=\"https:\/\/somosdelprieto.com\/wp-content\/uploads\/2021\/05\/Matriculas.jpg\" alt=\"\" class=\"wp-image-6709\" srcset=\"https:\/\/somosdelprieto.com\/wp-content\/uploads\/2021\/05\/Matriculas.jpg 739w, https:\/\/somosdelprieto.com\/wp-content\/uploads\/2021\/05\/Matriculas-300x104.jpg 300w\" sizes=\"auto, (max-width: 739px) 100vw, 739px\" \/><\/figure>\n<\/div>\n\n\n<p class=\"has-text-align-center has-vivid-green-cyan-color has-text-color has-large-font-size\"><strong>FORMALIZACI\u00d3N DE MATR\u00cdCULA<\/strong>  <\/p>\n\n\n\n<p>En \u00e9sta p\u00e1gina de \u00abmatr\u00edculas\u00bb en la que te encuentras, vas a encontrar toda la informaci\u00f3n de <strong>c\u00f3mo realizar tu matr\u00edcula<\/strong> de forma completa. <strong>L\u00e9ela detenidamente.<\/strong><\/p>\n\n\n\n<p class=\"has-vivid-cyan-blue-color has-text-color has-medium-font-size\"><strong>NO CONFUNDIR PROCESO DE ADMISI\u00d3N CON MATRICULACI\u00d3N<\/strong><\/p>\n\n\n\n<p><strong>El proceso de admisi\u00f3n<\/strong>, por lo general, es la forma en que se <strong>solicita un puesto escolar<\/strong> en una nueva etapa educativa o en un cambio de centro\/estudios. Se culmina con la matriculaci\u00f3n. <\/p>\n\n\n\n<p><strong>La matriculaci\u00f3n<\/strong> es el tr\u00e1mite con el cual se <strong>formaliza y confirma la aceptaci\u00f3n de la plaza obtenida<\/strong> en el centro escolar.<\/p>\n\n\n\n<p>Si tienes dudas respecto a los plazos, te recomendamos que consultes en la <a href=\"https:\/\/somosdelprieto.com\/index.php\/secretaria\/\">web de Secretar\u00eda<\/a> el proceso de admisi\u00f3n de los estudios en los que te quieres matricular.<\/p>\n\n\n\n<p class=\"has-vivid-cyan-blue-color has-text-color has-medium-font-size\"><strong>MATR\u00cdCULA. TR\u00c1MITES Y DOCUMENTACI\u00d3N<\/strong><\/p>\n\n\n\n<p>La formalizaci\u00f3n de la matr\u00edcula conlleva <strong>varios pasos (intenta seguir el siguiente orden):<\/strong><\/p>\n\n\n\n<blockquote class=\"wp-block-quote is-layout-flow wp-block-quote-is-layout-flow\">\n<p><mark style=\"background-color:#ffffff\" class=\"has-inline-color has-vivid-red-color\"><strong>1\u00ba<\/strong> <strong>Matr\u00edcula<\/strong>.<\/mark> Accede a la plataforma&nbsp;<a href=\"https:\/\/educamosclm.castillalamancha.es\/\" target=\"_blank\" rel=\"noreferrer noopener\"><strong><em>educamosCLM<\/em>&nbsp;(pinchando aqu\u00ed)<\/strong><\/a>&nbsp;y, dentro de ella, en&nbsp;<strong>Secretar\u00eda Virtual<\/strong>. En este paso formalizas la matr\u00edcula en los estudios en los que ya tienes plaza asignada.<\/p>\n\n\n\n<p class=\"has-pale-pink-background-color has-background\"><strong>Se recuerda que la entrega de contrase\u00f1as para el acceso, solicitud y\/o firma en la plataforma es \u00daNICAMENTE PRESENCIAL del TITULAR mediante la exhibici\u00f3n de su propio DNI\/NIE\/PASAPORTE (contrase\u00f1a personal e intransferible).<\/strong><\/p>\n<\/blockquote>\n\n\n\n<blockquote class=\"wp-block-quote is-layout-flow wp-block-quote-is-layout-flow\">\n<p><mark style=\"background-color:#ffffff\" class=\"has-inline-color has-vivid-red-color\"><strong>2\u00ba<\/strong> <strong>Pago del seguro escolar<\/strong><\/mark>. Ingresa <strong><mark style=\"background-color:#ffffff\" class=\"has-inline-color has-vivid-red-color\">1,12\u20ac<\/mark><\/strong> indicando en el <strong>concepto<\/strong> del ingreso el <strong>nombre y apellidos y el curso del alumno\/a que se matricula<\/strong>. Recuerda <strong>guardar el justificante<\/strong> de pago, te va a hacer falta.<\/p>\n\n\n\n<p>El alumnado de <strong>1\u00ba y 2\u00ba ESO no tienen que pagar<\/strong> el seguro escolar. <strong>Tambi\u00e9n <\/strong>est\u00e1n <strong>exentos <\/strong>del pago el alumnado de <strong>28 a\u00f1os o mayores<\/strong>.<\/p>\n\n\n\n<p class=\"has-text-align-left\"><strong>El n\u00famero de cuenta es<\/strong> el siguiente: ES06 2103 7247 1800 3003 2098<\/p>\n<\/blockquote>\n\n\n\n<blockquote class=\"wp-block-quote is-layout-flow wp-block-quote-is-layout-flow\">\n<p id=\"block-5d19f54f-c42c-4150-ac23-6d01f12250b2\"><mark style=\"background-color:#ffffff\" class=\"has-inline-color has-vivid-red-color\"><strong>3\u00ba Env\u00edo de documentaci\u00f3n necesaria<\/strong>.<\/mark><\/p>\n\n\n\n<p id=\"block-5d19f54f-c42c-4150-ac23-6d01f12250b2\">Por \u00faltimo, deben rellenar el siguiente formulario&nbsp;para&nbsp;<strong>enviar&nbsp;<\/strong>digitalizada la&nbsp;<strong>documentaci\u00f3n necesaria<\/strong>.<\/p>\n<\/blockquote>\n\n\n\n<ul class=\"wp-block-list\">\n<li>Para alumnos\/as de ESO y Bachiller:                                     <a href=\"https:\/\/forms.office.com\/e\/8N5pDCE8VF\" target=\"_blank\" rel=\"noreferrer noopener\">https:\/\/forms.office.com\/e\/8N5pDCE8VF<\/a><\/li>\n\n\n\n<li>Para alumnos\/as de Ciclos Formativos de Grado B\u00e1sico, Grado Medio y Grado Superior:  <a href=\"https:\/\/forms.office.com\/e\/g9ZJ823EDc\">https:\/\/forms.office.com\/e\/g9ZJ823EDc<\/a><\/li>\n<\/ul>\n\n\n\n<p class=\"has-vivid-purple-color has-text-color has-link-color wp-elements-c9f86d955806b0c607a7ec711abb6d72\"><strong>INSTRUCCIONES PARA ACCEDER AL FORMULARIO:<\/strong><\/p>\n\n\n\n<p><em>Se accede al formulario con el usuario de EducamosCLM del estudiante, seguido de @educastillalamancha.es (ver imagen 1). A continuaci\u00f3n, debe iniciar sesi\u00f3n en el entorno de EducamosCLM del estudiante, mediante su usuario y contrase\u00f1a (ver imagen 2).<\/em><\/p>\n\n\n<div class=\"wp-block-image\">\n<figure class=\"aligncenter size-large\"><img loading=\"lazy\" decoding=\"async\" width=\"1024\" height=\"665\" src=\"https:\/\/somosdelprieto.com\/wp-content\/uploads\/2024\/06\/Paso1-1-1024x665.jpg\" alt=\"\" class=\"wp-image-19115\" srcset=\"https:\/\/somosdelprieto.com\/wp-content\/uploads\/2024\/06\/Paso1-1-1024x665.jpg 1024w, https:\/\/somosdelprieto.com\/wp-content\/uploads\/2024\/06\/Paso1-1-300x195.jpg 300w, https:\/\/somosdelprieto.com\/wp-content\/uploads\/2024\/06\/Paso1-1-768x499.jpg 768w, https:\/\/somosdelprieto.com\/wp-content\/uploads\/2024\/06\/Paso1-1.jpg 1163w\" sizes=\"auto, (max-width: 767px) 89vw, (max-width: 1000px) 54vw, (max-width: 1071px) 543px, 580px\" \/><\/figure>\n<\/div>\n\n<div class=\"wp-block-image\">\n<figure class=\"aligncenter size-large\"><img loading=\"lazy\" decoding=\"async\" width=\"1024\" height=\"682\" src=\"https:\/\/somosdelprieto.com\/wp-content\/uploads\/2024\/06\/Paso2-1024x682.jpg\" alt=\"\" class=\"wp-image-19105\" srcset=\"https:\/\/somosdelprieto.com\/wp-content\/uploads\/2024\/06\/Paso2-1024x682.jpg 1024w, https:\/\/somosdelprieto.com\/wp-content\/uploads\/2024\/06\/Paso2-300x200.jpg 300w, https:\/\/somosdelprieto.com\/wp-content\/uploads\/2024\/06\/Paso2-768x512.jpg 768w, https:\/\/somosdelprieto.com\/wp-content\/uploads\/2024\/06\/Paso2.jpg 1198w\" sizes=\"auto, (max-width: 767px) 89vw, (max-width: 1000px) 54vw, (max-width: 1071px) 543px, 580px\" \/><\/figure>\n<\/div>\n\n\n<p>La documentaci\u00f3n que debe enviar digitalizada, en archivos independientes para cada uno de los documentos, es:<\/p>\n\n\n\n<ul id=\"block-244e661c-2010-467b-85d6-7c03cbfdc6be\" class=\"wp-block-list\">\n<li><strong>DNI por ambas caras.<\/strong><\/li>\n\n\n\n<li><strong>N\u00famero de la Seguridad Social.<\/strong> <strong><mark style=\"background-color:#ffffff\" class=\"has-inline-color has-black-color\">\u00a0( En los casos de <\/mark><mark style=\"background-color:#ffffff\" class=\"has-inline-color has-vivid-red-color\">Ciclos Formativos<\/mark><mark style=\"background-color:#ffffff\" class=\"has-inline-color has-black-color\">, de cara al per\u00edodo de formaci\u00f3n en empresas,<\/mark><mark style=\"background-color:#ffffff\" class=\"has-inline-color has-vivid-red-color\"> ES IMPORTANTE QUE SEA EL N\u00daMERO PROPIO DEL ALUMNO, QUE NO APAREZCA COMO BENEFICIARIO NI QUE EL N\u00daMERO SEA TEMPORAL).<\/mark><\/strong><\/li>\n\n\n\n<li><strong>Una Fotograf\u00eda.<\/strong><\/li>\n\n\n\n<li><strong>Justificante del pago del seguro escolar.<\/strong><\/li>\n<\/ul>\n\n\n\n<p class=\"has-vivid-cyan-blue-color has-text-color has-medium-font-size\"><strong>TENGO DUDAS. \u00bfC\u00d3MO CONTACTO CON EL CENTRO?<\/strong><\/p>\n\n\n\n<p>Cualquier <strong>tr\u00e1mite<\/strong> <strong>o<\/strong> <strong>consulta general<\/strong> lo encontrar\u00e1s resuelto navegando a trav\u00e9s de la <a href=\"https:\/\/somosdelprieto.com\/index.php\/secretaria\/\">pesta\u00f1a de Secretar\u00eda<\/a>.<\/p>\n\n\n\n<p>Para <strong>consulta particulares<\/strong> ponte en contacto a trav\u00e9s de:<\/p>\n\n\n\n<ul class=\"wp-block-list\">\n<li><strong>Preferentemente<\/strong> correo electr\u00f3nico:&nbsp;<a href=\"mailto:13003336.ies@educastillalamancha.es\">13003336.ies@educastillalamancha.es<\/a><\/li>\n\n\n\n<li>De forma presencial: Horario de 9:00 a 14:00<\/li>\n\n\n\n<li>Tel\u00e9fono: 926 32 19 03<\/li>\n<\/ul>\n","protected":false},"excerpt":{"rendered":"<p>FORMALIZACI\u00d3N DE MATR\u00cdCULA En \u00e9sta p\u00e1gina de \u00abmatr\u00edculas\u00bb en la que te encuentras, vas a encontrar toda la informaci\u00f3n de c\u00f3mo realizar tu matr\u00edcula de forma completa. L\u00e9ela detenidamente. NO CONFUNDIR PROCESO DE ADMISI\u00d3N CON MATRICULACI\u00d3N El proceso de admisi\u00f3n, por lo general, es la forma en que se solicita un puesto escolar en una &hellip; <\/p>\n<p class=\"link-more\"><a href=\"https:\/\/somosdelprieto.com\/index.php\/matriculacion-normas-generales\/\" class=\"more-link\">Continuar leyendo<span class=\"screen-reader-text\"> \u00abMatriculaci\u00f3n &#8211; Normas Generales\u00bb<\/span><\/a><\/p>\n","protected":false},"author":53,"featured_media":0,"parent":0,"menu_order":0,"comment_status":"closed","ping_status":"closed","template":"","meta":{"footnotes":""},"class_list":["post-6706","page","type-page","status-publish","hentry"],"_links":{"self":[{"href":"https:\/\/somosdelprieto.com\/index.php\/wp-json\/wp\/v2\/pages\/6706","targetHints":{"allow":["GET"]}}],"collection":[{"href":"https:\/\/somosdelprieto.com\/index.php\/wp-json\/wp\/v2\/pages"}],"about":[{"href":"https:\/\/somosdelprieto.com\/index.php\/wp-json\/wp\/v2\/types\/page"}],"author":[{"embeddable":true,"href":"https:\/\/somosdelprieto.com\/index.php\/wp-json\/wp\/v2\/users\/53"}],"replies":[{"embeddable":true,"href":"https:\/\/somosdelprieto.com\/index.php\/wp-json\/wp\/v2\/comments?post=6706"}],"version-history":[{"count":60,"href":"https:\/\/somosdelprieto.com\/index.php\/wp-json\/wp\/v2\/pages\/6706\/revisions"}],"predecessor-version":[{"id":21270,"href":"https:\/\/somosdelprieto.com\/index.php\/wp-json\/wp\/v2\/pages\/6706\/revisions\/21270"}],"wp:attachment":[{"href":"https:\/\/somosdelprieto.com\/index.php\/wp-json\/wp\/v2\/media?parent=6706"}],"curies":[{"name":"wp","href":"https:\/\/api.w.org\/{rel}","templated":true}]}}

Matriculación &#8211; Normas Generales

<div class="wp-block-image is-resized is-style-default">
<figure class="aligncenter size-full"><img loading="lazy" decoding="async" width="739" height="256" src="https://somosdelprieto.com/wp-content/uploads/2021/05/Matriculas.jpg" alt="" class="wp-image-6709" srcset="https://somosdelprieto.com/wp-content/uploads/2021/05/Matriculas.jpg 739w, https://somosdelprieto.com/wp-content/uploads/2021/05/Matriculas-300x104.jpg 300w" sizes="auto, (max-width: 739px) 100vw, 739px" /></figure>
</div>


<p class="has-text-align-center has-vivid-green-cyan-color has-text-color has-large-font-size"><strong>FORMALIZACIÓN DE MATRÍCULA</strong>  </p>



<p>En ésta página de «matrículas» en la que te encuentras, vas a encontrar toda la información de <strong>cómo realizar tu matrícula</strong> de forma completa. <strong>Léela detenidamente.</strong></p>



<p class="has-vivid-cyan-blue-color has-text-color has-medium-font-size"><strong>NO CONFUNDIR PROCESO DE ADMISIÓN CON MATRICULACIÓN</strong></p>



<p><strong>El proceso de admisión</strong>, por lo general, es la forma en que se <strong>solicita un puesto escolar</strong> en una nueva etapa educativa o en un cambio de centro/estudios. Se culmina con la matriculación. </p>



<p><strong>La matriculación</strong> es el trámite con el cual se <strong>formaliza y confirma la aceptación de la plaza obtenida</strong> en el centro escolar.</p>



<p>Si tienes dudas respecto a los plazos, te recomendamos que consultes en la <a href="https://somosdelprieto.com/index.php/secretaria/">web de Secretaría</a> el proceso de admisión de los estudios en los que te quieres matricular.</p>



<p class="has-vivid-cyan-blue-color has-text-color has-medium-font-size"><strong>MATRÍCULA. TRÁMITES Y DOCUMENTACIÓN</strong></p>



<p>La formalización de la matrícula conlleva <strong>varios pasos (intenta seguir el siguiente orden):</strong></p>



<blockquote class="wp-block-quote is-layout-flow wp-block-quote-is-layout-flow">
<p><mark style="background-color:#ffffff" class="has-inline-color has-vivid-red-color"><strong>1º</strong> <strong>Matrícula</strong>.</mark> Accede a la plataforma&nbsp;<a href="https://educamosclm.castillalamancha.es/" target="_blank" rel="noreferrer noopener"><strong><em>educamosCLM</em>&nbsp;(pinchando aquí)</strong></a>&nbsp;y, dentro de ella, en&nbsp;<strong>Secretaría Virtual</strong>. En este paso formalizas la matrícula en los estudios en los que ya tienes plaza asignada.</p>



<p class="has-pale-pink-background-color has-background"><strong>Se recuerda que la entrega de contraseñas para el acceso, solicitud y/o firma en la plataforma es ÚNICAMENTE PRESENCIAL del TITULAR mediante la exhibición de su propio DNI/NIE/PASAPORTE (contraseña personal e intransferible).</strong></p>
</blockquote>



<blockquote class="wp-block-quote is-layout-flow wp-block-quote-is-layout-flow">
<p><mark style="background-color:#ffffff" class="has-inline-color has-vivid-red-color"><strong>2º</strong> <strong>Pago del seguro escolar</strong></mark>. Ingresa <strong><mark style="background-color:#ffffff" class="has-inline-color has-vivid-red-color">1,12€</mark></strong> indicando en el <strong>concepto</strong> del ingreso el <strong>nombre y apellidos y el curso del alumno/a que se matricula</strong>. Recuerda <strong>guardar el justificante</strong> de pago, te va a hacer falta.</p>



<p>El alumnado de <strong>1º y 2º ESO no tienen que pagar</strong> el seguro escolar. <strong>También </strong>están <strong>exentos </strong>del pago el alumnado de <strong>28 años o mayores</strong>.</p>



<p class="has-text-align-left"><strong>El número de cuenta es</strong> el siguiente: ES06 2103 7247 1800 3003 2098</p>
</blockquote>



<blockquote class="wp-block-quote is-layout-flow wp-block-quote-is-layout-flow">
<p id="block-5d19f54f-c42c-4150-ac23-6d01f12250b2"><mark style="background-color:#ffffff" class="has-inline-color has-vivid-red-color"><strong>3º Envío de documentación necesaria</strong>.</mark></p>



<p id="block-5d19f54f-c42c-4150-ac23-6d01f12250b2">Por último, deben rellenar el siguiente formulario&nbsp;para&nbsp;<strong>enviar&nbsp;</strong>digitalizada la&nbsp;<strong>documentación necesaria</strong>.</p>
</blockquote>



<ul class="wp-block-list">
<li>Para alumnos/as de ESO y Bachiller:                                     <a href="https://forms.office.com/e/8N5pDCE8VF" target="_blank" rel="noreferrer noopener">https://forms.office.com/e/8N5pDCE8VF</a></li>



<li>Para alumnos/as de Ciclos Formativos de Grado Básico, Grado Medio y Grado Superior:  <a href="https://forms.office.com/e/g9ZJ823EDc">https://forms.office.com/e/g9ZJ823EDc</a></li>
</ul>



<p class="has-vivid-purple-color has-text-color has-link-color wp-elements-c9f86d955806b0c607a7ec711abb6d72"><strong>INSTRUCCIONES PARA ACCEDER AL FORMULARIO:</strong></p>



<p><em>Se accede al formulario con el usuario de EducamosCLM del estudiante, seguido de @educastillalamancha.es (ver imagen 1). A continuación, debe iniciar sesión en el entorno de EducamosCLM del estudiante, mediante su usuario y contraseña (ver imagen 2).</em></p>


<div class="wp-block-image">
<figure class="aligncenter size-large"><img loading="lazy" decoding="async" width="1024" height="665" src="https://somosdelprieto.com/wp-content/uploads/2024/06/Paso1-1-1024x665.jpg" alt="" class="wp-image-19115" srcset="https://somosdelprieto.com/wp-content/uploads/2024/06/Paso1-1-1024x665.jpg 1024w, https://somosdelprieto.com/wp-content/uploads/2024/06/Paso1-1-300x195.jpg 300w, https://somosdelprieto.com/wp-content/uploads/2024/06/Paso1-1-768x499.jpg 768w, https://somosdelprieto.com/wp-content/uploads/2024/06/Paso1-1.jpg 1163w" sizes="auto, (max-width: 767px) 89vw, (max-width: 1000px) 54vw, (max-width: 1071px) 543px, 580px" /></figure>
</div>

<div class="wp-block-image">
<figure class="aligncenter size-large"><img loading="lazy" decoding="async" width="1024" height="682" src="https://somosdelprieto.com/wp-content/uploads/2024/06/Paso2-1024x682.jpg" alt="" class="wp-image-19105" srcset="https://somosdelprieto.com/wp-content/uploads/2024/06/Paso2-1024x682.jpg 1024w, https://somosdelprieto.com/wp-content/uploads/2024/06/Paso2-300x200.jpg 300w, https://somosdelprieto.com/wp-content/uploads/2024/06/Paso2-768x512.jpg 768w, https://somosdelprieto.com/wp-content/uploads/2024/06/Paso2.jpg 1198w" sizes="auto, (max-width: 767px) 89vw, (max-width: 1000px) 54vw, (max-width: 1071px) 543px, 580px" /></figure>
</div>


<p>La documentación que debe enviar digitalizada, en archivos independientes para cada uno de los documentos, es:</p>



<ul id="block-244e661c-2010-467b-85d6-7c03cbfdc6be" class="wp-block-list">
<li><strong>DNI por ambas caras.</strong></li>



<li><strong>Número de la Seguridad Social.</strong> <strong><mark style="background-color:#ffffff" class="has-inline-color has-black-color"> ( En los casos de </mark><mark style="background-color:#ffffff" class="has-inline-color has-vivid-red-color">Ciclos Formativos</mark><mark style="background-color:#ffffff" class="has-inline-color has-black-color">, de cara al período de formación en empresas,</mark><mark style="background-color:#ffffff" class="has-inline-color has-vivid-red-color"> ES IMPORTANTE QUE SEA EL NÚMERO PROPIO DEL ALUMNO, QUE NO APAREZCA COMO BENEFICIARIO NI QUE EL NÚMERO SEA TEMPORAL).</mark></strong></li>



<li><strong>Una Fotografía.</strong></li>



<li><strong>Justificante del pago del seguro escolar.</strong></li>
</ul>



<p class="has-vivid-cyan-blue-color has-text-color has-medium-font-size"><strong>TENGO DUDAS. ¿CÓMO CONTACTO CON EL CENTRO?</strong></p>



<p>Cualquier <strong>trámite</strong> <strong>o</strong> <strong>consulta general</strong> lo encontrarás resuelto navegando a través de la <a href="https://somosdelprieto.com/index.php/secretaria/">pestaña de Secretaría</a>.</p>



<p>Para <strong>consulta particulares</strong> ponte en contacto a través de:</p>



<ul class="wp-block-list">
<li><strong>Preferentemente</strong> correo electrónico:&nbsp;<a href="mailto:13003336.ies@educastillalamancha.es">13003336.ies@educastillalamancha.es</a></li>



<li>De forma presencial: Horario de 9:00 a 14:00</li>



<li>Teléfono: 926 32 19 03</li>
</ul>

<p>FORMALIZACIÓN DE MATRÍCULA En ésta página de «matrículas» en la que te encuentras, vas a encontrar toda la información de cómo realizar tu matrícula de forma completa. Léela detenidamente. NO CONFUNDIR PROCESO DE ADMISIÓN CON MATRICULACIÓN El proceso de admisión, por lo general, es la forma en que se solicita un puesto escolar en una &hellip; </p>
<p class="link-more"><a href="https://somosdelprieto.com/index.php/matriculacion-normas-generales/" class="more-link">Continuar leyendo<span class="screen-reader-text"> «Matriculación &#8211; Normas Generales»</span></a></p>
