{"id":5975,"date":"2021-06-30T17:49:25","date_gmt":"2021-06-30T15:49:25","guid":{"rendered":"https:\/\/somosdelprieto.com\/?page_id=5975"},"modified":"2025-02-05T09:26:32","modified_gmt":"2025-02-05T08:26:32","slug":"team-el-profesorado-y-el-proyecto","status":"publish","type":"page","link":"https:\/\/somosdelprieto.com\/index.php\/team-el-profesorado-y-el-proyecto\/","title":{"rendered":"Team: El profesorado y el Proyecto"},"content":{"rendered":"<div class=\"wp-block-image\">\n<figure class=\"aligncenter size-large is-resized\"><img loading=\"lazy\" decoding=\"async\" width=\"595\" height=\"480\" src=\"https:\/\/somosdelprieto.com\/wp-content\/uploads\/2021\/07\/Logo-BP.jpg\" alt=\"\" class=\"wp-image-7530\" style=\"width:361px;height:292px\" srcset=\"https:\/\/somosdelprieto.com\/wp-content\/uploads\/2021\/07\/Logo-BP.jpg 595w, https:\/\/somosdelprieto.com\/wp-content\/uploads\/2021\/07\/Logo-BP-300x242.jpg 300w\" sizes=\"auto, (max-width: 595px) 100vw, 595px\" \/><\/figure>\n<\/div>\n\n\n<p>Somos un gran equipo de profesores  que trabajamos&nbsp; d\u00eda a d\u00eda para ofrecer al alumnado del IES Gregorio Prieto un proyecto&nbsp; que desarrolla el Curr\u00edculo Brit\u00e1nico integr\u00e1ndolo en el curr\u00edculo Espa\u00f1ol en m\u00e1s de 8 materias y que utiliza como herramientas de aprendizaje:<\/p>\n\n\n\n<p>Aprendizaje Basado en Proyectos.<\/p>\n\n\n\n<p>STEAM.<\/p>\n\n\n\n<p>Flipped Classroom.<\/p>\n\n\n\n<p>Metodolog\u00eda Aicle.<\/p>\n\n\n\n<p>eTwinning.<\/p>\n\n\n\n<p>Aprendizaje Servicio.<\/p>\n\n\n\n<p>Aula del Futuro.<\/p>\n\n\n\n<p>El Equipo British dise\u00f1a gran cantidad de actividades para que nuestro alumnado aprenda interrelacionado lo que aprende en las distintas materias que forman parte del proyecto de manera conjunta.<\/p>\n\n\n\n<ul id=\"block-fdc063e4-4f70-47b1-a4c8-c9f5490a9825\" class=\"wp-block-list\">\n<li>Utilizamos la&nbsp;<strong>lengua inglesa<\/strong>&nbsp;para aprender en el d\u00eda a d\u00eda del aula y comunicarnos.<\/li>\n\n\n\n<li>Desarrollamos todas las&nbsp;<strong>competencias <\/strong>de manera conjunta entre todas las materias<\/li>\n\n\n\n<li>Ense\u00f1amos a trav\u00e9s de los principios b\u00e1sicos de una&nbsp;<strong>metodolog\u00eda AICLE.<\/strong><\/li>\n\n\n\n<li>Reforzamos ese uso de la lengua con&nbsp;<strong>dos sesiones m\u00e1s<\/strong>&nbsp;a la semana.<\/li>\n\n\n\n<li>Las materias que se estudian son las que determinan&nbsp;<strong>el tipo de lenguaje<\/strong>&nbsp;que se necesita aprender.<\/li>\n\n\n\n<li>La&nbsp;<strong>fluidez<\/strong>&nbsp;es m\u00e1s importante que la exactitud en el uso de la lengua.<\/li>\n\n\n\n<li>Desarrollamos todas las&nbsp;<strong>capacidades de comunicaci\u00f3n<\/strong>.<\/li>\n\n\n\n<li>La&nbsp;<strong>inmersi\u00f3n cultural<\/strong>&nbsp;a trav\u00e9s del&nbsp;<strong>intercambio de experiencias,<\/strong>&nbsp;profesorado y alumnado.<\/li>\n\n\n\n<li>El proyecto \u00abBritish\u00bb del IES Gregorio Prieto se desarrolla durante los cuatro cursos de la ESO a trav\u00e9s de las materias de&nbsp;<strong>Ingl\u00e9s, Biolog\u00eda y Geolog\u00eda, Geograf\u00eda e Historia, M\u00fasica, Educaci\u00f3n Pl\u00e1stica y Visual, <strong>Educaci\u00f3n F\u00edsica<\/strong> y Tecnolog\u00eda.<\/strong><\/li>\n\n\n\n<li>Adem\u00e1s en&nbsp;<strong>Bachillerato,<\/strong> al igual que en la ESO, reforzamos con&nbsp;<strong>dos horas m\u00e1s<\/strong>&nbsp;de ingl\u00e9s a la semana y <strong>cursamos materias en Lengua Inglesa.<\/strong><\/li>\n<\/ul>\n\n\n\n<p><strong><span class=\"has-inline-color has-vivid-cyan-blue-color\">Estos son algunos profesores y profesoras del Proyecto British Council- MEFP y del Proyecto Pluriling\u00fce a lo largo de los \u00faltimos a\u00f1os<\/span><\/strong><\/p>\n\n\n\n<figure class=\"wp-block-image size-large\"><img loading=\"lazy\" decoding=\"async\" width=\"1024\" height=\"819\" src=\"https:\/\/somosdelprieto.com\/wp-content\/uploads\/2025\/02\/GRUPO-24-25-para-triptico-25-26-1024x819.png\" alt=\"\" class=\"wp-image-20291\" srcset=\"https:\/\/somosdelprieto.com\/wp-content\/uploads\/2025\/02\/GRUPO-24-25-para-triptico-25-26-1024x819.png 1024w, https:\/\/somosdelprieto.com\/wp-content\/uploads\/2025\/02\/GRUPO-24-25-para-triptico-25-26-300x240.png 300w, https:\/\/somosdelprieto.com\/wp-content\/uploads\/2025\/02\/GRUPO-24-25-para-triptico-25-26-768x614.png 768w, https:\/\/somosdelprieto.com\/wp-content\/uploads\/2025\/02\/GRUPO-24-25-para-triptico-25-26-1536x1229.png 1536w, https:\/\/somosdelprieto.com\/wp-content\/uploads\/2025\/02\/GRUPO-24-25-para-triptico-25-26.png 2000w\" sizes=\"auto, (max-width: 767px) 89vw, (max-width: 1000px) 54vw, (max-width: 1071px) 543px, 580px\" \/><\/figure>\n\n\n\n<figure class=\"wp-block-image size-large\"><img loading=\"lazy\" decoding=\"async\" width=\"1024\" height=\"819\" src=\"https:\/\/somosdelprieto.com\/wp-content\/uploads\/2025\/02\/GRUPO-23-24-1024x819.png\" alt=\"\" class=\"wp-image-20317\" srcset=\"https:\/\/somosdelprieto.com\/wp-content\/uploads\/2025\/02\/GRUPO-23-24-1024x819.png 1024w, https:\/\/somosdelprieto.com\/wp-content\/uploads\/2025\/02\/GRUPO-23-24-300x240.png 300w, https:\/\/somosdelprieto.com\/wp-content\/uploads\/2025\/02\/GRUPO-23-24-768x614.png 768w, https:\/\/somosdelprieto.com\/wp-content\/uploads\/2025\/02\/GRUPO-23-24-1536x1229.png 1536w, https:\/\/somosdelprieto.com\/wp-content\/uploads\/2025\/02\/GRUPO-23-24.png 2000w\" sizes=\"auto, (max-width: 767px) 89vw, (max-width: 1000px) 54vw, (max-width: 1071px) 543px, 580px\" \/><\/figure>\n\n\n\n<figure class=\"wp-block-image size-large\"><img loading=\"lazy\" decoding=\"async\" width=\"1024\" height=\"819\" src=\"https:\/\/somosdelprieto.com\/wp-content\/uploads\/2025\/02\/\u2022-Equipo-British-\u2022-1024x819.png\" alt=\"\" class=\"wp-image-20318\" srcset=\"https:\/\/somosdelprieto.com\/wp-content\/uploads\/2025\/02\/\u2022-Equipo-British-\u2022-1024x819.png 1024w, https:\/\/somosdelprieto.com\/wp-content\/uploads\/2025\/02\/\u2022-Equipo-British-\u2022-300x240.png 300w, https:\/\/somosdelprieto.com\/wp-content\/uploads\/2025\/02\/\u2022-Equipo-British-\u2022-768x614.png 768w, https:\/\/somosdelprieto.com\/wp-content\/uploads\/2025\/02\/\u2022-Equipo-British-\u2022-1536x1229.png 1536w, https:\/\/somosdelprieto.com\/wp-content\/uploads\/2025\/02\/\u2022-Equipo-British-\u2022.png 2000w\" sizes=\"auto, (max-width: 767px) 89vw, (max-width: 1000px) 54vw, (max-width: 1071px) 543px, 580px\" \/><\/figure>\n\n\n\n<figure class=\"wp-block-image size-large\"><img loading=\"lazy\" decoding=\"async\" width=\"1024\" height=\"579\" src=\"https:\/\/somosdelprieto.com\/wp-content\/uploads\/2022\/01\/IMG-20220126-WA0010-1.jpg\" alt=\"\" class=\"wp-image-8790\" srcset=\"https:\/\/somosdelprieto.com\/wp-content\/uploads\/2022\/01\/IMG-20220126-WA0010-1.jpg 1024w, https:\/\/somosdelprieto.com\/wp-content\/uploads\/2022\/01\/IMG-20220126-WA0010-1-300x170.jpg 300w, https:\/\/somosdelprieto.com\/wp-content\/uploads\/2022\/01\/IMG-20220126-WA0010-1-768x434.jpg 768w\" sizes=\"auto, (max-width: 767px) 89vw, (max-width: 1000px) 54vw, (max-width: 1071px) 543px, 580px\" \/><\/figure>\n\n\n\n<div class=\"wp-block-columns is-layout-flex wp-container-core-columns-is-layout-9d6595d7 wp-block-columns-is-layout-flex\">\n<div class=\"wp-block-column is-layout-flow wp-block-column-is-layout-flow\">\n<figure class=\"wp-block-image size-large\"><img loading=\"lazy\" decoding=\"async\" width=\"1024\" height=\"492\" src=\"https:\/\/somosdelprieto.com\/wp-content\/uploads\/2021\/06\/IMG-20201221-WA0000.jpg\" alt=\"\" class=\"wp-image-7362\" srcset=\"https:\/\/somosdelprieto.com\/wp-content\/uploads\/2021\/06\/IMG-20201221-WA0000.jpg 1024w, https:\/\/somosdelprieto.com\/wp-content\/uploads\/2021\/06\/IMG-20201221-WA0000-300x144.jpg 300w, https:\/\/somosdelprieto.com\/wp-content\/uploads\/2021\/06\/IMG-20201221-WA0000-768x369.jpg 768w\" sizes=\"auto, (max-width: 767px) 89vw, (max-width: 1000px) 54vw, (max-width: 1071px) 543px, 580px\" \/><\/figure>\n<\/div>\n\n\n\n<div class=\"wp-block-column is-layout-flow wp-block-column-is-layout-flow\">\n<div class=\"wp-block-columns is-layout-flex wp-container-core-columns-is-layout-9d6595d7 wp-block-columns-is-layout-flex\">\n<div class=\"wp-block-column is-layout-flow wp-block-column-is-layout-flow\">\n<figure class=\"wp-block-image size-large\"><img loading=\"lazy\" decoding=\"async\" width=\"768\" height=\"1024\" src=\"https:\/\/somosdelprieto.com\/wp-content\/uploads\/2021\/06\/IMG_20210623_110606-1-768x1024.jpg\" alt=\"\" class=\"wp-image-7360\" srcset=\"https:\/\/somosdelprieto.com\/wp-content\/uploads\/2021\/06\/IMG_20210623_110606-1-768x1024.jpg 768w, https:\/\/somosdelprieto.com\/wp-content\/uploads\/2021\/06\/IMG_20210623_110606-1-225x300.jpg 225w, https:\/\/somosdelprieto.com\/wp-content\/uploads\/2021\/06\/IMG_20210623_110606-1-1152x1536.jpg 1152w, https:\/\/somosdelprieto.com\/wp-content\/uploads\/2021\/06\/IMG_20210623_110606-1-1536x2048.jpg 1536w, https:\/\/somosdelprieto.com\/wp-content\/uploads\/2021\/06\/IMG_20210623_110606-1-scaled.jpg 1920w\" sizes=\"auto, (max-width: 767px) 89vw, (max-width: 1000px) 54vw, (max-width: 1071px) 543px, 580px\" \/><\/figure>\n<\/div>\n\n\n\n<div class=\"wp-block-column is-layout-flow wp-block-column-is-layout-flow\">\n<figure class=\"wp-block-image size-large\"><img loading=\"lazy\" decoding=\"async\" width=\"768\" height=\"1024\" src=\"https:\/\/somosdelprieto.com\/wp-content\/uploads\/2021\/06\/IMG-20210623-WA0005-768x1024.jpg\" alt=\"\" class=\"wp-image-7357\" srcset=\"https:\/\/somosdelprieto.com\/wp-content\/uploads\/2021\/06\/IMG-20210623-WA0005-768x1024.jpg 768w, https:\/\/somosdelprieto.com\/wp-content\/uploads\/2021\/06\/IMG-20210623-WA0005-225x300.jpg 225w, https:\/\/somosdelprieto.com\/wp-content\/uploads\/2021\/06\/IMG-20210623-WA0005-1152x1536.jpg 1152w, https:\/\/somosdelprieto.com\/wp-content\/uploads\/2021\/06\/IMG-20210623-WA0005.jpg 1500w\" sizes=\"auto, (max-width: 767px) 89vw, (max-width: 1000px) 54vw, (max-width: 1071px) 543px, 580px\" \/><\/figure>\n<\/div>\n<\/div>\n<\/div>\n<\/div>\n\n\n\n<div class=\"wp-block-columns is-layout-flex wp-container-core-columns-is-layout-9d6595d7 wp-block-columns-is-layout-flex\">\n<div class=\"wp-block-column is-layout-flow wp-block-column-is-layout-flow\">\n<figure class=\"wp-block-image size-large\"><img loading=\"lazy\" decoding=\"async\" width=\"1024\" height=\"768\" src=\"https:\/\/somosdelprieto.com\/wp-content\/uploads\/2021\/06\/IMG-20200123-WA0003-1024x768.jpg\" alt=\"\" class=\"wp-image-7359\" srcset=\"https:\/\/somosdelprieto.com\/wp-content\/uploads\/2021\/06\/IMG-20200123-WA0003-1024x768.jpg 1024w, https:\/\/somosdelprieto.com\/wp-content\/uploads\/2021\/06\/IMG-20200123-WA0003-300x225.jpg 300w, https:\/\/somosdelprieto.com\/wp-content\/uploads\/2021\/06\/IMG-20200123-WA0003-768x576.jpg 768w, https:\/\/somosdelprieto.com\/wp-content\/uploads\/2021\/06\/IMG-20200123-WA0003-1536x1152.jpg 1536w, https:\/\/somosdelprieto.com\/wp-content\/uploads\/2021\/06\/IMG-20200123-WA0003.jpg 1600w\" sizes=\"auto, (max-width: 767px) 89vw, (max-width: 1000px) 54vw, (max-width: 1071px) 543px, 580px\" \/><\/figure>\n<\/div>\n\n\n\n<div class=\"wp-block-column is-layout-flow wp-block-column-is-layout-flow\">\n<figure class=\"wp-block-image size-large\"><img loading=\"lazy\" decoding=\"async\" width=\"1024\" height=\"607\" src=\"https:\/\/somosdelprieto.com\/wp-content\/uploads\/2021\/06\/IMG-20190118-WA0028.jpg\" alt=\"\" class=\"wp-image-7358\" srcset=\"https:\/\/somosdelprieto.com\/wp-content\/uploads\/2021\/06\/IMG-20190118-WA0028.jpg 1024w, https:\/\/somosdelprieto.com\/wp-content\/uploads\/2021\/06\/IMG-20190118-WA0028-300x178.jpg 300w, https:\/\/somosdelprieto.com\/wp-content\/uploads\/2021\/06\/IMG-20190118-WA0028-768x455.jpg 768w\" sizes=\"auto, (max-width: 767px) 89vw, (max-width: 1000px) 54vw, (max-width: 1071px) 543px, 580px\" \/><\/figure>\n<\/div>\n\n\n\n<div class=\"wp-block-column is-layout-flow wp-block-column-is-layout-flow\">\n<figure class=\"wp-block-image size-large\"><img loading=\"lazy\" decoding=\"async\" width=\"1024\" height=\"768\" src=\"https:\/\/somosdelprieto.com\/wp-content\/uploads\/2021\/06\/IMG-20210306-WA0019-1024x768.jpg\" alt=\"\" class=\"wp-image-7361\" srcset=\"https:\/\/somosdelprieto.com\/wp-content\/uploads\/2021\/06\/IMG-20210306-WA0019-1024x768.jpg 1024w, https:\/\/somosdelprieto.com\/wp-content\/uploads\/2021\/06\/IMG-20210306-WA0019-300x225.jpg 300w, https:\/\/somosdelprieto.com\/wp-content\/uploads\/2021\/06\/IMG-20210306-WA0019-768x576.jpg 768w, https:\/\/somosdelprieto.com\/wp-content\/uploads\/2021\/06\/IMG-20210306-WA0019-1536x1152.jpg 1536w, https:\/\/somosdelprieto.com\/wp-content\/uploads\/2021\/06\/IMG-20210306-WA0019.jpg 1600w\" sizes=\"auto, (max-width: 767px) 89vw, (max-width: 1000px) 54vw, (max-width: 1071px) 543px, 580px\" \/><\/figure>\n<\/div>\n<\/div>\n\n\n\n<p><a rel=\"noopener noreferrer\" href=\"https:\/\/iesgpbritish.wixsite.com\/iesgp\" target=\"_blank\">Antigua Web del British<\/a><\/p>\n\n\n\n<p><a rel=\"noreferrer noopener\" href=\"http:\/\/somosdelprieto.blogspot.com\/search\/label\/PROYECTO%20BILING%C3%9CE%20BRITISH\" target=\"_blank\">Antiguas entradas en el blog del IES Gregorio Prieto<\/a><\/p>\n\n\n<div class=\"wp-block-image\">\n<figure class=\"aligncenter size-large is-resized\"><a href=\"https:\/\/somosdelprieto.com\/index.php\/proyecto-british-council\/\"><img loading=\"lazy\" decoding=\"async\" width=\"1024\" height=\"502\" src=\"https:\/\/somosdelprieto.com\/wp-content\/uploads\/2020\/09\/logobritish-2-1024x502.jpg\" alt=\"\" class=\"wp-image-1746\" style=\"width:220px;height:107px\" srcset=\"https:\/\/somosdelprieto.com\/wp-content\/uploads\/2020\/09\/logobritish-2-1024x502.jpg 1024w, https:\/\/somosdelprieto.com\/wp-content\/uploads\/2020\/09\/logobritish-2-300x147.jpg 300w, https:\/\/somosdelprieto.com\/wp-content\/uploads\/2020\/09\/logobritish-2-768x376.jpg 768w, https:\/\/somosdelprieto.com\/wp-content\/uploads\/2020\/09\/logobritish-2.jpg 1061w\" sizes=\"auto, (max-width: 767px) 89vw, (max-width: 1000px) 54vw, (max-width: 1071px) 543px, 580px\" \/><\/a><figcaption class=\"wp-element-caption\">Haz clic para volver a men\u00fa inicio<\/figcaption><\/figure>\n<\/div>","protected":false},"excerpt":{"rendered":"<p>Somos un gran equipo de profesores que trabajamos&nbsp; d\u00eda a d\u00eda para ofrecer al alumnado del IES Gregorio Prieto un proyecto&nbsp; que desarrolla el Curr\u00edculo Brit\u00e1nico integr\u00e1ndolo en el curr\u00edculo Espa\u00f1ol en m\u00e1s de 8 materias y que utiliza como herramientas de aprendizaje: Aprendizaje Basado en Proyectos. STEAM. Flipped Classroom. Metodolog\u00eda Aicle. eTwinning. Aprendizaje Servicio. &hellip; <\/p>\n<p class=\"link-more\"><a href=\"https:\/\/somosdelprieto.com\/index.php\/team-el-profesorado-y-el-proyecto\/\" class=\"more-link\">Continuar leyendo<span class=\"screen-reader-text\"> \u00abTeam: El profesorado y el Proyecto\u00bb<\/span><\/a><\/p>\n","protected":false},"author":45,"featured_media":0,"parent":0,"menu_order":0,"comment_status":"closed","ping_status":"closed","template":"","meta":{"footnotes":""},"class_list":["post-5975","page","type-page","status-publish","hentry"],"_links":{"self":[{"href":"https:\/\/somosdelprieto.com\/index.php\/wp-json\/wp\/v2\/pages\/5975","targetHints":{"allow":["GET"]}}],"collection":[{"href":"https:\/\/somosdelprieto.com\/index.php\/wp-json\/wp\/v2\/pages"}],"about":[{"href":"https:\/\/somosdelprieto.com\/index.php\/wp-json\/wp\/v2\/types\/page"}],"author":[{"embeddable":true,"href":"https:\/\/somosdelprieto.com\/index.php\/wp-json\/wp\/v2\/users\/45"}],"replies":[{"embeddable":true,"href":"https:\/\/somosdelprieto.com\/index.php\/wp-json\/wp\/v2\/comments?post=5975"}],"version-history":[{"count":35,"href":"https:\/\/somosdelprieto.com\/index.php\/wp-json\/wp\/v2\/pages\/5975\/revisions"}],"predecessor-version":[{"id":20319,"href":"https:\/\/somosdelprieto.com\/index.php\/wp-json\/wp\/v2\/pages\/5975\/revisions\/20319"}],"wp:attachment":[{"href":"https:\/\/somosdelprieto.com\/index.php\/wp-json\/wp\/v2\/media?parent=5975"}],"curies":[{"name":"wp","href":"https:\/\/api.w.org\/{rel}","templated":true}]}}