{"id":5042,"date":"2021-04-06T17:12:33","date_gmt":"2021-04-06T15:12:33","guid":{"rendered":"https:\/\/somosdelprieto.com\/?page_id=5042"},"modified":"2021-04-06T17:25:08","modified_gmt":"2021-04-06T15:25:08","slug":"ejemplos-de-proyectos","status":"publish","type":"page","link":"https:\/\/somosdelprieto.com\/index.php\/portada\/proyectos-2\/centro-etwinning\/ejemplos-de-proyectos\/","title":{"rendered":"Ejemplos de proyectos"},"content":{"rendered":"\n<figure class=\"wp-block-image size-large is-style-rounded\"><img loading=\"lazy\" decoding=\"async\" width=\"1024\" height=\"698\" src=\"https:\/\/somosdelprieto.com\/wp-content\/uploads\/2020\/11\/Imagen4-1024x698.png\" alt=\"\" class=\"wp-image-2220\" srcset=\"https:\/\/somosdelprieto.com\/wp-content\/uploads\/2020\/11\/Imagen4-1024x698.png 1024w, https:\/\/somosdelprieto.com\/wp-content\/uploads\/2020\/11\/Imagen4-300x204.png 300w, https:\/\/somosdelprieto.com\/wp-content\/uploads\/2020\/11\/Imagen4-768x523.png 768w, https:\/\/somosdelprieto.com\/wp-content\/uploads\/2020\/11\/Imagen4.png 1280w\" sizes=\"auto, (max-width: 767px) 89vw, (max-width: 1000px) 54vw, (max-width: 1071px) 543px, 580px\" \/><\/figure>\n\n\n\n<p class=\"has-text-align-center\"><strong><em><span class=\"has-inline-color has-vivid-cyan-blue-color\">Ejemplos de Proyectos Multidisciplinares<\/span><\/em><\/strong><\/p>\n\n\n\n<p><strong>1)<\/strong> <em><a href=\"https:\/\/twinspace.etwinning.net\/93443\/pages\/page\/1008088\">s\u00dcRre\u00c2L\u00edST<\/a><\/em><\/p>\n\n\n\n<p>2)<em><a href=\"https:\/\/twinspace.etwinning.net\/44277\/pages\/page\/371928\">Golden number, where are you?<\/a><\/em><\/p>\n\n\n\n<p><strong>3)<\/strong><a href=\"https:\/\/twinspace.etwinning.net\/26748\/pages\/page\/241430\"> Anatomic@rT, Literatura, M\u00fasica, Arte&#8230;<\/a><\/p>\n\n\n\n<p><strong>4)<\/strong> <em><a href=\"https:\/\/twinspace.etwinning.net\/21924\/pages\/page\/144935\">\u00abScales and Sizes\u00bb<\/a><\/em><\/p>\n\n\n\n<p><strong>5)<\/strong><a href=\"https:\/\/twinspace.etwinning.net\/20319\/pages\/page\/142592\"> <em>National Parks = International Treasure<\/em><\/a><\/p>\n\n\n\n<p><strong>6)<\/strong> <a href=\"https:\/\/twinspace.etwinning.net\/34530\/pages\/page\/242944\">BIOS : Birds In Our Schools<\/a><\/p>\n\n\n\n<p><strong>\u00a1Fabuloso! \u00bfVerdad? Encuentra m\u00e1s proyectos relacionados con tu materia, ver\u00e1s como te animas a comenzar uno:<\/strong><\/p>\n\n\n\n<ul class=\"wp-block-list\"><li><a href=\"http:\/\/etwinning.es\/es\/proyectos\/buscador-de-proyectos\/\">Buscador<\/a><\/li><\/ul>\n\n\n\n<p><strong>Otro material \u00fatil<\/strong>:<\/p>\n\n\n\n<ul class=\"wp-block-list\" id=\"block-5f61fd2a-e100-4fb6-bca8-1b4092df7eec\"><li><a href=\"http:\/\/etwinning.es\/es\/como-hacer-el-registro-inscripcion-en-etwinning\/\">Registro en eTwinning<\/a><\/li><li><a href=\"http:\/\/etwinning.es\/es\/materiales-de-ayuda\/ayuda-etwinning\/\">Tutoriales<\/a>&nbsp;<\/li><li><a href=\"http:\/\/etwinning.es\/es\/materiales-de-ayuda\/\">Materiales de ayuda<\/a>&nbsp;<\/li><\/ul>\n\n\n\n<div class=\"wp-block-image\"><figure class=\"aligncenter size-large is-resized\"><a href=\"https:\/\/somosdelprieto.com\/index.php\/portada\/proyectos-2\/centro-etwinning\/\" target=\"_blank\" rel=\"noopener\"><img loading=\"lazy\" decoding=\"async\" src=\"https:\/\/somosdelprieto.com\/wp-content\/uploads\/2021\/04\/BANNER-logo_etwinning-OFICIAL.jpg\" alt=\"\" class=\"wp-image-5065\" width=\"180\" height=\"123\" srcset=\"https:\/\/somosdelprieto.com\/wp-content\/uploads\/2021\/04\/BANNER-logo_etwinning-OFICIAL.jpg 820w, https:\/\/somosdelprieto.com\/wp-content\/uploads\/2021\/04\/BANNER-logo_etwinning-OFICIAL-300x205.jpg 300w, https:\/\/somosdelprieto.com\/wp-content\/uploads\/2021\/04\/BANNER-logo_etwinning-OFICIAL-768x524.jpg 768w\" sizes=\"auto, (max-width: 180px) 100vw, 180px\" \/><\/a><figcaption>   Volver a la  p\u00e1gina principal<\/figcaption><\/figure><\/div>\n","protected":false},"excerpt":{"rendered":"<p>Ejemplos de Proyectos Multidisciplinares 1) s\u00dcRre\u00c2L\u00edST 2)Golden number, where are you? 3) Anatomic@rT, Literatura, M\u00fasica, Arte&#8230; 4) \u00abScales and Sizes\u00bb 5) National Parks = International Treasure 6) BIOS : Birds In Our Schools \u00a1Fabuloso! \u00bfVerdad? Encuentra m\u00e1s proyectos relacionados con tu materia, ver\u00e1s como te animas a comenzar uno: Buscador Otro material \u00fatil: Registro en &hellip; <\/p>\n<p class=\"link-more\"><a href=\"https:\/\/somosdelprieto.com\/index.php\/portada\/proyectos-2\/centro-etwinning\/ejemplos-de-proyectos\/\" class=\"more-link\">Continuar leyendo<span class=\"screen-reader-text\"> \u00abEjemplos de proyectos\u00bb<\/span><\/a><\/p>\n","protected":false},"author":46,"featured_media":0,"parent":310,"menu_order":4,"comment_status":"closed","ping_status":"closed","template":"","meta":{"footnotes":""},"class_list":["post-5042","page","type-page","status-publish","hentry"],"_links":{"self":[{"href":"https:\/\/somosdelprieto.com\/index.php\/wp-json\/wp\/v2\/pages\/5042","targetHints":{"allow":["GET"]}}],"collection":[{"href":"https:\/\/somosdelprieto.com\/index.php\/wp-json\/wp\/v2\/pages"}],"about":[{"href":"https:\/\/somosdelprieto.com\/index.php\/wp-json\/wp\/v2\/types\/page"}],"author":[{"embeddable":true,"href":"https:\/\/somosdelprieto.com\/index.php\/wp-json\/wp\/v2\/users\/46"}],"replies":[{"embeddable":true,"href":"https:\/\/somosdelprieto.com\/index.php\/wp-json\/wp\/v2\/comments?post=5042"}],"version-history":[{"count":6,"href":"https:\/\/somosdelprieto.com\/index.php\/wp-json\/wp\/v2\/pages\/5042\/revisions"}],"predecessor-version":[{"id":5091,"href":"https:\/\/somosdelprieto.com\/index.php\/wp-json\/wp\/v2\/pages\/5042\/revisions\/5091"}],"up":[{"embeddable":true,"href":"https:\/\/somosdelprieto.com\/index.php\/wp-json\/wp\/v2\/pages\/310"}],"wp:attachment":[{"href":"https:\/\/somosdelprieto.com\/index.php\/wp-json\/wp\/v2\/media?parent=5042"}],"curies":[{"name":"wp","href":"https:\/\/api.w.org\/{rel}","templated":true}]}}