{"id":5038,"date":"2021-04-06T17:11:46","date_gmt":"2021-04-06T15:11:46","guid":{"rendered":"https:\/\/somosdelprieto.com\/?page_id=5038"},"modified":"2021-04-06T17:24:42","modified_gmt":"2021-04-06T15:24:42","slug":"para-que-utilizar-etwinning-en-el-dia-a-dia-de-mi-aula","status":"publish","type":"page","link":"https:\/\/somosdelprieto.com\/index.php\/portada\/proyectos-2\/centro-etwinning\/para-que-utilizar-etwinning-en-el-dia-a-dia-de-mi-aula\/","title":{"rendered":"\u00bfPara qu\u00e9 utilizar eTwinning en el d\u00eda a d\u00eda de mi aula?"},"content":{"rendered":"\n<figure class=\"wp-block-image size-large is-style-rounded\"><img loading=\"lazy\" decoding=\"async\" width=\"1024\" height=\"681\" src=\"https:\/\/somosdelprieto.com\/wp-content\/uploads\/2021\/03\/time-for-a-change-897441_1280-1024x681.jpg\" alt=\"\" class=\"wp-image-4547\" srcset=\"https:\/\/somosdelprieto.com\/wp-content\/uploads\/2021\/03\/time-for-a-change-897441_1280-1024x681.jpg 1024w, https:\/\/somosdelprieto.com\/wp-content\/uploads\/2021\/03\/time-for-a-change-897441_1280-300x199.jpg 300w, https:\/\/somosdelprieto.com\/wp-content\/uploads\/2021\/03\/time-for-a-change-897441_1280-768x511.jpg 768w, https:\/\/somosdelprieto.com\/wp-content\/uploads\/2021\/03\/time-for-a-change-897441_1280.jpg 1280w\" sizes=\"auto, (max-width: 767px) 89vw, (max-width: 1000px) 54vw, (max-width: 1071px) 543px, 580px\" \/><\/figure>\n\n\n\n<p><span class=\"has-inline-color has-vivid-cyan-blue-color\">\u00bfPara qu\u00e9 utilizar eTwinning en mi d\u00eda a d\u00eda en el aula?<\/span><\/p>\n\n\n\n<ul class=\"wp-block-list\"><li>Para poder trabajar con menores de edad en un lugar seguro, dado que existe un chequeo de veracidad y son \u00fanicamente centros educativos qui\u00e9nes pueden estar registrados.<\/li><\/ul>\n\n\n\n<ul class=\"wp-block-list\"><li>Para tener todo el material relacionado con un proyecto en un \u00fanico lugar de f\u00e1cil acceso para todos los participantes.<\/li><li>Para poder ofrecer una contrase\u00f1a de visitante a evaluadores externos que puedan ver el d\u00eda a d\u00eda de tu trabajo y su relaci\u00f3n con el curr\u00edculo, sin tener que estar p\u00fablio en la web.<\/li><\/ul>\n\n\n\n<ul class=\"wp-block-list\"><li>Para poder disponer de una gran variedad de herramientas ( chat, blog, correo, herramientas 2.0) en \u00fanico espacio.<\/li><\/ul>\n\n\n\n<ul class=\"wp-block-list\"><li>Para realizar un aprendizaje entre iguales. PEERS\u00b4LEARNING<\/li><\/ul>\n\n\n\n<ul class=\"wp-block-list\"><li>Para poner en pr\u00e1ctica los conocimientos adquiridos en contextos reales vi\u00e9ndoles una utilidad<\/li><\/ul>\n\n\n\n<ul class=\"wp-block-list\"><li>Para realizar un aprendizaje basado en proyectos: ABP<\/li><\/ul>\n\n\n\n<ul class=\"wp-block-list\"><li>Proyectos en los que todas las materias trabajan de una manera interrelacionada, realizando un aprendizaje sin compartimentos. Matem\u00e1ticas, Tecnolog\u00eda, Ingenier\u00eda, Arte, Ciencias, Disciplinas Ling\u00fc\u00edsticas:&nbsp; STEAM<\/li><\/ul>\n\n\n\n<ul class=\"wp-block-list\"><li>Para desarrollar un pensamiento computacional. CODE WEEK<\/li><\/ul>\n\n\n\n<ul class=\"wp-block-list\"><li>Para desarrollar un aprendizaje intercultural y a la multiculturalidad ling\u00fc\u00edstica<\/li><\/ul>\n\n\n\n<ul class=\"wp-block-list\"><li>Para desarrollar todas las competencias de una manera contextualizada<\/li><\/ul>\n\n\n\n<ul class=\"wp-block-list\"><li>Como herramienta clave para realizar una educaci\u00f3n inclusiva, dando respuesta a todo tipo de alumnado: INCLUSIVE LEARNING<\/li><\/ul>\n\n\n\n<ul class=\"wp-block-list\"><li>Para dar ingredientes clave a todos los niveles, infantil, primaria secundaria bachillerato y formaci\u00f3n profesional<\/li><\/ul>\n\n\n\n<p>  <span class=\"has-inline-color has-vivid-green-cyan-color\">  \u00bfQuieres&nbsp; saber m\u00e1s?<\/span><\/p>\n\n\n\n<p><a href=\"http:\/\/etwinning.es\/es\/videoanimacion-etwinning-y-las-competencias-clave\/\">eTwinning y las competencias.<\/a><\/p>\n\n\n\n<p><a href=\"http:\/\/etwinning.es\/es\/el-pensamiento-computacional-en-la-educacion-y-en-los-proyectos-etwinning\/\">eTwinning y el pensamiento computacional<\/a>.<\/p>\n\n\n\n<p><a href=\"http:\/\/etwinning.es\/es\/etwinning-y-las-lenguas-una-ventana-a-la-multiculturalidad-linguistica\/\">eTwinning y la multiculturalidad.<\/a><\/p>\n\n\n\n<p><a href=\"http:\/\/etwinning.es\/es\/nuevas-oportunidades-motivacion-y-exito-en-fp\/\">eTwinning y F.P<\/a><\/p>\n\n\n\n<div class=\"wp-block-image\"><figure class=\"aligncenter size-large is-resized\"><a href=\"https:\/\/somosdelprieto.com\/index.php\/portada\/proyectos-2\/centro-etwinning\/\" target=\"_blank\" rel=\"noopener\"><img loading=\"lazy\" decoding=\"async\" src=\"https:\/\/somosdelprieto.com\/wp-content\/uploads\/2021\/04\/BANNER-logo_etwinning-OFICIAL.jpg\" alt=\"\" class=\"wp-image-5065\" width=\"180\" height=\"123\" srcset=\"https:\/\/somosdelprieto.com\/wp-content\/uploads\/2021\/04\/BANNER-logo_etwinning-OFICIAL.jpg 820w, https:\/\/somosdelprieto.com\/wp-content\/uploads\/2021\/04\/BANNER-logo_etwinning-OFICIAL-300x205.jpg 300w, https:\/\/somosdelprieto.com\/wp-content\/uploads\/2021\/04\/BANNER-logo_etwinning-OFICIAL-768x524.jpg 768w\" sizes=\"auto, (max-width: 180px) 100vw, 180px\" \/><\/a><figcaption>   Volver a la  p\u00e1gina principal<\/figcaption><\/figure><\/div>\n\n\n\n<p><\/p>\n","protected":false},"excerpt":{"rendered":"<p>\u00bfPara qu\u00e9 utilizar eTwinning en mi d\u00eda a d\u00eda en el aula? Para poder trabajar con menores de edad en un lugar seguro, dado que existe un chequeo de veracidad y son \u00fanicamente centros educativos qui\u00e9nes pueden estar registrados. Para tener todo el material relacionado con un proyecto en un \u00fanico lugar de f\u00e1cil acceso &hellip; <\/p>\n<p class=\"link-more\"><a href=\"https:\/\/somosdelprieto.com\/index.php\/portada\/proyectos-2\/centro-etwinning\/para-que-utilizar-etwinning-en-el-dia-a-dia-de-mi-aula\/\" class=\"more-link\">Continuar leyendo<span class=\"screen-reader-text\"> \u00ab\u00bfPara qu\u00e9 utilizar eTwinning en el d\u00eda a d\u00eda de mi aula?\u00bb<\/span><\/a><\/p>\n","protected":false},"author":46,"featured_media":0,"parent":310,"menu_order":3,"comment_status":"closed","ping_status":"closed","template":"","meta":{"footnotes":""},"class_list":["post-5038","page","type-page","status-publish","hentry"],"_links":{"self":[{"href":"https:\/\/somosdelprieto.com\/index.php\/wp-json\/wp\/v2\/pages\/5038","targetHints":{"allow":["GET"]}}],"collection":[{"href":"https:\/\/somosdelprieto.com\/index.php\/wp-json\/wp\/v2\/pages"}],"about":[{"href":"https:\/\/somosdelprieto.com\/index.php\/wp-json\/wp\/v2\/types\/page"}],"author":[{"embeddable":true,"href":"https:\/\/somosdelprieto.com\/index.php\/wp-json\/wp\/v2\/users\/46"}],"replies":[{"embeddable":true,"href":"https:\/\/somosdelprieto.com\/index.php\/wp-json\/wp\/v2\/comments?post=5038"}],"version-history":[{"count":6,"href":"https:\/\/somosdelprieto.com\/index.php\/wp-json\/wp\/v2\/pages\/5038\/revisions"}],"predecessor-version":[{"id":5090,"href":"https:\/\/somosdelprieto.com\/index.php\/wp-json\/wp\/v2\/pages\/5038\/revisions\/5090"}],"up":[{"embeddable":true,"href":"https:\/\/somosdelprieto.com\/index.php\/wp-json\/wp\/v2\/pages\/310"}],"wp:attachment":[{"href":"https:\/\/somosdelprieto.com\/index.php\/wp-json\/wp\/v2\/media?parent=5038"}],"curies":[{"name":"wp","href":"https:\/\/api.w.org\/{rel}","templated":true}]}}

¿Para qué utilizar eTwinning en el día a día de mi aula?

<figure class="wp-block-image size-large is-style-rounded"><img loading="lazy" decoding="async" width="1024" height="681" src="https://somosdelprieto.com/wp-content/uploads/2021/03/time-for-a-change-897441_1280-1024x681.jpg" alt="" class="wp-image-4547" srcset="https://somosdelprieto.com/wp-content/uploads/2021/03/time-for-a-change-897441_1280-1024x681.jpg 1024w, https://somosdelprieto.com/wp-content/uploads/2021/03/time-for-a-change-897441_1280-300x199.jpg 300w, https://somosdelprieto.com/wp-content/uploads/2021/03/time-for-a-change-897441_1280-768x511.jpg 768w, https://somosdelprieto.com/wp-content/uploads/2021/03/time-for-a-change-897441_1280.jpg 1280w" sizes="auto, (max-width: 767px) 89vw, (max-width: 1000px) 54vw, (max-width: 1071px) 543px, 580px" /></figure>



<p><span class="has-inline-color has-vivid-cyan-blue-color">¿Para qué utilizar eTwinning en mi día a día en el aula?</span></p>



<ul class="wp-block-list"><li>Para poder trabajar con menores de edad en un lugar seguro, dado que existe un chequeo de veracidad y son únicamente centros educativos quiénes pueden estar registrados.</li></ul>



<ul class="wp-block-list"><li>Para tener todo el material relacionado con un proyecto en un único lugar de fácil acceso para todos los participantes.</li><li>Para poder ofrecer una contraseña de visitante a evaluadores externos que puedan ver el día a día de tu trabajo y su relación con el currículo, sin tener que estar públio en la web.</li></ul>



<ul class="wp-block-list"><li>Para poder disponer de una gran variedad de herramientas ( chat, blog, correo, herramientas 2.0) en único espacio.</li></ul>



<ul class="wp-block-list"><li>Para realizar un aprendizaje entre iguales. PEERS´LEARNING</li></ul>



<ul class="wp-block-list"><li>Para poner en práctica los conocimientos adquiridos en contextos reales viéndoles una utilidad</li></ul>



<ul class="wp-block-list"><li>Para realizar un aprendizaje basado en proyectos: ABP</li></ul>



<ul class="wp-block-list"><li>Proyectos en los que todas las materias trabajan de una manera interrelacionada, realizando un aprendizaje sin compartimentos. Matemáticas, Tecnología, Ingeniería, Arte, Ciencias, Disciplinas Lingüísticas:&nbsp; STEAM</li></ul>



<ul class="wp-block-list"><li>Para desarrollar un pensamiento computacional. CODE WEEK</li></ul>



<ul class="wp-block-list"><li>Para desarrollar un aprendizaje intercultural y a la multiculturalidad lingüística</li></ul>



<ul class="wp-block-list"><li>Para desarrollar todas las competencias de una manera contextualizada</li></ul>



<ul class="wp-block-list"><li>Como herramienta clave para realizar una educación inclusiva, dando respuesta a todo tipo de alumnado: INCLUSIVE LEARNING</li></ul>



<ul class="wp-block-list"><li>Para dar ingredientes clave a todos los niveles, infantil, primaria secundaria bachillerato y formación profesional</li></ul>



<p>  <span class="has-inline-color has-vivid-green-cyan-color">  ¿Quieres&nbsp; saber más?</span></p>



<p><a href="http://etwinning.es/es/videoanimacion-etwinning-y-las-competencias-clave/">eTwinning y las competencias.</a></p>



<p><a href="http://etwinning.es/es/el-pensamiento-computacional-en-la-educacion-y-en-los-proyectos-etwinning/">eTwinning y el pensamiento computacional</a>.</p>



<p><a href="http://etwinning.es/es/etwinning-y-las-lenguas-una-ventana-a-la-multiculturalidad-linguistica/">eTwinning y la multiculturalidad.</a></p>



<p><a href="http://etwinning.es/es/nuevas-oportunidades-motivacion-y-exito-en-fp/">eTwinning y F.P</a></p>



<div class="wp-block-image"><figure class="aligncenter size-large is-resized"><a href="https://somosdelprieto.com/index.php/portada/proyectos-2/centro-etwinning/" target="_blank" rel="noopener"><img loading="lazy" decoding="async" src="https://somosdelprieto.com/wp-content/uploads/2021/04/BANNER-logo_etwinning-OFICIAL.jpg" alt="" class="wp-image-5065" width="180" height="123" srcset="https://somosdelprieto.com/wp-content/uploads/2021/04/BANNER-logo_etwinning-OFICIAL.jpg 820w, https://somosdelprieto.com/wp-content/uploads/2021/04/BANNER-logo_etwinning-OFICIAL-300x205.jpg 300w, https://somosdelprieto.com/wp-content/uploads/2021/04/BANNER-logo_etwinning-OFICIAL-768x524.jpg 768w" sizes="auto, (max-width: 180px) 100vw, 180px" /></a><figcaption>   Volver a la  página principal</figcaption></figure></div>



<p></p>

<p>¿Para qué utilizar eTwinning en mi día a día en el aula? Para poder trabajar con menores de edad en un lugar seguro, dado que existe un chequeo de veracidad y son únicamente centros educativos quiénes pueden estar registrados. Para tener todo el material relacionado con un proyecto en un único lugar de fácil acceso &hellip; </p>
<p class="link-more"><a href="https://somosdelprieto.com/index.php/portada/proyectos-2/centro-etwinning/para-que-utilizar-etwinning-en-el-dia-a-dia-de-mi-aula/" class="more-link">Continuar leyendo<span class="screen-reader-text"> «¿Para qué utilizar eTwinning en el día a día de mi aula?»</span></a></p>
