{"id":5034,"date":"2021-04-06T17:10:58","date_gmt":"2021-04-06T15:10:58","guid":{"rendered":"https:\/\/somosdelprieto.com\/?page_id=5034"},"modified":"2021-04-06T17:24:20","modified_gmt":"2021-04-06T15:24:20","slug":"que-me-ofrece-etwinning","status":"publish","type":"page","link":"https:\/\/somosdelprieto.com\/index.php\/portada\/proyectos-2\/centro-etwinning\/que-me-ofrece-etwinning\/","title":{"rendered":"\u00bfQu\u00e9 me ofrece eTwinning?"},"content":{"rendered":"\n<figure class=\"wp-block-image size-large is-style-rounded\"><img loading=\"lazy\" decoding=\"async\" width=\"640\" height=\"428\" src=\"https:\/\/somosdelprieto.com\/wp-content\/uploads\/2021\/04\/flower-22656_640.jpg\" alt=\"\" class=\"wp-image-5035\" srcset=\"https:\/\/somosdelprieto.com\/wp-content\/uploads\/2021\/04\/flower-22656_640.jpg 640w, https:\/\/somosdelprieto.com\/wp-content\/uploads\/2021\/04\/flower-22656_640-300x201.jpg 300w\" sizes=\"auto, (max-width: 640px) 100vw, 640px\" \/><\/figure>\n\n\n\n<p class=\"has-text-align-center\"><strong><em><span class=\"has-inline-color has-vivid-cyan-blue-color\">\u00bfQu\u00e9 ofrece eTwinning?<\/span><\/em><\/strong><\/p>\n\n\n\n<p class=\"has-drop-cap text-justify\">eTwinning ofrece la posibilidad de realizar todo tipo de proyectos colaborativos a nivel europeo nacional, entre centros de una misma nacionalidad  e incluso entre miembros de un mismo centro. Ofrece la oportunidad de poder realizar&nbsp; proyectos en los que intervengan docentes \u00fanicamente o  proyectos con la intervenci\u00f3n de de docentes y alumnos. eTwinning facilita&nbsp; un Intercambio de buenas pr\u00e1cticas a nivel europeo y nacional para los distintos miembros de una comunidad educativa. Nos ofrece formaci\u00f3n en todo tipo de disciplinas y campos a trav\u00e9s de eventos, seminarios, grupos y foros de una manera c\u00f3moda. eTwinning es un elemento clave del programa Erasmus+ para tener un espacio de trabajo colaborativo, para tener un espacio en el que compartir los resultados, hacerlos visibles y para ofrecer un punto de encuentro para aquellos alumnos que no van a realizar movilidad con el programa Erasmus+ pero as\u00ed pueden conocerse y trabajar de manera conjunta.<\/p>\n\n\n\n<ul class=\"wp-block-list\"><li><span class=\"has-inline-color has-vivid-green-cyan-color\">\u00bfQuieres saber m\u00e1s?<\/span><\/li><\/ul>\n\n\n\n<p><a href=\"http:\/\/www.etwinning.es\">www.etwinning.es<\/a><\/p>\n\n\n\n<p><a href=\"http:\/\/www.educa.jccm.es\/es\/sistema-educativo\/idiomas-programas-europeos\/programas-europeos\/etwinning\/beneficios-etwinning\">Beneficios de etwinning JCCM<\/a><a rel=\"noreferrer noopener\" href=\"http:\/\/www.educa.jccm.es\/es\/sistema-educativo\/idiomas-programas-europeos\/programas-europeos\/etwinning\/beneficios-etwinning\" target=\"_blank\">.<\/a><\/p>\n\n\n\n<div class=\"wp-block-image\"><figure class=\"aligncenter size-large is-resized\"><a href=\"https:\/\/somosdelprieto.com\/index.php\/portada\/proyectos-2\/centro-etwinning\/\" target=\"_blank\" rel=\"noopener\"><img loading=\"lazy\" decoding=\"async\" src=\"https:\/\/somosdelprieto.com\/wp-content\/uploads\/2021\/04\/BANNER-logo_etwinning-OFICIAL.jpg\" alt=\"\" class=\"wp-image-5065\" width=\"180\" height=\"123\" srcset=\"https:\/\/somosdelprieto.com\/wp-content\/uploads\/2021\/04\/BANNER-logo_etwinning-OFICIAL.jpg 820w, https:\/\/somosdelprieto.com\/wp-content\/uploads\/2021\/04\/BANNER-logo_etwinning-OFICIAL-300x205.jpg 300w, https:\/\/somosdelprieto.com\/wp-content\/uploads\/2021\/04\/BANNER-logo_etwinning-OFICIAL-768x524.jpg 768w\" sizes=\"auto, (max-width: 180px) 100vw, 180px\" \/><\/a><figcaption>   Volver a la  p\u00e1gina principal<\/figcaption><\/figure><\/div>\n\n\n\n<p><\/p>\n","protected":false},"excerpt":{"rendered":"<p>\u00bfQu\u00e9 ofrece eTwinning? eTwinning ofrece la posibilidad de realizar todo tipo de proyectos colaborativos a nivel europeo nacional, entre centros de una misma nacionalidad e incluso entre miembros de un mismo centro. Ofrece la oportunidad de poder realizar&nbsp; proyectos en los que intervengan docentes \u00fanicamente o proyectos con la intervenci\u00f3n de de docentes y alumnos. &hellip; <\/p>\n<p class=\"link-more\"><a href=\"https:\/\/somosdelprieto.com\/index.php\/portada\/proyectos-2\/centro-etwinning\/que-me-ofrece-etwinning\/\" class=\"more-link\">Continuar leyendo<span class=\"screen-reader-text\"> \u00ab\u00bfQu\u00e9 me ofrece eTwinning?\u00bb<\/span><\/a><\/p>\n","protected":false},"author":46,"featured_media":0,"parent":310,"menu_order":2,"comment_status":"closed","ping_status":"closed","template":"","meta":{"footnotes":""},"class_list":["post-5034","page","type-page","status-publish","hentry"],"_links":{"self":[{"href":"https:\/\/somosdelprieto.com\/index.php\/wp-json\/wp\/v2\/pages\/5034","targetHints":{"allow":["GET"]}}],"collection":[{"href":"https:\/\/somosdelprieto.com\/index.php\/wp-json\/wp\/v2\/pages"}],"about":[{"href":"https:\/\/somosdelprieto.com\/index.php\/wp-json\/wp\/v2\/types\/page"}],"author":[{"embeddable":true,"href":"https:\/\/somosdelprieto.com\/index.php\/wp-json\/wp\/v2\/users\/46"}],"replies":[{"embeddable":true,"href":"https:\/\/somosdelprieto.com\/index.php\/wp-json\/wp\/v2\/comments?post=5034"}],"version-history":[{"count":4,"href":"https:\/\/somosdelprieto.com\/index.php\/wp-json\/wp\/v2\/pages\/5034\/revisions"}],"predecessor-version":[{"id":5089,"href":"https:\/\/somosdelprieto.com\/index.php\/wp-json\/wp\/v2\/pages\/5034\/revisions\/5089"}],"up":[{"embeddable":true,"href":"https:\/\/somosdelprieto.com\/index.php\/wp-json\/wp\/v2\/pages\/310"}],"wp:attachment":[{"href":"https:\/\/somosdelprieto.com\/index.php\/wp-json\/wp\/v2\/media?parent=5034"}],"curies":[{"name":"wp","href":"https:\/\/api.w.org\/{rel}","templated":true}]}}