{"id":409,"date":"2020-05-04T18:06:44","date_gmt":"2020-05-04T16:06:44","guid":{"rendered":"https:\/\/somosdelprieto.com\/?page_id=409"},"modified":"2025-05-20T13:11:50","modified_gmt":"2025-05-20T11:11:50","slug":"departamento-de-hosteleria-y-turismo","status":"publish","type":"page","link":"https:\/\/somosdelprieto.com\/index.php\/departamentos\/departamento-de-hosteleria-y-turismo\/","title":{"rendered":"Departamento de Hosteler\u00eda y Turismo"},"content":{"rendered":"\n<figure class=\"wp-block-table\"><table><tbody><tr><td><\/td><td><span class=\"has-inline-color has-vivid-red-color\"><em><strong>ESTUDIOS IMPARTIDOS:<\/strong><\/em><\/span>&nbsp;<br><br>CF GRADO SUPERIOR:&nbsp;<br><a href=\"https:\/\/sites.google.com\/a\/iesgregorioprieto.com\/web\/estudios-impartidos\/cf-grado-superior\/tecnico-superior-en-direccion-de-cocina\" target=\"_blank\" rel=\"noreferrer noopener\">T\u00e9cnico superior en Direcci\u00f3n de Cocina<\/a><\/td><td><\/td><\/tr><tr><td><\/td><td>CF GRADO MEDIO:&nbsp;<br><a href=\"https:\/\/sites.google.com\/a\/iesgregorioprieto.com\/web\/estudios-impartidos\/cf-grado-medio-2\/tecnico-en-cocina-y-gastronomia\">T\u00e9cnico en Cocina y Gastronom\u00eda<\/a><\/td><td><\/td><\/tr><tr><td><\/td><td>FP B\u00c1SICA:<br><a href=\"https:\/\/sites.google.com\/a\/iesgregorioprieto.com\/web\/estudios-impartidos\/fp-basica\/fpb-cr\">Cocina y Restauraci\u00f3n<\/a><\/td><td><\/td><\/tr><\/tbody><\/table><\/figure>\n\n\n\n<figure class=\"wp-block-table\"><table><tbody><tr><td><strong><em>MIEMBROS:<\/em><\/strong><br><strong>Cerrillos Mart\u00ednez, Cristina (JD)<\/strong><br>Moraleda And\u00fajar, Manuel<br>Pav\u00f3n Delgado, Beatriz<br>Trujillo Delmas, Alberto<br>Carmona Franco, \u00d3scar<br>Ben\u00edtez Campos, Nicol\u00e1s<br>L\u00f3pez Mart\u00ednez, Hortensia<br>Gelpi Rivero, Saida Mar\u00eda<\/td><td><strong><em>CUERPO:<\/em><\/strong><br>Profesora T\u00e9cnica<br>Profesor T\u00e9cnico<br>Profesor Secundaria<br>Profesor T\u00e9cnico<br>Profesor T\u00e9cnico<br>Profesora T\u00e9cnica<br>Profesora T\u00e9cnica<br>Profesora Secundaria<\/td><\/tr><\/tbody><\/table><\/figure>\n\n\n\n<p><\/p>\n\n\n\n<h2 class=\"wp-block-heading\">\u00daLTIMAS NOTICIAS DEL DEPARTAMENTO!!!<\/h2>\n\n\n<ul class=\"wp-block-latest-posts__list wp-block-latest-posts\"><li><a class=\"wp-block-latest-posts__post-title\" href=\"https:\/\/somosdelprieto.com\/index.php\/2025\/10\/17\/calentamos-motores-para-los-campeonatos-autonomicos-de-formacion-profesional-clmskills-2025\/\">Calentamos motores para los Campeonatos Auton\u00f3micos de Formaci\u00f3n Profesional CLMSKILLS 2025<\/a><\/li>\n<li><a class=\"wp-block-latest-posts__post-title\" href=\"https:\/\/somosdelprieto.com\/index.php\/2025\/04\/03\/proyecto-tpv-hosteleria-en-el-i-e-s-gregorio-prieto\/\">Proyecto \u00abTPV HOSTELER\u00cdA\u00bb en el I. E. S. Gregorio Prieto<\/a><\/li>\n<li><a class=\"wp-block-latest-posts__post-title\" href=\"https:\/\/somosdelprieto.com\/index.php\/2024\/06\/13\/charla-sobre-residuos-organicos-y-compostaje-a-cargo-del-personal-de-rsu\/\">CHARLA SOBRE RESIDUOS ORG\u00c1NICOS Y COMPOSTAJE A CARGO DEL PERSONAL DE RSU<\/a><\/li>\n<li><a class=\"wp-block-latest-posts__post-title\" href=\"https:\/\/somosdelprieto.com\/index.php\/2024\/02\/22\/i-jornada-de-orientacion-profesional-para-bachillerato-y-grado-superior\/\">I Jornada de Orientaci\u00f3n Profesional para Bachillerato y Grado Superior<\/a><\/li>\n<li><a class=\"wp-block-latest-posts__post-title\" href=\"https:\/\/somosdelprieto.com\/index.php\/2023\/12\/21\/un-thanksgiving-saludable-23-24\/\">Un Thanksgiving saludable 23-24<\/a><\/li>\n<\/ul>\n\n\n<h2 class=\"wp-block-heading has-text-align-center\"><strong><strong>VISITA VIRTUAL POR NUESTRAS INSTALACIONES<\/strong><\/strong><\/h2>\n\n\n<ul id=\"pills-tab\" class=\"nav nav-pills nav-fill\" role=\"tablist\">\n<li class=\"nav-item\"><a id=\"pills-home-tab\" class=\"nav-link active\" role=\"tab\" href=\"#smr\" data-toggle=\"pill\">Sala (Video)<\/a><\/li>\n<li class=\" nav-item\"><a id=\"pills-profile-tab\" class=\"nav-link\" role=\"tab\" href=\"#asir\" data-toggle=\"pill\">Sala (Foto)<\/a><\/li>\n<li class=\"nav-item\"><a id=\"pills-contact-tab\" class=\"nav-link\" role=\"tab\" href=\"#dam\" data-toggle=\"pill\">Cocina (Video)<\/a><\/li>\n<li class=\"nav-item\"><a id=\"pills-home-tab\" class=\"nav-link\" role=\"tab\" href=\"#ticeso\" data-toggle=\"pill\">Cocina (Foto)<\/a><\/li>\n<\/ul>\n<div id=\"pills-tabContent\" class=\"tab-content\">\n<div id=\"smr\" class=\"tab-pane fade show active\" role=\"tabpanel\" aria-labelledby=\"pills-home-tab\">\n<div class=\"alert alert-success text-center\" role=\"alert\">\n<h2>Sala (Video)<\/h2>\n<\/div>\n<div class=\"card border-dark\">\n<\/div>\n<\/div>\n<div id=\"asir\" class=\"tab-pane fade\" role=\"tabpanel\" aria-labelledby=\"pills-home-tab\">\n<div class=\"alert alert-success text-center\" role=\"alert\">\n<h2>Sala (Foto)<\/h2>\n<\/div>\n<div class=\"card border-dark\">\n<div class=\"card-header\">\n<h2 class=\"font-weight-bold\"><\/h2>\n<\/div>\n<\/div>\n<\/div>\n<div id=\"dam\" class=\"tab-pane fade\" role=\"tabpanel\" aria-labelledby=\"pills-home-tab\">\n<div class=\"alert alert-success text-center\" role=\"alert\">\n<h2>Cocina (Video)<\/h2>\n<\/div>\n<div class=\"card border-dark\">\n<\/div>\n<\/div>\n<div id=\"ticeso\" class=\"tab-pane fade show\" role=\"tabpanel\" aria-labelledby=\"pills-home-tab\">\n<div class=\"alert alert-success text-center\" role=\"alert\">\n<h2>Cocina (Foto)<\/h2>\n<\/div>\n<div class=\"card border-dark\">\n<div class=\"card-header\">\n<h2 class=\"font-weight-bold\"><\/h2>\n<\/div>\n<\/div>\n<\/div>\n<\/div>\n\n\n<div class=\"wp-block-group\"><div class=\"wp-block-group__inner-container is-layout-flow wp-block-group-is-layout-flow\">\n<div class=\"wp-block-media-text alignwide has-media-on-the-right is-stacked-on-mobile\" style=\"grid-template-columns:auto 29%\"><div class=\"wp-block-media-text__content\">\n<p class=\"has-large-font-size\">REDES SOCI@LES<\/p>\n\n\n\n<p style=\"font-size:25px\">@hosteleria_iesgregorioprieto<\/p>\n<\/div><figure class=\"wp-block-media-text__media\"><img loading=\"lazy\" decoding=\"async\" width=\"300\" height=\"188\" src=\"https:\/\/somosdelprieto.com\/wp-content\/uploads\/2020\/05\/nuevo-logo-instagram-android-300x188.jpg\" alt=\"@HOSTELERIA_IESGREGORIOPRIETO\" class=\"wp-image-577 size-full\" srcset=\"https:\/\/somosdelprieto.com\/wp-content\/uploads\/2020\/05\/nuevo-logo-instagram-android-300x188.jpg 300w, https:\/\/somosdelprieto.com\/wp-content\/uploads\/2020\/05\/nuevo-logo-instagram-android-1024x640.jpg 1024w, https:\/\/somosdelprieto.com\/wp-content\/uploads\/2020\/05\/nuevo-logo-instagram-android-768x480.jpg 768w, https:\/\/somosdelprieto.com\/wp-content\/uploads\/2020\/05\/nuevo-logo-instagram-android.jpg 1200w\" sizes=\"auto, (max-width: 300px) 100vw, 300px\" \/><\/figure><\/div>\n<\/div><\/div>\n\n\n\n<p><\/p>\n\n\n\n<hr class=\"wp-block-separator has-css-opacity\" \/>\n\n\n\n<figure class=\"wp-block-image size-large\"><a href=\"https:\/\/somosdelprieto.com\/index.php\/departamentos\/departamento-de-hosteleria-y-turismo\/las-mananas-con\/\"><img loading=\"lazy\" decoding=\"async\" width=\"1024\" height=\"576\" src=\"https:\/\/somosdelprieto.com\/wp-content\/uploads\/2020\/05\/LAS-MA\u00d1ANAS-CON-1-1024x576.jpg\" alt=\"\" class=\"wp-image-589\" \/><\/a><\/figure>\n\n\n\n<hr class=\"wp-block-separator has-css-opacity\" \/>\n\n\n\n<p class=\"has-text-align-center\"><strong>PARTICIPACI\u00d3N EN CONCURSO DE \u00abCONSERVAS FRINSA\u00bb 2020<\/strong><\/p>\n\n\n\n<figure class=\"wp-block-gallery has-nested-images columns-default is-cropped wp-block-gallery-1 is-layout-flex wp-block-gallery-is-layout-flex\">\n<figure class=\"wp-block-image size-large\"><img loading=\"lazy\" decoding=\"async\" width=\"1024\" height=\"576\" data-id=\"572\" src=\"https:\/\/somosdelprieto.com\/wp-content\/uploads\/2020\/05\/20200309_1408221-1024x576.jpg\" alt=\"\" class=\"wp-image-572\" srcset=\"https:\/\/somosdelprieto.com\/wp-content\/uploads\/2020\/05\/20200309_1408221-1024x576.jpg 1024w, https:\/\/somosdelprieto.com\/wp-content\/uploads\/2020\/05\/20200309_1408221-300x169.jpg 300w, https:\/\/somosdelprieto.com\/wp-content\/uploads\/2020\/05\/20200309_1408221-768x432.jpg 768w, https:\/\/somosdelprieto.com\/wp-content\/uploads\/2020\/05\/20200309_1408221-1536x864.jpg 1536w, https:\/\/somosdelprieto.com\/wp-content\/uploads\/2020\/05\/20200309_1408221-2048x1152.jpg 2048w\" sizes=\"auto, (max-width: 767px) 89vw, (max-width: 1000px) 54vw, (max-width: 1071px) 543px, 580px\" \/><figcaption class=\"wp-element-caption\">Pastel de Salm\u00f3n, by Jes\u00fas<\/figcaption><\/figure>\n\n\n\n<figure class=\"wp-block-image size-large\"><img loading=\"lazy\" decoding=\"async\" width=\"576\" height=\"1024\" data-id=\"573\" src=\"https:\/\/somosdelprieto.com\/wp-content\/uploads\/2020\/05\/20200309_1243361-576x1024.jpg\" alt=\"\" class=\"wp-image-573\" srcset=\"https:\/\/somosdelprieto.com\/wp-content\/uploads\/2020\/05\/20200309_1243361-576x1024.jpg 576w, https:\/\/somosdelprieto.com\/wp-content\/uploads\/2020\/05\/20200309_1243361-169x300.jpg 169w, https:\/\/somosdelprieto.com\/wp-content\/uploads\/2020\/05\/20200309_1243361-768x1365.jpg 768w, https:\/\/somosdelprieto.com\/wp-content\/uploads\/2020\/05\/20200309_1243361-864x1536.jpg 864w, https:\/\/somosdelprieto.com\/wp-content\/uploads\/2020\/05\/20200309_1243361-1152x2048.jpg 1152w, https:\/\/somosdelprieto.com\/wp-content\/uploads\/2020\/05\/20200309_1243361-scaled.jpg 1440w\" sizes=\"auto, (max-width: 576px) 100vw, 576px\" \/><figcaption class=\"wp-element-caption\">Ensalada oriental by Paula<\/figcaption><\/figure>\n\n\n\n<figure class=\"wp-block-image size-large\"><img loading=\"lazy\" decoding=\"async\" width=\"1024\" height=\"576\" data-id=\"574\" src=\"https:\/\/somosdelprieto.com\/wp-content\/uploads\/2020\/05\/20200309_1338251-1024x576.jpg\" alt=\"\" class=\"wp-image-574\" srcset=\"https:\/\/somosdelprieto.com\/wp-content\/uploads\/2020\/05\/20200309_1338251-1024x576.jpg 1024w, https:\/\/somosdelprieto.com\/wp-content\/uploads\/2020\/05\/20200309_1338251-300x169.jpg 300w, https:\/\/somosdelprieto.com\/wp-content\/uploads\/2020\/05\/20200309_1338251-768x432.jpg 768w, https:\/\/somosdelprieto.com\/wp-content\/uploads\/2020\/05\/20200309_1338251-1536x864.jpg 1536w, https:\/\/somosdelprieto.com\/wp-content\/uploads\/2020\/05\/20200309_1338251-2048x1152.jpg 2048w\" sizes=\"auto, (max-width: 767px) 89vw, (max-width: 1000px) 54vw, (max-width: 1071px) 543px, 580px\" \/><figcaption class=\"wp-element-caption\">Bonito en suelo de La Mancha<\/figcaption><\/figure>\n\n\n\n<figure class=\"wp-block-image size-large\"><img loading=\"lazy\" decoding=\"async\" width=\"1024\" height=\"576\" data-id=\"575\" src=\"https:\/\/somosdelprieto.com\/wp-content\/uploads\/2020\/05\/20200309_1351221-1024x576.jpg\" alt=\"\" class=\"wp-image-575\" srcset=\"https:\/\/somosdelprieto.com\/wp-content\/uploads\/2020\/05\/20200309_1351221-1024x576.jpg 1024w, https:\/\/somosdelprieto.com\/wp-content\/uploads\/2020\/05\/20200309_1351221-300x169.jpg 300w, https:\/\/somosdelprieto.com\/wp-content\/uploads\/2020\/05\/20200309_1351221-768x432.jpg 768w, https:\/\/somosdelprieto.com\/wp-content\/uploads\/2020\/05\/20200309_1351221-1536x864.jpg 1536w, https:\/\/somosdelprieto.com\/wp-content\/uploads\/2020\/05\/20200309_1351221-2048x1152.jpg 2048w\" sizes=\"auto, (max-width: 767px) 89vw, (max-width: 1000px) 54vw, (max-width: 1071px) 543px, 580px\" \/><figcaption class=\"wp-element-caption\">Haway 3.0 by Mireia<\/figcaption><\/figure>\n\n\n\n<figure class=\"wp-block-image size-large\"><img loading=\"lazy\" decoding=\"async\" width=\"1024\" height=\"576\" data-id=\"576\" src=\"https:\/\/somosdelprieto.com\/wp-content\/uploads\/2020\/05\/20200309_1353281-1024x576.jpg\" alt=\"\" class=\"wp-image-576\" srcset=\"https:\/\/somosdelprieto.com\/wp-content\/uploads\/2020\/05\/20200309_1353281-1024x576.jpg 1024w, https:\/\/somosdelprieto.com\/wp-content\/uploads\/2020\/05\/20200309_1353281-300x169.jpg 300w, https:\/\/somosdelprieto.com\/wp-content\/uploads\/2020\/05\/20200309_1353281-768x432.jpg 768w, https:\/\/somosdelprieto.com\/wp-content\/uploads\/2020\/05\/20200309_1353281-1536x864.jpg 1536w, https:\/\/somosdelprieto.com\/wp-content\/uploads\/2020\/05\/20200309_1353281-2048x1152.jpg 2048w\" sizes=\"auto, (max-width: 767px) 89vw, (max-width: 1000px) 54vw, (max-width: 1071px) 543px, 580px\" \/><figcaption class=\"wp-element-caption\">El Croquet\u00f3n con papas by Natalia &amp; Mar\u00eda<\/figcaption><\/figure>\n<figcaption class=\"blocks-gallery-caption wp-element-caption\">Platos que los alumnos y alumnas de Primer Curso de Grado Medio de Cocina y Gastronom\u00eda presentaron al concurso de Conservas Frinsa.<\/figcaption><\/figure>\n","protected":false},"excerpt":{"rendered":"<p>ESTUDIOS IMPARTIDOS:&nbsp; CF GRADO SUPERIOR:&nbsp;T\u00e9cnico superior en Direcci\u00f3n de Cocina CF GRADO MEDIO:&nbsp;T\u00e9cnico en Cocina y Gastronom\u00eda FP B\u00c1SICA:Cocina y Restauraci\u00f3n MIEMBROS:Cerrillos Mart\u00ednez, Cristina (JD)Moraleda And\u00fajar, ManuelPav\u00f3n Delgado, BeatrizTrujillo Delmas, AlbertoCarmona Franco, \u00d3scarBen\u00edtez Campos, Nicol\u00e1sL\u00f3pez Mart\u00ednez, HortensiaGelpi Rivero, Saida Mar\u00eda CUERPO:Profesora T\u00e9cnicaProfesor T\u00e9cnicoProfesor SecundariaProfesor T\u00e9cnicoProfesor T\u00e9cnicoProfesora T\u00e9cnicaProfesora T\u00e9cnicaProfesora Secundaria \u00daLTIMAS NOTICIAS DEL DEPARTAMENTO!!! VISITA VIRTUAL &hellip; <\/p>\n<p class=\"link-more\"><a href=\"https:\/\/somosdelprieto.com\/index.php\/departamentos\/departamento-de-hosteleria-y-turismo\/\" class=\"more-link\">Continuar leyendo<span class=\"screen-reader-text\"> \u00abDepartamento de Hosteler\u00eda y Turismo\u00bb<\/span><\/a><\/p>\n","protected":false},"author":23,"featured_media":0,"parent":330,"menu_order":0,"comment_status":"closed","ping_status":"closed","template":"","meta":{"footnotes":""},"class_list":["post-409","page","type-page","status-publish","hentry"],"_links":{"self":[{"href":"https:\/\/somosdelprieto.com\/index.php\/wp-json\/wp\/v2\/pages\/409","targetHints":{"allow":["GET"]}}],"collection":[{"href":"https:\/\/somosdelprieto.com\/index.php\/wp-json\/wp\/v2\/pages"}],"about":[{"href":"https:\/\/somosdelprieto.com\/index.php\/wp-json\/wp\/v2\/types\/page"}],"author":[{"embeddable":true,"href":"https:\/\/somosdelprieto.com\/index.php\/wp-json\/wp\/v2\/users\/23"}],"replies":[{"embeddable":true,"href":"https:\/\/somosdelprieto.com\/index.php\/wp-json\/wp\/v2\/comments?post=409"}],"version-history":[{"count":28,"href":"https:\/\/somosdelprieto.com\/index.php\/wp-json\/wp\/v2\/pages\/409\/revisions"}],"predecessor-version":[{"id":21569,"href":"https:\/\/somosdelprieto.com\/index.php\/wp-json\/wp\/v2\/pages\/409\/revisions\/21569"}],"up":[{"embeddable":true,"href":"https:\/\/somosdelprieto.com\/index.php\/wp-json\/wp\/v2\/pages\/330"}],"wp:attachment":[{"href":"https:\/\/somosdelprieto.com\/index.php\/wp-json\/wp\/v2\/media?parent=409"}],"curies":[{"name":"wp","href":"https:\/\/api.w.org\/{rel}","templated":true}]}}