{"id":330,"date":"2020-04-29T14:57:45","date_gmt":"2020-04-29T12:57:45","guid":{"rendered":"http:\/\/somosdelprieto.com\/?page_id=330"},"modified":"2025-11-07T11:44:05","modified_gmt":"2025-11-07T10:44:05","slug":"departamentos","status":"publish","type":"page","link":"https:\/\/somosdelprieto.com\/index.php\/departamentos\/","title":{"rendered":"Departamentos"},"content":{"rendered":"\n<figure class=\"wp-block-table\"><table><tbody><tr><td><a href=\"https:\/\/somosdelprieto.com\/index.php\/departamentos\/departamento-de-administracion\/\">Administraci\u00f3n<\/a><a href=\"http:\/\/index.php\/departamentos\/departamento-de-administracion\/\">&nbsp;<\/a><\/td><td>Ana Romano&nbsp;<\/td><td>admon@iesgregorioprieto.com&nbsp;<\/td><td>611044363<\/td><\/tr><tr><td><a href=\"https:\/\/somosdelprieto.com\/index.php\/departamentos\/departamento-de-agraria\/\">Agraria&nbsp;<\/a><\/td><td>Isabel Barrachina<\/td><td>agraria@iesgregorioprieto.com&nbsp;<\/td><td>687087133<\/td><\/tr><tr><td><a href=\"https:\/\/somosdelprieto.com\/index.php\/departamentos\/departamento-de-artes-plasticas\/\">Artes Pl\u00e1sticas&nbsp;<\/a><\/td><td>Santiago Elena<\/td><td>plastica@iesgregorioprieto.com&nbsp;<\/td><td>926321903<\/td><\/tr><tr><td><a href=\"https:\/\/somosdelprieto.com\/index.php\/departamentos\/departamento-biologia-y-geologia\/\">Biolog\u00eda y Geolog\u00eda<\/a><\/td><td>Mar\u00eda Isabel Aranda<\/td><td>cn@iesgregorioprieto.com<\/td><td>926321903<\/td><\/tr><tr><td><a href=\"https:\/\/somosdelprieto.com\/index.php\/departamento-de-comercio-y-marketing-2\/\">Comercio y Market\u00edng&nbsp;<\/a><\/td><td>Alfonso Luna&nbsp;<\/td><td>comercio@iesgregorioprieto.com&nbsp;<\/td><td>605349569<\/td><\/tr><tr><td><a href=\"https:\/\/somosdelprieto.com\/index.php\/departamentos\/departamento-de-cultura-clasica\/\">Cultura Cl\u00e1sica&nbsp;<\/a><\/td><td>Mar\u00eda Jos\u00e9 Dacosta&nbsp;<\/td><td>culturaclasica@iesgregorioprieto.com&nbsp;<\/td><td>926321903<\/td><\/tr><tr><td><a href=\"https:\/\/somosdelprieto.com\/index.php\/departamentos\/departamento-de-educacion-fisica\/\">Educaci\u00f3n F\u00edsica&nbsp;<\/a><\/td><td>Pilar S\u00e1nchez&nbsp;<\/td><td>ef@iesgregorioprieto.com&nbsp;<\/td><td>926321903<\/td><\/tr><tr><td><a href=\"https:\/\/somosdelprieto.com\/index.php\/departamentos\/departamento-de-electricidad-y-electronica\/\">Electricidad y Electr\u00f3nica&nbsp;<\/a><\/td><td>Ignacio Monedero<\/td><td>ee@iesgregorioprieto.com&nbsp;<\/td><td>655549315<br>665764550<\/td><\/tr><tr><td><a href=\"https:\/\/somosdelprieto.com\/index.php\/departamentos\/departamento-de-filosofia\/\">Filosof\u00eda&nbsp;<\/a><\/td><td>\u00c1ngel Rivas&nbsp;<\/td><td>filosofia@iesgregorioprieto.com&nbsp;<\/td><td>926321903<\/td><\/tr><tr><td><a href=\"https:\/\/somosdelprieto.com\/index.php\/departamento-de-fisica-y-quimica\/\">F\u00edsica y Qu\u00edmica&nbsp;<\/a><\/td><td>Francisco Sep\u00falveda<\/td><td>fisica@iesgregorioprieto.com&nbsp;<\/td><td>926321903<\/td><\/tr><tr><td><a href=\"https:\/\/somosdelprieto.com\/index.php\/departamento-de-formacion-y-orientacion-laboral\/\">Formaci\u00f3n y Orientaci\u00f3n Laboral&nbsp;<\/a><\/td><td>M\u00aa Luz Navas<\/td><td>fol@iesgregorioprieto.com&nbsp;<\/td><td>926321903<\/td><\/tr><tr><td><a href=\"https:\/\/somosdelprieto.com\/index.php\/departamento-de-frances\/\">Franc\u00e9s&nbsp;<\/a><\/td><td>Marian \u00a0Herrer\u00edas<\/td><td>frances@iesgregorioprieto.com&nbsp;<\/td><td>926321903<\/td><\/tr><tr><td><a href=\"https:\/\/somosdelprieto.com\/index.php\/departamentos\/departamento-de-geografia-e-historia\/\">Geograf\u00eda e HIstoria&nbsp;<\/a><\/td><td>Antonia Cornejo <\/td><td>geografia@iesgregorioprieto.com&nbsp;<\/td><td>926321903<\/td><\/tr><tr><td><a href=\"https:\/\/somosdelprieto.com\/index.php\/departamentos\/departamento-de-hosteleria-y-turismo\/\">Hosteler\u00eda y Turismo&nbsp;<\/a><\/td><td>Cristina Cerrillos&nbsp;<\/td><td>hosteleria@iesgregorioprieto.com&nbsp;<\/td><td>685119764<\/td><\/tr><tr><td><a href=\"https:\/\/somosdelprieto.com\/index.php\/departamentos\/departamento-industrias-alimentarias\/\">Industrias Alimentarias&nbsp;<\/a><\/td><td>Azucena Camacho&nbsp;<\/td><td>alimentarias@iesgregorioprieto.com&nbsp;<\/td><td>651896489<\/td><\/tr><tr><td><a href=\"https:\/\/somosdelprieto.com\/index.php\/departamentos\/departamento-de-informatica\/\">Inform\u00e1tica&nbsp;<\/a><\/td><td>M. Paula Cruz&nbsp;<\/td><td>informatica@iesgregorioprieto.com&nbsp;<\/td><td>605639631<\/td><\/tr><tr><td><a href=\"https:\/\/somosdelprieto.com\/index.php\/departamento-de-ingles\/\">Ingl\u00e9s&nbsp;<\/a><\/td><td>Damaris D\u00edaz&nbsp;<\/td><td>ingles@iesgregorioprieto.com&nbsp;<\/td><td>926321903<\/td><\/tr><tr><td><a href=\"https:\/\/somosdelprieto.com\/index.php\/departamentos\/departamento-de-lengua\/\">Lengua y Literatura&nbsp;<\/a><\/td><td>Ana Rosa Antequera&nbsp;<\/td><td>lengua@iesgregorioprieto.com&nbsp;<\/td><td>926321903<\/td><\/tr><tr><td><a href=\"https:\/\/somosdelprieto.com\/index.php\/departamentos\/departamento-de-matematicas\/\">Matem\u00e1ticas&nbsp;<\/a><\/td><td>M. Cortes Alfaro&nbsp;<\/td><td>matematicas@iesgregorioprieto.com&nbsp;<\/td><td>926321903<\/td><\/tr><tr><td><a href=\"https:\/\/somosdelprieto.com\/index.php\/departamentos\/departamento-de-musica\/\">M\u00fasica&nbsp;<\/a><\/td><td>Virginia Vidal&nbsp;<\/td><td>musica@iesgregorioprieto.com&nbsp;<\/td><td>926321903<\/td><\/tr><tr><td><a href=\"https:\/\/somosdelprieto.com\/index.php\/departamentos\/departamento-de-orientacion\/\">Orientaci\u00f3n&nbsp;<\/a><\/td><td>Pilar Y\u00e9pez \u00a0<\/td><td>orientacion@iesgregorioprieto.com&nbsp;<\/td><td>926321903<\/td><\/tr><tr><td><a href=\"https:\/\/somosdelprieto.com\/index.php\/departamentos\/departamento-de-religion\/\">Religi\u00f3n&nbsp;<\/a><\/td><td>Jes\u00fas Oca\u00f1a&nbsp;<\/td><td>religion@iesgregorioprieto.com&nbsp;<\/td><td>926321903<\/td><\/tr><tr><td><a href=\"https:\/\/somosdelprieto.com\/index.php\/departamentos\/departamento-de-tecnologia\/\">Tecnolog\u00eda&nbsp;<\/a><\/td><td>Emilio Laguna<\/td><td>teconologia@iesgregorioprieto.com&nbsp;<\/td><td>926321903<\/td><\/tr><tr><td><a href=\"https:\/\/somosdelprieto.com\/index.php\/departamentos\/departamento-transporte-y-mantenimiento-de-vehiculos\/\">Transporte y Mantenimiento de Veh\u00edculos&nbsp;<\/a><\/td><td>Luis Javier C\u00e1rdenas<\/td><td>automocion@iesgregorioprieto.com&nbsp;<\/td><td>722641913<\/td><\/tr><\/tbody><\/table><\/figure>\n\n\n\n<p><\/p>\n","protected":false},"excerpt":{"rendered":"<p>Administraci\u00f3n&nbsp; Ana Romano&nbsp; admon@iesgregorioprieto.com&nbsp; 611044363 Agraria&nbsp; Isabel Barrachina agraria@iesgregorioprieto.com&nbsp; 687087133 Artes Pl\u00e1sticas&nbsp; Santiago Elena plastica@iesgregorioprieto.com&nbsp; 926321903 Biolog\u00eda y Geolog\u00eda Mar\u00eda Isabel Aranda cn@iesgregorioprieto.com 926321903 Comercio y Market\u00edng&nbsp; Alfonso Luna&nbsp; comercio@iesgregorioprieto.com&nbsp; 605349569 Cultura Cl\u00e1sica&nbsp; Mar\u00eda Jos\u00e9 Dacosta&nbsp; culturaclasica@iesgregorioprieto.com&nbsp; 926321903 Educaci\u00f3n F\u00edsica&nbsp; Pilar S\u00e1nchez&nbsp; ef@iesgregorioprieto.com&nbsp; 926321903 Electricidad y Electr\u00f3nica&nbsp; Ignacio Monedero ee@iesgregorioprieto.com&nbsp; 655549315665764550 Filosof\u00eda&nbsp; \u00c1ngel Rivas&nbsp; filosofia@iesgregorioprieto.com&nbsp; &hellip; <\/p>\n<p class=\"link-more\"><a href=\"https:\/\/somosdelprieto.com\/index.php\/departamentos\/\" class=\"more-link\">Continuar leyendo<span class=\"screen-reader-text\"> \u00abDepartamentos\u00bb<\/span><\/a><\/p>\n","protected":false},"author":1,"featured_media":0,"parent":0,"menu_order":0,"comment_status":"closed","ping_status":"closed","template":"","meta":{"footnotes":""},"class_list":["post-330","page","type-page","status-publish","hentry"],"_links":{"self":[{"href":"https:\/\/somosdelprieto.com\/index.php\/wp-json\/wp\/v2\/pages\/330","targetHints":{"allow":["GET"]}}],"collection":[{"href":"https:\/\/somosdelprieto.com\/index.php\/wp-json\/wp\/v2\/pages"}],"about":[{"href":"https:\/\/somosdelprieto.com\/index.php\/wp-json\/wp\/v2\/types\/page"}],"author":[{"embeddable":true,"href":"https:\/\/somosdelprieto.com\/index.php\/wp-json\/wp\/v2\/users\/1"}],"replies":[{"embeddable":true,"href":"https:\/\/somosdelprieto.com\/index.php\/wp-json\/wp\/v2\/comments?post=330"}],"version-history":[{"count":53,"href":"https:\/\/somosdelprieto.com\/index.php\/wp-json\/wp\/v2\/pages\/330\/revisions"}],"predecessor-version":[{"id":22520,"href":"https:\/\/somosdelprieto.com\/index.php\/wp-json\/wp\/v2\/pages\/330\/revisions\/22520"}],"wp:attachment":[{"href":"https:\/\/somosdelprieto.com\/index.php\/wp-json\/wp\/v2\/media?parent=330"}],"curies":[{"name":"wp","href":"https:\/\/api.w.org\/{rel}","templated":true}]}}