{"id":2880,"date":"2020-12-21T10:53:46","date_gmt":"2020-12-21T09:53:46","guid":{"rendered":"https:\/\/somosdelprieto.com\/?page_id=2880"},"modified":"2025-11-12T10:23:22","modified_gmt":"2025-11-12T09:23:22","slug":"convocatoria-extraordinaria","status":"publish","type":"page","link":"https:\/\/somosdelprieto.com\/index.php\/secretaria\/convocatoria-extraordinaria\/","title":{"rendered":"Convocatoria Extraordinaria"},"content":{"rendered":"<div class=\"wp-block-image\">\n<figure class=\"aligncenter size-large is-resized\"><img decoding=\"async\" src=\"https:\/\/somosdelprieto.com\/wp-content\/uploads\/2020\/12\/convocatoria-extraordinaria.jpg\" alt=\"\" class=\"wp-image-2885\" style=\"width:744px;height:288px\" \/><\/figure>\n<\/div>\n\n\n<div class=\"wp-block-file\"><a href=\"https:\/\/somosdelprieto.com\/wp-content\/uploads\/2020\/12\/Anexo-II-Convocatoria-Extraordinaria.pdf\" target=\"_blank\" rel=\"noreferrer noopener\">Anexo II Convocatoria Extraordinaria<\/a><a href=\"https:\/\/somosdelprieto.com\/wp-content\/uploads\/2020\/12\/Anexo-II-Convocatoria-Extraordinaria.pdf\" class=\"wp-block-file__button wp-element-button\" download>Descarga<\/a><\/div>\n\n\n\n<p>Tras la descarga y cumplimentaci\u00f3n de la solicitud (<strong>no olvidar firmarla<\/strong>), se enviar\u00e1 a Secretar\u00eda a trav\u00e9s del correo electr\u00f3nico\u00a0<a href=\"mailto:13003336.ies@educastillalamancha.es\">13003336.ies@educastillalamancha.es<\/a>\u00a0o de forma presencial, para su tramitaci\u00f3n.<\/p>\n\n\n\n<p><strong><span class=\"has-inline-color has-luminous-vivid-orange-color\">IMPORTANTE:<\/span><\/strong> para poder realizar cualquier tr\u00e1mite por correo electr\u00f3nico es necesario <strong>adjuntar <\/strong>a la solicitud,<strong> <\/strong>el <strong>DNI del interesado<\/strong> escaneado por las dos caras. <\/p>\n\n\n\n<p><strong><span class=\"has-inline-color has-vivid-cyan-blue-color\">Se recuerda que para la concesi\u00f3n de la Convocatoria Extraordinaria de cualquier m\u00f3dulo profesional, es necesario adjuntar la documentaci\u00f3n acreditativa correspondiente (enfermedad, discapacidad, accidente, atenci\u00f3n a familiares, etc.).<\/span><\/strong><\/p>\n\n\n\n<p class=\"has-medium-font-size\"><strong><span class=\"has-inline-color has-vivid-red-color\">T\u00c9NGASE EN CUENTA QUE :<\/span><\/strong><\/p>\n\n\n\n<ul class=\"wp-block-list\">\n<li>Para los m\u00f3dulos profesionales que tengan las 4 convocatorias ordinarias agotadas, se podr\u00e1n conceder un <strong>m\u00e1ximo de 2 convocatorias extraordinarias<\/strong> cuando concurra alguna de las siguientes casusas:<\/li>\n<\/ul>\n\n\n\n<p class=\"has-text-align-left\"><em>a)<\/em> Enfermedad.<br><em>b)<\/em> Discapacidad.<br><em>c)<\/em> Accidente.<br><em>d)<\/em> Atenci\u00f3n a familares.<br>e) Otras<\/p>\n\n\n\n<ul class=\"wp-block-list\">\n<li>La solicitud de convocatoria extraordinaria se podr\u00e1 presentar <strong>a lo largo del curso<\/strong>.<\/li>\n<\/ul>\n\n\n\n<ul class=\"wp-block-list\">\n<li><strong>El director del centro resolver\u00e1<\/strong> dicha solicitud en un plazo de <strong>15 d\u00edas desde su recepci\u00f3n<\/strong>.<\/li>\n<\/ul>\n\n\n\n<p><\/p>\n","protected":false},"excerpt":{"rendered":"<p>Tras la descarga y cumplimentaci\u00f3n de la solicitud (no olvidar firmarla), se enviar\u00e1 a Secretar\u00eda a trav\u00e9s del correo electr\u00f3nico\u00a013003336.ies@educastillalamancha.es\u00a0o de forma presencial, para su tramitaci\u00f3n. IMPORTANTE: para poder realizar cualquier tr\u00e1mite por correo electr\u00f3nico es necesario adjuntar a la solicitud, el DNI del interesado escaneado por las dos caras. Se recuerda que para la &hellip; <\/p>\n<p class=\"link-more\"><a href=\"https:\/\/somosdelprieto.com\/index.php\/secretaria\/convocatoria-extraordinaria\/\" class=\"more-link\">Continuar leyendo<span class=\"screen-reader-text\"> \u00abConvocatoria Extraordinaria\u00bb<\/span><\/a><\/p>\n","protected":false},"author":53,"featured_media":0,"parent":2439,"menu_order":0,"comment_status":"closed","ping_status":"closed","template":"","meta":{"footnotes":""},"class_list":["post-2880","page","type-page","status-publish","hentry"],"_links":{"self":[{"href":"https:\/\/somosdelprieto.com\/index.php\/wp-json\/wp\/v2\/pages\/2880","targetHints":{"allow":["GET"]}}],"collection":[{"href":"https:\/\/somosdelprieto.com\/index.php\/wp-json\/wp\/v2\/pages"}],"about":[{"href":"https:\/\/somosdelprieto.com\/index.php\/wp-json\/wp\/v2\/types\/page"}],"author":[{"embeddable":true,"href":"https:\/\/somosdelprieto.com\/index.php\/wp-json\/wp\/v2\/users\/53"}],"replies":[{"embeddable":true,"href":"https:\/\/somosdelprieto.com\/index.php\/wp-json\/wp\/v2\/comments?post=2880"}],"version-history":[{"count":22,"href":"https:\/\/somosdelprieto.com\/index.php\/wp-json\/wp\/v2\/pages\/2880\/revisions"}],"predecessor-version":[{"id":19357,"href":"https:\/\/somosdelprieto.com\/index.php\/wp-json\/wp\/v2\/pages\/2880\/revisions\/19357"}],"up":[{"embeddable":true,"href":"https:\/\/somosdelprieto.com\/index.php\/wp-json\/wp\/v2\/pages\/2439"}],"wp:attachment":[{"href":"https:\/\/somosdelprieto.com\/index.php\/wp-json\/wp\/v2\/media?parent=2880"}],"curies":[{"name":"wp","href":"https:\/\/api.w.org\/{rel}","templated":true}]}}

<div class="wp-block-image">
<figure class="aligncenter size-large is-resized"><img decoding="async" src="https://somosdelprieto.com/wp-content/uploads/2020/12/convocatoria-extraordinaria.jpg" alt="" class="wp-image-2885" style="width:744px;height:288px" /></figure>
</div>


<div class="wp-block-file"><a href="https://somosdelprieto.com/wp-content/uploads/2020/12/Anexo-II-Convocatoria-Extraordinaria.pdf" target="_blank" rel="noreferrer noopener">Anexo II Convocatoria Extraordinaria</a><a href="https://somosdelprieto.com/wp-content/uploads/2020/12/Anexo-II-Convocatoria-Extraordinaria.pdf" class="wp-block-file__button wp-element-button" download>Descarga</a></div>



<p>Tras la descarga y cumplimentación de la solicitud (<strong>no olvidar firmarla</strong>), se enviará a Secretaría a través del correo electrónico <a href="mailto:13003336.ies@educastillalamancha.es">13003336.ies@educastillalamancha.es</a> o de forma presencial, para su tramitación.</p>



<p><strong><span class="has-inline-color has-luminous-vivid-orange-color">IMPORTANTE:</span></strong> para poder realizar cualquier trámite por correo electrónico es necesario <strong>adjuntar </strong>a la solicitud,<strong> </strong>el <strong>DNI del interesado</strong> escaneado por las dos caras. </p>



<p><strong><span class="has-inline-color has-vivid-cyan-blue-color">Se recuerda que para la concesión de la Convocatoria Extraordinaria de cualquier módulo profesional, es necesario adjuntar la documentación acreditativa correspondiente (enfermedad, discapacidad, accidente, atención a familiares, etc.).</span></strong></p>



<p class="has-medium-font-size"><strong><span class="has-inline-color has-vivid-red-color">TÉNGASE EN CUENTA QUE :</span></strong></p>



<ul class="wp-block-list">
<li>Para los módulos profesionales que tengan las 4 convocatorias ordinarias agotadas, se podrán conceder un <strong>máximo de 2 convocatorias extraordinarias</strong> cuando concurra alguna de las siguientes casusas:</li>
</ul>



<p class="has-text-align-left"><em>a)</em> Enfermedad.<br><em>b)</em> Discapacidad.<br><em>c)</em> Accidente.<br><em>d)</em> Atención a familares.<br>e) Otras</p>



<ul class="wp-block-list">
<li>La solicitud de convocatoria extraordinaria se podrá presentar <strong>a lo largo del curso</strong>.</li>
</ul>



<ul class="wp-block-list">
<li><strong>El director del centro resolverá</strong> dicha solicitud en un plazo de <strong>15 días desde su recepción</strong>.</li>
</ul>



<p></p>

<p>Tras la descarga y cumplimentación de la solicitud (no olvidar firmarla), se enviará a Secretaría a través del correo electrónico 13003336.ies@educastillalamancha.es o de forma presencial, para su tramitación. IMPORTANTE: para poder realizar cualquier trámite por correo electrónico es necesario adjuntar a la solicitud, el DNI del interesado escaneado por las dos caras. Se recuerda que para la &hellip; </p>
<p class="link-more"><a href="https://somosdelprieto.com/index.php/secretaria/convocatoria-extraordinaria/" class="more-link">Continuar leyendo<span class="screen-reader-text"> «Convocatoria Extraordinaria»</span></a></p>
