{"id":2474,"date":"2020-12-16T10:35:28","date_gmt":"2020-12-16T09:35:28","guid":{"rendered":"https:\/\/somosdelprieto.com\/?page_id=2474"},"modified":"2026-02-27T10:38:25","modified_gmt":"2026-02-27T09:38:25","slug":"bachillerato","status":"publish","type":"page","link":"https:\/\/somosdelprieto.com\/index.php\/secretaria\/bachillerato\/","title":{"rendered":"Bachillerato"},"content":{"rendered":"<div class=\"wp-block-image is-resized\">\n<figure class=\"aligncenter size-large\"><img decoding=\"async\" src=\"https:\/\/somosdelprieto.com\/wp-content\/uploads\/2020\/12\/bachillerato.jpg\" alt=\"\" class=\"wp-image-2691\" \/><\/figure>\n<\/div>\n\n\n<p class=\"has-text-align-center has-vivid-green-cyan-color has-text-color has-large-font-size\"><strong>PROCESO DE ADMISI\u00d3N CURSO 2026\/2027<\/strong><\/p>\n\n\n<div class=\"wp-block-image\">\n<figure class=\"aligncenter size-large\"><img loading=\"lazy\" decoding=\"async\" width=\"731\" height=\"1024\" src=\"https:\/\/somosdelprieto.com\/wp-content\/uploads\/2026\/02\/CartelAdmision2026_50x70-1-731x1024.jpg\" alt=\"\" class=\"wp-image-23338\" srcset=\"https:\/\/somosdelprieto.com\/wp-content\/uploads\/2026\/02\/CartelAdmision2026_50x70-1-731x1024.jpg 731w, https:\/\/somosdelprieto.com\/wp-content\/uploads\/2026\/02\/CartelAdmision2026_50x70-1-214x300.jpg 214w, https:\/\/somosdelprieto.com\/wp-content\/uploads\/2026\/02\/CartelAdmision2026_50x70-1-768x1075.jpg 768w, https:\/\/somosdelprieto.com\/wp-content\/uploads\/2026\/02\/CartelAdmision2026_50x70-1.jpg 1090w\" sizes=\"auto, (max-width: 731px) 100vw, 731px\" \/><\/figure>\n<\/div>\n\n\n<p>El 16 de febrero de 2026, se ha publicado en el Diario Oficial de Castilla-La Mancha, el proceso de admisi\u00f3n para los estudios de <strong>BACHILLERATO<\/strong> para el curso <strong>2026\/2027<\/strong>:<\/p>\n\n\n\n<p><a href=\"https:\/\/docm.jccm.es\/docm\/descargarArchivo.do?ruta=2026\/02\/16\/pdf\/2026_837.pdf&amp;tipo=rutaDocm\">https:\/\/docm.jccm.es\/docm\/descargarArchivo.do?ruta=2026\/02\/16\/pdf\/2026_837.pdf&amp;tipo=rutaDocm<\/a><\/p>\n\n\n\n<p>A continuaci\u00f3n, se exponen algunos aspectos b\u00e1sicos del proceso de admisi\u00f3n as\u00ed como el calendario de cada tr\u00e1mite. Se recuerda que, cualquier <strong>actualizaci\u00f3n o informaci\u00f3n relacionada<\/strong>, la podr\u00e1s encontrar en el <a rel=\"noreferrer noopener\" href=\"http:\/\/www.educa.jccm.es\/es\" target=\"_blank\"><strong>portal de educaci\u00f3n de la Junta<\/strong><\/a> de Comunidades de Castilla-La Mancha o navegando en esta p\u00e1gina <a rel=\"noreferrer noopener\" href=\"https:\/\/somosdelprieto.com\/index.php\/secretaria\/\" target=\"_blank\"><strong>web del I.E.S. Gregorio Prieto.<\/strong><\/a><\/p>\n\n\n\n<hr class=\"wp-block-separator has-css-opacity\" \/>\n\n\n\n<p class=\"has-medium-font-size\"><strong><span class=\"has-inline-color has-vivid-cyan-blue-color\">\u00bfA <em>QUI\u00c9N<\/em> VA DIRIGIDO EL PROCESO DE ADMISI\u00d3N?<\/span><\/strong><\/p>\n\n\n\n<ul class=\"wp-block-list\">\n<li>Alumnado que solicita matricularse <strong>en 1\u00ba de BACHILLERATO<\/strong>.<\/li>\n\n\n\n<li>Alumnado que promociona a <strong>2\u00ba de Bachillerato<\/strong> y desea <strong>cambiar<\/strong> <strong>de centro<\/strong>.<\/li>\n<\/ul>\n\n\n\n<p><strong><span class=\"has-inline-color has-vivid-red-color\">ATENCI\u00d3N ALUMNADO QUE EST\u00c1 CURSANDO 4\u00ba E.S.O. EN 2025\/2026:<\/span><\/strong><\/p>\n\n\n\n<p><strong>El alumnado que en el presente curso (2025\/2026) se encuentra cursando 4\u00ba E.S.O. y desea realizar en el pr\u00f3ximo curso Bachillerato, tiene que realizar el proceso de admisi\u00f3n completo, aunque vaya a continuar matriculado en el mismo centro.<\/strong><\/p>\n\n\n\n<p style=\"font-size:17px\"><strong><span class=\"has-inline-color has-vivid-cyan-blue-color\">\u00bf<em>CU\u00c1NTOS<\/em> TR\u00c1MITES TENGO QUE REALIZAR?<\/span><\/strong><\/p>\n\n\n\n<p>Todo el alumnado que se encuentra dentro <strong>del apartado anterior<\/strong>, tiene que realizar <strong>2 tr\u00e1mites<\/strong>:<\/p>\n\n\n\n<ol class=\"wp-block-list\">\n<li><strong>Solicitar plaza<\/strong> para poder obtenerla en el centro deseado. (Del 23 de febrero al 9 de marzo)<\/li>\n\n\n\n<li>Realizar la <strong>matr\u00edcula<\/strong> en el centro en el que ha obtenido la plaza o puesto escolar. (Del 1 al 3 de Julio)<\/li>\n<\/ol>\n\n\n\n<p style=\"font-size:18px\"><strong><span class=\"has-inline-color has-vivid-cyan-blue-color\">SOY PARTE DEL ALUMNADO QUE <em>PROMOCIONA<\/em> A 2\u00ba CURSO O QUE <em>REPITE.<\/em> \u00bfTENGO QUE REALIZAR EL PROCESO DE ADMISI\u00d3N?<\/span><\/strong><\/p>\n\n\n\n<p>En cualquiera de estas 2 situaciones, <strong>NO <\/strong>hay que realizar <strong>solicitud de admisi\u00f3n<\/strong>. En este caso, <strong>SOLO TIENES<\/strong> que realizar <strong>LA MATR\u00cdCULA<\/strong> (en la plataforma <a href=\"https:\/\/educamosclm.castillalamancha.es\/\" target=\"_blank\" rel=\"noreferrer noopener\"><strong><em>educamosCLM<\/em><\/strong><\/a> y, dentro de ella, en <strong>Secretar\u00eda Virtual<\/strong>).<\/p>\n\n\n\n<p style=\"font-size:18px\"><span class=\"has-inline-color has-vivid-cyan-blue-color\"><strong>\u00bf<em>CU\u00c1NDO<\/em> TENGO QUE REALIZAR LOS TR\u00c1MITES?<\/strong><\/span><\/p>\n\n\n\n<p><strong>A continuaci\u00f3n,<\/strong> se muestra el <strong>calendario <\/strong>con todos los tr\u00e1mites y sus fechas relativos al proceso de admisi\u00f3n:<\/p>\n\n\n\n<p class=\"has-text-align-center\" style=\"font-size:18px\"><strong><span class=\"has-inline-color has-vivid-green-cyan-color\">CALENDARIO PROCESO ADMISI\u00d3N 2026\/2027<\/span><\/strong><\/p>\n\n\n<div class=\"wp-block-image is-resized is-style-default\">\n<figure class=\"aligncenter size-full\"><img loading=\"lazy\" decoding=\"async\" width=\"719\" height=\"650\" src=\"https:\/\/somosdelprieto.com\/wp-content\/uploads\/2026\/02\/Captura-2.jpg\" alt=\"\" class=\"wp-image-23343\" srcset=\"https:\/\/somosdelprieto.com\/wp-content\/uploads\/2026\/02\/Captura-2.jpg 719w, https:\/\/somosdelprieto.com\/wp-content\/uploads\/2026\/02\/Captura-2-300x271.jpg 300w\" sizes=\"auto, (max-width: 719px) 100vw, 719px\" \/><\/figure>\n<\/div>\n\n\n<p style=\"font-size:18px\"><strong><em><span class=\"has-inline-color has-vivid-cyan-blue-color\">PLAZO EXTRAORDINARIO DE ADMISI\u00d3N<\/span><\/em><\/strong><\/p>\n\n\n\n<p>A partir del d\u00eda<strong>&nbsp;09\/07\/2026<\/strong>, se inicia un&nbsp;<strong>plazo extraordinario&nbsp;de admisi\u00f3n<\/strong> de alumnado&nbsp;<strong>y solo se atender\u00e1n solicitudes que se encuentren en alguna de las siguientes situaciones:<\/strong><\/p>\n\n\n\n<ul class=\"wp-block-list\">\n<li>Por traslado de localidad.<\/li>\n\n\n\n<li>Por circunstancias que respondan a casos excepcionales, tales como violencia de g\u00e9nero o acoso escolar. Estas circunstancias excepcionales tienen que contar con informe favorable del Servicio Provincial de Inspecci\u00f3n.<\/li>\n\n\n\n<li>Alumnado que no haya participado en el proceso de admisi\u00f3n o deba escolarizarse.<\/li>\n\n\n\n<li>Alumnado que particip\u00f3 en el proceso de admisi\u00f3n, se le adjudic\u00f3 cambio de centro y repite curso.<\/li>\n\n\n\n<li>Alumnado de bachillerato con adjudicaci\u00f3n de centro en la asignaci\u00f3n definitiva y solicita otra modalidad.<\/li>\n<\/ul>\n\n\n\n<p>Todas estas solicitudes de plazo extraordinario deber\u00e1n presentarse por la plataforma <a href=\"https:\/\/educamosclm.castillalamancha.es\/\" target=\"_blank\" rel=\"noreferrer noopener\"><strong><em>EducamosCLM<\/em><\/strong><\/a> y, dentro de ella, en <strong>Secretar\u00eda Virtual<\/strong>).<\/p>\n\n\n\n<p>El d\u00eda&nbsp;<strong>03\/09\/2026&nbsp;<\/strong>se realizar\u00e1 una&nbsp;<strong>primera adjudicaci\u00f3n extraordinaria&nbsp;<\/strong>de las solicitudes estimadas de plazo extraordinario comprendidas entre el 9 de julio y el 24 de agosto. <strong>A partir del 04\/09\/2026 <\/strong> se informar\u00e1 de la adjudicaci\u00f3n de plazas de las solicitudes estimadas registradas desde el 25 de agosto de 2026.<\/p>\n\n\n\n<p><strong>Todo el alumnado que haya obtenido un puesto escolar<\/strong>&nbsp;en el presente proceso de admisi\u00f3n extraordinaria&nbsp;<strong>deber\u00e1 formalizar la matr\u00edcula en el centro en el que haya sido asignado en el plazo de 3 d\u00edas h\u00e1biles desde la fecha de adjudicaci\u00f3n<\/strong>, en caso contrario perder\u00e1 la plaza adjudicada.<\/p>\n\n\n\n<p style=\"font-size:18px\"><strong><span class=\"has-inline-color has-vivid-cyan-blue-color\">\u00bf<em>C\u00d3MO RELLENAR LA SOLICITUD DE ADMISI\u00d3N?<\/em><\/span><\/strong><\/p>\n\n\n\n<p>Pinchando en el siguiente bot\u00f3n podr\u00e1s acceder a la <strong>gu\u00eda <\/strong>para las familias. En ella encontrar\u00e1s informaci\u00f3n \u00fatil sobre el proceso de admisi\u00f3n:<\/p>\n\n\n\n<div data-wp-interactive=\"core\/file\" class=\"wp-block-file\"><object data-wp-bind--hidden=\"!state.hasPdfPreview\" hidden class=\"wp-block-file__embed\" data=\"https:\/\/somosdelprieto.com\/wp-content\/uploads\/2026\/02\/170226_Guia_familias_Admision_2026-2027-1.pdf\" type=\"application\/pdf\" style=\"width:100%;height:600px\" aria-label=\"Incrustado de 170226_Guia_familias_Admisi\u00f3n_2026-2027.\"><\/object><a id=\"wp-block-file--media-53f31bf4-aac6-4d49-a8bb-0f7e5b8c9ee3\" href=\"https:\/\/somosdelprieto.com\/wp-content\/uploads\/2026\/02\/170226_Guia_familias_Admision_2026-2027-1.pdf\">170226_Guia_familias_Admisi\u00f3n_2026-2027<\/a><a href=\"https:\/\/somosdelprieto.com\/wp-content\/uploads\/2026\/02\/170226_Guia_familias_Admision_2026-2027-1.pdf\" class=\"wp-block-file__button wp-element-button\" download aria-describedby=\"wp-block-file--media-53f31bf4-aac6-4d49-a8bb-0f7e5b8c9ee3\">Descarga<\/a><\/div>\n\n\n\n<p style=\"font-size:17px\"><strong><span class=\"has-inline-color has-vivid-cyan-blue-color\">\u00bf<em>D\u00d3NDE<\/em> REALIZAR LAS SOLICITUDES DE ADMISI\u00d3N Y MATR\u00cdCULA?<\/span><\/strong><\/p>\n\n\n\n<p>Cualquier tr\u00e1mite o consulta sobre el proceso de admisi\u00f3n puede realizarse a trav\u00e9s de la plataforma <a rel=\"noreferrer noopener\" href=\"https:\/\/educamosclm.castillalamancha.es\/\" target=\"_blank\"><strong><em>educamosCLM<\/em> (pinchando aqu\u00ed)<\/strong><\/a> y, dentro de ella, en <strong>Secretar\u00eda Virtual<\/strong>.<\/p>\n\n\n\n<p><\/p>\n\n\n\n<p style=\"font-size:18px\"><strong><span class=\"has-inline-color has-vivid-cyan-blue-color\">\u00bfQUI\u00c9N FIRMA LA SOLICITUD?<\/span><\/strong><\/p>\n\n\n\n<p>La solicitud de admisi\u00f3n debe ser <strong>firmada por los 2 tutores <\/strong>del alumno\/a en caso de ser menor de edad. Si la solicitud solo va a ser firmada por una sola persona, la persona firmante deber\u00e1 rellenar la <a href=\"https:\/\/somosdelprieto.com\/wp-content\/uploads\/2021\/01\/Declaraci%C3%B3n-responsable.pdf\" target=\"_blank\" rel=\"noreferrer noopener\"><strong>declaraci\u00f3n responsable<\/strong><\/a><strong>, aduciendo la raz\u00f3n que justifica dicha acci\u00f3n<\/strong>.<\/p>\n\n\n\n<pre class=\"wp-block-preformatted has-medium-font-size\"><strong>Se recuerda que la entrega de contrase\u00f1as para el acceso, solicitud y\/o firma en la plataforma es \u00daNICAMENTE PRESENCIAL del TITULAR mediante la exhibici\u00f3n de su propio DNI\/NIE\/PASAPORTE (contrase\u00f1a personal e intransferible).<\/strong><\/pre>\n\n\n\n<p class=\"has-vivid-cyan-blue-color has-text-color has-link-color wp-elements-68cbcdf375f0aee27766d522ace2b575\"><strong>AQU\u00cd PUEDES VER UNA PRESENTACI\u00d3N SOBRE EL PROCESO DE ADMISI\u00d3N<\/strong>:<\/p>\n\n\n\n<div class=\"wp-block-file\"><a id=\"wp-block-file--media-3abe10e1-7cef-4b2c-9f1c-66a85698074f\" href=\"https:\/\/somosdelprieto.com\/wp-content\/uploads\/2026\/02\/Presentacion-Admision-2026-2027-FAMILIAS-1.pptx\">Presentaci\u00f3n Admisi\u00f3n 2026-2027 FAMILIAS<\/a><a href=\"https:\/\/somosdelprieto.com\/wp-content\/uploads\/2026\/02\/Presentacion-Admision-2026-2027-FAMILIAS-1.pptx\" class=\"wp-block-file__button wp-element-button\" download aria-describedby=\"wp-block-file--media-3abe10e1-7cef-4b2c-9f1c-66a85698074f\">Descarga<\/a><\/div>\n\n\n\n<p><\/p>\n\n\n\n<p class=\"has-vivid-cyan-blue-color has-text-color has-link-color wp-elements-a0a07e22c10f8b72e6f0944e3e7174c8\"><strong>PARA M\u00c1S INFORMACI\u00d3N:<\/strong><\/p>\n\n\n\n<p><a href=\"https:\/\/educacion.castillalamancha.es\/admision-de-alumnado\/obligatorias\" target=\"_blank\" rel=\"noreferrer noopener\">https:\/\/educacion.castillalamancha.es\/admision-de-alumnado\/obligatorias<\/a><\/p>\n\n\n\n<div data-wp-interactive=\"core\/file\" class=\"wp-block-file\"><object data-wp-bind--hidden=\"!state.hasPdfPreview\" hidden class=\"wp-block-file__embed\" data=\"https:\/\/somosdelprieto.com\/wp-content\/uploads\/2026\/02\/Recomendaciones-y-preguntas-frecuentes-Admision_2026-2027-1-1.pdf\" type=\"application\/pdf\" style=\"width:100%;height:600px\" aria-label=\"Incrustado de Recomendaciones y preguntas frecuentes Admisi\u00f3n_2026-2027 .\"><\/object><a id=\"wp-block-file--media-63243fab-2c2c-4b2e-b893-ff13b7c3f2f0\" href=\"https:\/\/somosdelprieto.com\/wp-content\/uploads\/2026\/02\/Recomendaciones-y-preguntas-frecuentes-Admision_2026-2027-1-1.pdf\">Recomendaciones y preguntas frecuentes Admisi\u00f3n_2026-2027 <\/a><a href=\"https:\/\/somosdelprieto.com\/wp-content\/uploads\/2026\/02\/Recomendaciones-y-preguntas-frecuentes-Admision_2026-2027-1-1.pdf\" class=\"wp-block-file__button wp-element-button\" download aria-describedby=\"wp-block-file--media-63243fab-2c2c-4b2e-b893-ff13b7c3f2f0\">Descarga<\/a><\/div>\n\n\n\n<p class=\"has-vivid-cyan-blue-color has-text-color has-link-color wp-elements-05632029db11419b895fe2527d27a9af\"><\/p>\n\n\n\n<p><\/p>\n","protected":false},"excerpt":{"rendered":"<p>PROCESO DE ADMISI\u00d3N CURSO 2026\/2027 El 16 de febrero de 2026, se ha publicado en el Diario Oficial de Castilla-La Mancha, el proceso de admisi\u00f3n para los estudios de BACHILLERATO para el curso 2026\/2027: https:\/\/docm.jccm.es\/docm\/descargarArchivo.do?ruta=2026\/02\/16\/pdf\/2026_837.pdf&amp;tipo=rutaDocm A continuaci\u00f3n, se exponen algunos aspectos b\u00e1sicos del proceso de admisi\u00f3n as\u00ed como el calendario de cada tr\u00e1mite. Se recuerda &hellip; <\/p>\n<p class=\"link-more\"><a href=\"https:\/\/somosdelprieto.com\/index.php\/secretaria\/bachillerato\/\" class=\"more-link\">Continuar leyendo<span class=\"screen-reader-text\"> \u00abBachillerato\u00bb<\/span><\/a><\/p>\n","protected":false},"author":53,"featured_media":0,"parent":2439,"menu_order":0,"comment_status":"closed","ping_status":"closed","template":"","meta":{"footnotes":""},"class_list":["post-2474","page","type-page","status-publish","hentry"],"_links":{"self":[{"href":"https:\/\/somosdelprieto.com\/index.php\/wp-json\/wp\/v2\/pages\/2474","targetHints":{"allow":["GET"]}}],"collection":[{"href":"https:\/\/somosdelprieto.com\/index.php\/wp-json\/wp\/v2\/pages"}],"about":[{"href":"https:\/\/somosdelprieto.com\/index.php\/wp-json\/wp\/v2\/types\/page"}],"author":[{"embeddable":true,"href":"https:\/\/somosdelprieto.com\/index.php\/wp-json\/wp\/v2\/users\/53"}],"replies":[{"embeddable":true,"href":"https:\/\/somosdelprieto.com\/index.php\/wp-json\/wp\/v2\/comments?post=2474"}],"version-history":[{"count":91,"href":"https:\/\/somosdelprieto.com\/index.php\/wp-json\/wp\/v2\/pages\/2474\/revisions"}],"predecessor-version":[{"id":23391,"href":"https:\/\/somosdelprieto.com\/index.php\/wp-json\/wp\/v2\/pages\/2474\/revisions\/23391"}],"up":[{"embeddable":true,"href":"https:\/\/somosdelprieto.com\/index.php\/wp-json\/wp\/v2\/pages\/2439"}],"wp:attachment":[{"href":"https:\/\/somosdelprieto.com\/index.php\/wp-json\/wp\/v2\/media?parent=2474"}],"curies":[{"name":"wp","href":"https:\/\/api.w.org\/{rel}","templated":true}]}}