{"id":2471,"date":"2020-12-16T10:34:25","date_gmt":"2020-12-16T09:34:25","guid":{"rendered":"https:\/\/somosdelprieto.com\/?page_id=2471"},"modified":"2026-02-27T10:08:00","modified_gmt":"2026-02-27T09:08:00","slug":"e-s-o","status":"publish","type":"page","link":"https:\/\/somosdelprieto.com\/index.php\/secretaria\/e-s-o\/","title":{"rendered":"E.S.O."},"content":{"rendered":"<div class=\"wp-block-image is-resized\">\n<figure class=\"aligncenter size-large\"><img decoding=\"async\" src=\"https:\/\/somosdelprieto.com\/wp-content\/uploads\/2020\/12\/ESO.jpg\" alt=\"\" class=\"wp-image-2687\" \/><\/figure>\n<\/div>\n\n\n<p class=\"has-text-align-center has-vivid-green-cyan-color has-text-color has-large-font-size\"><strong>PROCESO DE ADMISI\u00d3N CURSO 2026\/2027<\/strong><\/p>\n\n\n\n<figure class=\"wp-block-image size-large\"><img loading=\"lazy\" decoding=\"async\" width=\"731\" height=\"1024\" src=\"https:\/\/somosdelprieto.com\/wp-content\/uploads\/2026\/02\/CartelAdmision2026_50x70-731x1024.jpg\" alt=\"\" class=\"wp-image-23324\" srcset=\"https:\/\/somosdelprieto.com\/wp-content\/uploads\/2026\/02\/CartelAdmision2026_50x70-731x1024.jpg 731w, https:\/\/somosdelprieto.com\/wp-content\/uploads\/2026\/02\/CartelAdmision2026_50x70-214x300.jpg 214w, https:\/\/somosdelprieto.com\/wp-content\/uploads\/2026\/02\/CartelAdmision2026_50x70-768x1075.jpg 768w, https:\/\/somosdelprieto.com\/wp-content\/uploads\/2026\/02\/CartelAdmision2026_50x70.jpg 1090w\" sizes=\"auto, (max-width: 731px) 100vw, 731px\" \/><\/figure>\n\n\n\n<p>El 16 de febrero de 2026 se ha publicado en el Diario Oficial de Castilla-La Mancha, la Resoluci\u00f3n por la que se convoca el procedimiento de admisi\u00f3n para los estudios de <strong>E.S.O.<\/strong> para el curso <strong>2026\/2027<\/strong>:<\/p>\n\n\n\n<p><a href=\"https:\/\/docm.jccm.es\/docm\/descargarArchivo.do?ruta=2026\/02\/16\/pdf\/2026_837.pdf&amp;tipo=rutaDocm\" data-type=\"link\" data-id=\"https:\/\/docm.jccm.es\/docm\/descargarArchivo.do?ruta=2026\/02\/16\/pdf\/2026_837.pdf&amp;tipo=rutaDocm\" target=\"_blank\" rel=\"noreferrer noopener\">https:\/\/docm.jccm.es\/docm\/descargarArchivo.do?ruta=2025\/02\/11\/pdf\/2025_939.pdf&amp;tipo=rutaDocm<\/a><\/p>\n\n\n\n<p>A continuaci\u00f3n, se exponen algunos aspectos b\u00e1sicos del proceso de admisi\u00f3n, as\u00ed como el calendario de cada tr\u00e1mite. Se recuerda que, cualquier <strong>actualizaci\u00f3n o informaci\u00f3n relacionada<\/strong>, la podr\u00e1s encontrar en el <strong><a href=\"https:\/\/educacion.castillalamancha.es\/admision-de-alumnado\/obligatorias\" target=\"_blank\" rel=\"noreferrer noopener\">portal de educaci\u00f3n de la Junta<\/a><\/strong> de Comunidades de Castilla-La Mancha o navegando en esta p\u00e1gina <a href=\"https:\/\/somosdelprieto.com\/index.php\/secretaria\/\" target=\"_blank\" rel=\"noreferrer noopener\"><strong>web del I.E.S. Gregorio Prieto.<\/strong><\/a><\/p>\n\n\n\n<hr class=\"wp-block-separator has-css-opacity\" \/>\n\n\n\n<p class=\"has-vivid-cyan-blue-color has-text-color has-medium-font-size\"><strong>\u00bfA <em>QUI\u00c9N<\/em> VA DIRIGIDO EL PROCESO DE ADMISI\u00d3N?<\/strong><\/p>\n\n\n\n<ul class=\"wp-block-list\">\n<li>Alumnado <strong>no escolarizado<\/strong> con anterioridad <strong>en ning\u00fan centro de la Regi\u00f3n<\/strong>.<\/li>\n\n\n\n<li>Alumnado que solicita matricularse <strong>en 1\u00ba de la ESO<\/strong>.<\/li>\n\n\n\n<li>Alumnado que solicita un puesto escolar <strong>por traslado desde otro centro<\/strong>.<\/li>\n<\/ul>\n\n\n\n<p class=\"has-vivid-cyan-blue-color has-text-color has-medium-font-size\"><strong>\u00bfCU\u00c1NDO TENGO QUE REALIZAR LOS TR\u00c1MITES?<\/strong><\/p>\n\n\n\n<p><strong>A continuaci\u00f3n<\/strong> se muestra el <strong>calendario <\/strong>con todos los tr\u00e1mites y sus fechas relativos al proceso de admisi\u00f3n:<\/p>\n\n\n\n<p class=\"has-text-align-center has-vivid-green-cyan-color has-text-color\" style=\"font-size:28px\"><strong><u>CALENDARIO PROCESO ADMISI\u00d3N 2026\/2027<\/u><\/strong><\/p>\n\n\n\n<figure class=\"wp-block-image size-full is-style-default\"><img loading=\"lazy\" decoding=\"async\" width=\"719\" height=\"650\" src=\"https:\/\/somosdelprieto.com\/wp-content\/uploads\/2026\/02\/Captura-3.jpg\" alt=\"\" class=\"wp-image-23349\" srcset=\"https:\/\/somosdelprieto.com\/wp-content\/uploads\/2026\/02\/Captura-3.jpg 719w, https:\/\/somosdelprieto.com\/wp-content\/uploads\/2026\/02\/Captura-3-300x271.jpg 300w\" sizes=\"auto, (max-width: 719px) 100vw, 719px\" \/><\/figure>\n\n\n\n<p><strong><em>PLAZO EXTRAORDINARIO DE ADMISI\u00d3N<\/em><\/strong><\/p>\n\n\n\n<p>A partir del d\u00eda <strong>09\/07\/2026<\/strong>, se inicia un <strong>plazo extraordinario de admisi\u00f3n<\/strong> de alumnado <strong>y solo se atender\u00e1n solicitudes que se encuentren en alguna de las siguientes situaciones<\/strong>:<\/p>\n\n\n\n<ul id=\"block-d9f46ab8-bda4-4863-b304-d59f707ebab1\" class=\"wp-block-list\">\n<li>Por traslado de localidad.<\/li>\n\n\n\n<li>Por circunstancias que respondan a casos excepcionales, tales como violencia de g\u00e9nero o acoso escolar. Estas circunstancias excepcionales tienen que contar con informe favorable del Servicio Provincial de Inspecci\u00f3n.<\/li>\n\n\n\n<li>Alumnado que no haya participado en el proceso de admisi\u00f3n o deba escolarizarse.<\/li>\n\n\n\n<li>Alumnado que particip\u00f3 en el proceso de admisi\u00f3n, se le adjudic\u00f3 cambio de centro en la asignaci\u00f3n definitiva y repite curso.<\/li>\n<\/ul>\n\n\n\n<p>La presentaci\u00f3n de solicitudes de plazo extraordinario se realizar\u00e1 preferentemente de forma electr\u00f3nica a trav\u00e9s de la plataforma <strong><em><a rel=\"noreferrer noopener\" href=\"https:\/\/educamosclm.castillalamancha.es\/\" target=\"_blank\">EducamosCLM<\/a><\/em><\/strong> y, dentro de ella, en <strong>Secretar\u00eda Virtual<\/strong> siguiendo el mismo procedimiento que se ha descrito para el plazo de admisi\u00f3n<\/p>\n\n\n\n<p>El d\u00eda <strong>03\/09\/2026 <\/strong>se realizar\u00e1 una <strong>primera adjudicaci\u00f3n extraordinaria <\/strong>de las solicitudes estimadas de plazo extraordinario comprendidas entre el 09 de julio y el 24 de agosto.<\/p>\n\n\n\n<p><strong>Todo el alumnado que haya obtenido un puesto escolar<\/strong> en el presente proceso de admisi\u00f3n extraordinaria <strong>deber\u00e1 formalizar la matr\u00edcula en el centro en el que haya sido asignado en el plazo de 3 d\u00edas h\u00e1biles desde la fecha de adjudicaci\u00f3n<\/strong>, en caso contrario perder\u00e1 la plaza adjudicada.<\/p>\n\n\n\n<p class=\"has-vivid-cyan-blue-color has-text-color has-medium-font-size\"><strong>\u00bf<em>C\u00d3MO RELLENAR LA SOLICITUD DE ADMISI\u00d3N?<\/em><\/strong><\/p>\n\n\n\n<p>Pinchando en el siguiente bot\u00f3n podr\u00e1s acceder a la <strong>gu\u00eda <\/strong>para las familias. En ella encontrar\u00e1s informaci\u00f3n \u00fatil sobre el proceso de admisi\u00f3n: <\/p>\n\n\n\n<hr class=\"wp-block-separator has-css-opacity\" \/>\n\n\n\n<div data-wp-interactive=\"core\/file\" class=\"wp-block-file\"><object data-wp-bind--hidden=\"!state.hasPdfPreview\" hidden class=\"wp-block-file__embed\" data=\"https:\/\/somosdelprieto.com\/wp-content\/uploads\/2026\/02\/170226_Guia_familias_Admision_2026-2027.pdf\" type=\"application\/pdf\" style=\"width:100%;height:600px\" aria-label=\"Incrustado de 170226_Guia_familias_Admisi\u00f3n_2026-2027.\"><\/object><a id=\"wp-block-file--media-e3ea6017-b2a8-45ff-b279-172ac83fda78\" href=\"https:\/\/somosdelprieto.com\/wp-content\/uploads\/2026\/02\/170226_Guia_familias_Admision_2026-2027.pdf\">170226_Guia_familias_Admisi\u00f3n_2026-2027<\/a><a href=\"https:\/\/somosdelprieto.com\/wp-content\/uploads\/2026\/02\/170226_Guia_familias_Admision_2026-2027.pdf\" class=\"wp-block-file__button wp-element-button\" download aria-describedby=\"wp-block-file--media-e3ea6017-b2a8-45ff-b279-172ac83fda78\">Descarga<\/a><\/div>\n\n\n\n<hr class=\"wp-block-separator has-css-opacity is-style-wide\" \/>\n\n\n\n<p class=\"has-vivid-cyan-blue-color has-text-color has-medium-font-size\"><strong>AQU\u00cd PUEDES VER UNA PRESENTACI\u00d3N SOBRE EL PROCESO DE ADMISI\u00d3N<\/strong>:<\/p>\n\n\n\n<div class=\"wp-block-file\"><a id=\"wp-block-file--media-7ca1b717-8c83-488d-be27-c0ed82022f77\" href=\"https:\/\/somosdelprieto.com\/wp-content\/uploads\/2026\/02\/Presentacion-Admision-2026-2027-FAMILIAS.pptx\">Presentaci\u00f3n Admisi\u00f3n 2026-2027 FAMILIAS<\/a><a href=\"https:\/\/somosdelprieto.com\/wp-content\/uploads\/2026\/02\/Presentacion-Admision-2026-2027-FAMILIAS.pptx\" class=\"wp-block-file__button wp-element-button\" download aria-describedby=\"wp-block-file--media-7ca1b717-8c83-488d-be27-c0ed82022f77\">Descarga<\/a><\/div>\n\n\n\n<p><\/p>\n\n\n\n<p class=\"has-vivid-cyan-blue-color has-text-color has-medium-font-size\"><strong>\u00bf<em>D\u00d3NDE<\/em> REALIZAR LAS SOLICITUDES DE ADMISI\u00d3N?<\/strong><\/p>\n\n\n\n<p>Cualquier tr\u00e1mite o consulta sobre el proceso de admisi\u00f3n puede realizarse a trav\u00e9s de la plataforma <a href=\"https:\/\/educamosclm.castillalamancha.es\" target=\"_blank\" rel=\"noreferrer noopener\"><strong><em>educamosCLM<\/em> (pinchando aqu\u00ed)<\/strong><\/a> y, dentro de ella, en <strong>Secretar\u00eda Virtual<\/strong>.<\/p>\n\n\n\n<p class=\"has-vivid-cyan-blue-color has-text-color has-medium-font-size\"><strong>\u00bf<em>CU\u00c1NTOS<\/em> TR\u00c1MITES TENGO QUE REALIZAR?<\/strong><\/p>\n\n\n\n<p>Todo el alumnado que se encuentra dentro <strong>del apartado anterior<\/strong>, tiene que realizar <strong>2 tr\u00e1mites<\/strong>: <\/p>\n\n\n\n<ol class=\"wp-block-list\">\n<li><strong>Solicitar plaza<\/strong> para poder obtenerla en el centro deseado. (Del 23 de febrero al 9 de marzo)<\/li>\n\n\n\n<li>Realizar la <strong>matr\u00edcula<\/strong> en el centro en el que ha obtenido la plaza o puesto escolar. (Del 29 de junio al 2 de julio).<\/li>\n<\/ol>\n\n\n\n<p class=\"has-vivid-cyan-blue-color has-text-color has-medium-font-size\"><strong>SOY PARTE DEL ALUMNADO QUE <em>PROMOCIONA<\/em> AL SIGUIENTE CURSO O QUE <em>REPITE.<\/em> \u00bfTENGO QUE REALIZAR EL PROCESO DE ADMISI\u00d3N?<\/strong><\/p>\n\n\n\n<p>En cualquiera de estas 2 situaciones, <strong>NO <\/strong>hay que realizar <strong>solicitud de admisi\u00f3n<\/strong>. En este caso, <strong>SOLO TIENES<\/strong> que realizar <strong>LA MATR\u00cdCULA<\/strong> (en la plataforma <strong><em><a rel=\"noreferrer noopener\" href=\"https:\/\/educamosclm.castillalamancha.es\/\" target=\"_blank\">educamosCLM<\/a><\/em><\/strong> y, dentro de ella, en <strong>Secretar\u00eda Virtual<\/strong>).<\/p>\n\n\n\n<p class=\"has-vivid-cyan-blue-color has-text-color has-medium-font-size\"><strong>\u00bfQUI\u00c9N FIRMA LA SOLICITUD?<\/strong><\/p>\n\n\n\n<p>La solicitud de admisi\u00f3n debe ser <strong>firmada por los 2 tutores <\/strong>del alumno\/a. Si la solicitud solo va a ser firmada por una sola persona, la persona firmante deber\u00e1 rellenar la <strong><a href=\"https:\/\/somosdelprieto.com\/wp-content\/uploads\/2021\/01\/Declaraci\u00f3n-responsable.pdf\" target=\"_blank\" rel=\"noreferrer noopener\">declaraci\u00f3n responsable<\/a>, aduciendo la raz\u00f3n que justifica dicha acci\u00f3n<\/strong>.<\/p>\n\n\n\n<p class=\"has-very-dark-gray-color has-text-color has-background\" style=\"background-color:#c2e5fa\"><strong>Se recuerda que la entrega de contrase\u00f1as para el acceso, solicitud y\/o firma en la plataforma  es \u00daNICAMENTE PRESENCIAL del TITULAR mediante la exhibici\u00f3n de su propio DNI\/NIE\/PASAPORTE (contrase\u00f1a personal e intransferible).<\/strong><\/p>\n\n\n\n<p class=\"has-vivid-red-color has-text-color has-medium-font-size\"><strong>IMPORTANTE:<\/strong><\/p>\n\n\n\n<p class=\"has-normal-font-size\"><strong>Los alumnos y alumnas que hayan obtenido un puesto escolar en la asignaci\u00f3n definitiva y no formalicen su matr\u00edcula en los plazos indicados, perder\u00e1n el derecho a la plaza asignada y podr\u00e1n participar en el proceso de admisi\u00f3n extraordinaria.<\/strong><\/p>\n\n\n\n<p class=\"has-text-align-center has-vivid-green-cyan-color has-text-color has-small-font-size\"><\/p>\n\n\n\n<p class=\"has-vivid-cyan-blue-color has-text-color has-medium-font-size\"><strong>PARA M\u00c1S INFORMACI\u00d3N:<\/strong><\/p>\n\n\n\n<p><a href=\"https:\/\/educacion.castillalamancha.es\/admision-de-alumnado\/obligatorias\" target=\"_blank\" rel=\"noreferrer noopener\">https:\/\/educacion.castillalamancha.es\/admision-de-alumnado\/obligatorias<\/a><\/p>\n\n\n\n<div data-wp-interactive=\"core\/file\" class=\"wp-block-file\"><object data-wp-bind--hidden=\"!state.hasPdfPreview\" hidden class=\"wp-block-file__embed\" data=\"https:\/\/somosdelprieto.com\/wp-content\/uploads\/2026\/02\/Recomendaciones-y-preguntas-frecuentes-Admision_2026-2027-1.pdf\" type=\"application\/pdf\" style=\"width:100%;height:600px\" aria-label=\"Incrustado de Recomendaciones y preguntas frecuentes Admisi\u00f3n_2026-2027 (1).\"><\/object><a id=\"wp-block-file--media-1881e5eb-8fc8-4933-aea3-dccfbad00b66\" href=\"https:\/\/somosdelprieto.com\/wp-content\/uploads\/2026\/02\/Recomendaciones-y-preguntas-frecuentes-Admision_2026-2027-1.pdf\">Recomendaciones y preguntas frecuentes Admisi\u00f3n_2026-2027 (1)<\/a><a href=\"https:\/\/somosdelprieto.com\/wp-content\/uploads\/2026\/02\/Recomendaciones-y-preguntas-frecuentes-Admision_2026-2027-1.pdf\" class=\"wp-block-file__button wp-element-button\" download aria-describedby=\"wp-block-file--media-1881e5eb-8fc8-4933-aea3-dccfbad00b66\">Descarga<\/a><\/div>\n\n\n\n<p><\/p>\n","protected":false},"excerpt":{"rendered":"<p>PROCESO DE ADMISI\u00d3N CURSO 2026\/2027 El 16 de febrero de 2026 se ha publicado en el Diario Oficial de Castilla-La Mancha, la Resoluci\u00f3n por la que se convoca el procedimiento de admisi\u00f3n para los estudios de E.S.O. para el curso 2026\/2027: https:\/\/docm.jccm.es\/docm\/descargarArchivo.do?ruta=2025\/02\/11\/pdf\/2025_939.pdf&amp;tipo=rutaDocm A continuaci\u00f3n, se exponen algunos aspectos b\u00e1sicos del proceso de admisi\u00f3n, as\u00ed como &hellip; <\/p>\n<p class=\"link-more\"><a href=\"https:\/\/somosdelprieto.com\/index.php\/secretaria\/e-s-o\/\" class=\"more-link\">Continuar leyendo<span class=\"screen-reader-text\"> \u00abE.S.O.\u00bb<\/span><\/a><\/p>\n","protected":false},"author":53,"featured_media":0,"parent":2439,"menu_order":0,"comment_status":"closed","ping_status":"closed","template":"","meta":{"footnotes":""},"class_list":["post-2471","page","type-page","status-publish","hentry"],"_links":{"self":[{"href":"https:\/\/somosdelprieto.com\/index.php\/wp-json\/wp\/v2\/pages\/2471","targetHints":{"allow":["GET"]}}],"collection":[{"href":"https:\/\/somosdelprieto.com\/index.php\/wp-json\/wp\/v2\/pages"}],"about":[{"href":"https:\/\/somosdelprieto.com\/index.php\/wp-json\/wp\/v2\/types\/page"}],"author":[{"embeddable":true,"href":"https:\/\/somosdelprieto.com\/index.php\/wp-json\/wp\/v2\/users\/53"}],"replies":[{"embeddable":true,"href":"https:\/\/somosdelprieto.com\/index.php\/wp-json\/wp\/v2\/comments?post=2471"}],"version-history":[{"count":163,"href":"https:\/\/somosdelprieto.com\/index.php\/wp-json\/wp\/v2\/pages\/2471\/revisions"}],"predecessor-version":[{"id":23388,"href":"https:\/\/somosdelprieto.com\/index.php\/wp-json\/wp\/v2\/pages\/2471\/revisions\/23388"}],"up":[{"embeddable":true,"href":"https:\/\/somosdelprieto.com\/index.php\/wp-json\/wp\/v2\/pages\/2439"}],"wp:attachment":[{"href":"https:\/\/somosdelprieto.com\/index.php\/wp-json\/wp\/v2\/media?parent=2471"}],"curies":[{"name":"wp","href":"https:\/\/api.w.org\/{rel}","templated":true}]}}