{"id":2439,"date":"2020-12-16T08:47:53","date_gmt":"2020-12-16T07:47:53","guid":{"rendered":"https:\/\/somosdelprieto.com\/?page_id=2439"},"modified":"2026-04-08T13:46:29","modified_gmt":"2026-04-08T11:46:29","slug":"secretaria","status":"publish","type":"page","link":"https:\/\/somosdelprieto.com\/index.php\/secretaria\/","title":{"rendered":"Secretar\u00eda"},"content":{"rendered":"<div class=\"wp-block-image is-resized\">\n<figure class=\"aligncenter size-large\"><img decoding=\"async\" src=\"https:\/\/somosdelprieto.com\/wp-content\/uploads\/2020\/12\/SECRETAR\u00cdA.jpg\" alt=\"\" class=\"wp-image-2746\" \/><\/figure>\n<\/div>\n\n\n<ul class=\"wp-block-list\">\n<li><strong><span style=\"color:#2c06e5\" class=\"has-inline-color\">CONTACTO<\/span><\/strong>\n<ul class=\"wp-block-list\">\n<li>De forma presencial: Horario de 9:00 a 14:00<\/li>\n\n\n\n<li>Tel\u00e9fono: 926 32 19 03<\/li>\n\n\n\n<li>Correo Electr\u00f3nico: <a href=\"mailto:13003336.ies@educastillalamancha.es\">13003336.ies@educastillalamancha.es<\/a><\/li>\n<\/ul>\n<\/li>\n<\/ul>\n\n\n\n<ul class=\"wp-block-list\">\n<li><strong><span style=\"color:#2c06e5\" class=\"has-inline-color\">CALENDARIO ESCOLAR<\/span><\/strong>\n<ul class=\"wp-block-list\">\n<li><a href=\"https:\/\/www.educa.jccm.es\/es\/calendario-escolar\">Calendario Escolar Curso 2025\/2026<\/a><\/li>\n<\/ul>\n<\/li>\n<\/ul>\n\n\n\n<div class=\"wp-block-group is-vertical is-layout-flex wp-container-core-group-is-layout-8cf370e7 wp-block-group-is-layout-flex\">\n<ul class=\"wp-block-list\">\n<li><mark style=\"background-color:#ffffff;color:#2c06e5\" class=\"has-inline-color\"><strong>NUEVA LEY DE FORMACI\u00d3N PROFESIONAL<\/strong>: <em><a href=\"https:\/\/www.boe.es\/buscar\/pdf\/2022\/BOE-A-2022-5139-consolidado.pdf\">Ley Org\u00e1nica 3\/2022, de 31 de marzo, de ordenaci\u00f3n e integraci\u00f3n de la Formaci\u00f3n Profesional<\/a><\/em><\/mark>\n<ul class=\"wp-block-list\">\n<li><strong>Transici\u00f3n entre LOE y la nueva Ley de Formaci\u00f3n Profesional<\/strong>\n<ul class=\"wp-block-list\">\n<li><a href=\"https:\/\/somosdelprieto.com\/index.php\/transicion-loe-nueva-ley\/\">Ciclos Formativos de Grado B\u00e1sico<\/a><\/li>\n\n\n\n<li><a href=\"https:\/\/somosdelprieto.com\/index.php\/transicion-loe-nueva-ley-2\/\">Ciclos Formativos de Grado Medio<\/a><\/li>\n\n\n\n<li><a href=\"https:\/\/somosdelprieto.com\/index.php\/transicion-loe-nueva-ley-3\/\">Ciclos Formativos de Grado Superior<\/a><\/li>\n<\/ul>\n<\/li>\n\n\n\n<li style=\"font-style:normal;font-weight:500\"><a href=\"https:\/\/somosdelprieto.com\/index.php\/fp\/implantacion-de-la-nueva-ley-de-formacion-profesional-curso-2024-2025\/\"><strong>Implantaci\u00f3n de la nueva Ley de Formaci\u00f3n Profesional. Curso 2024\/2025<\/strong><\/a><\/li>\n<\/ul>\n<\/li>\n<\/ul>\n\n\n\n<p><\/p>\n\n\n\n<ul class=\"wp-block-list\">\n<li style=\"font-style:normal;font-weight:500\"><a href=\"https:\/\/somosdelprieto.com\/index.php\/prueba-libres-formacion-profesional\/\" data-type=\"link\" data-id=\"https:\/\/somosdelprieto.com\/index.php\/prueba-libres-formacion-profesional\/\" target=\"_blank\" rel=\"noreferrer noopener\"><strong><mark style=\"color:#2c06e5\" class=\"has-inline-color\">PRUEBAS LIBRES PARA LA OBTENCI\u00d3N DE LOS T\u00cdTULOS DE T\u00c9CNICO Y T\u00c9CNICO SUPERIOR  (ASISTENCIA A LA DIRECCI\u00d3N 2026)<\/mark><\/strong><\/a><\/li>\n<\/ul>\n\n\n\n<p><\/p>\n<\/div>\n\n\n\n<ul class=\"wp-block-list\">\n<li><strong><span style=\"color:#2c06e5\" class=\"has-inline-color\">ADMIS<\/span><\/strong><span style=\"color:#2c06e5\" class=\"has-inline-color\"><strong>I\u00d3N DE ALUMNADO<\/strong><\/span>\n<ul class=\"wp-block-list\">\n<li><strong><a href=\"https:\/\/somosdelprieto.com\/index.php\/certificado-de-profesionalidad-en-industrias-carnicas\/\"><em><mark style=\"background-color:#ffffff\" class=\"has-inline-color has-black-color\">\u00a1NOVEDAD! <\/mark>OFERTA INTEGRADA: ACONDICIONAMIENTO Y TECNOLOG\u00cdA DE LA CARNE<\/em><\/a><\/strong><\/li>\n\n\n\n<li><a href=\"https:\/\/somosdelprieto.com\/index.php\/e-s-o\/\">E.S.O.<\/a><\/li>\n\n\n\n<li><a href=\"https:\/\/somosdelprieto.com\/index.php\/secretaria\/bachillerato\/\">Bachillerato<\/a><\/li>\n\n\n\n<li><a href=\"https:\/\/somosdelprieto.com\/index.php\/admision-extraordinaria-eso-y-bachillerato\/\">Admisi\u00f3n Extraordinaria ESO y Bachillerato<\/a><\/li>\n\n\n\n<li><a href=\"https:\/\/somosdelprieto.com\/index.php\/formacion-profesional-basica\/\">Ciclo Formativo de Grado B\u00e1sico<\/a><\/li>\n\n\n\n<li><a href=\"https:\/\/somosdelprieto.com\/index.php\/programa-especifico-formacion-profesional-jardineria\/\">PEFP Jardiner\u00eda<\/a><\/li>\n\n\n\n<li><a href=\"https:\/\/somosdelprieto.com\/index.php\/ciclo-formativo-grado-medio\/\">CF Grado Medio<\/a><\/li>\n\n\n\n<li><a href=\"https:\/\/somosdelprieto.com\/index.php\/secretaria\/ciclo-formativo-grado-superior\/\">CF Grado Superior<\/a><\/li>\n\n\n\n<li><a href=\"https:\/\/somosdelprieto.com\/index.php\/oferta-modular\/\">Oferta Modular<\/a><\/li>\n\n\n\n<li><a href=\"https:\/\/somosdelprieto.com\/index.php\/pruebas-de-acceso-a-ciclos-formativos-de-formacion-profesional-a-grado-medio-y-grado-superior\/\">Pruebas de Acceso a Formaci\u00f3n Profesional (a Grado Medio y Grado Superior)<\/a><\/li>\n\n\n\n<li><a href=\"https:\/\/somosdelprieto.com\/index.php\/secretaria\/curso-de-acceso-a-ciclos-formativos-de-grado-superior-2024-2025\/\" data-type=\"link\" data-id=\"https:\/\/somosdelprieto.com\/index.php\/secretaria\/curso-de-acceso-a-ciclos-formativos-de-grado-superior-2024-2025\/\">Curso de formaci\u00f3n espec\u00edfico preparatorio para el acceso a Ciclos Formativos&nbsp;de Grado Superior<\/a><\/li>\n\n\n\n<li><a href=\"https:\/\/somosdelprieto.com\/index.php\/prueba-libres-formacion-profesional\/\">Pruebas libres para la obtenci\u00f3n de los t\u00edtulos de T\u00e9cnico y T\u00e9cnico Superior (F.P.)<\/a><\/li>\n<\/ul>\n<\/li>\n<\/ul>\n\n\n\n<ul id=\"block-fa13a584-82a4-44f4-9333-c313a8aa26d9\" class=\"wp-block-list\">\n<li><strong><span style=\"color:#2c06e5\" class=\"has-inline-color\">MATR\u00cdCULACI\u00d3N<\/span><\/strong>\n<ul class=\"wp-block-list\">\n<li><a href=\"https:\/\/somosdelprieto.com\/index.php\/matriculacion-normas-generales\/\"><strong>Normas Generales de Matriculaci\u00f3n<\/strong><\/a><\/li>\n\n\n\n<li><a rel=\"noreferrer noopener\" href=\"https:\/\/somosdelprieto.com\/index.php\/matriculacion-en-e-s-o\/\" target=\"_blank\">E.S.O.<\/a><\/li>\n\n\n\n<li><a rel=\"noreferrer noopener\" href=\"https:\/\/somosdelprieto.com\/index.php\/matriculacion-en-bachillerato\/\" target=\"_blank\">BACHILLERATO<\/a><\/li>\n\n\n\n<li><a href=\"https:\/\/somosdelprieto.com\/index.php\/matriculacion-en-ciclos-formativos-de-grado-basico\/\">GRADO B\u00c1SICO<\/a><\/li>\n\n\n\n<li><a href=\"https:\/\/somosdelprieto.com\/index.php\/matriculacion-en-ciclos-formativos-de-grado-medio-y-grado-superior\/\">GRADO MEDIO Y GRADO SUPERIOR<\/a><\/li>\n<\/ul>\n<\/li>\n<\/ul>\n\n\n\n<ul class=\"wp-block-list\">\n<li><strong><span style=\"color:#2c06e5\" class=\"has-inline-color\">TR\u00c1MITES<\/span><\/strong>\n<ul class=\"wp-block-list\">\n<li><a href=\"https:\/\/somosdelprieto.com\/index.php\/claves-acceso-plataforma-educamosclm-usuario-y-contrasena\/\">Claves Acceso Plataforma EducamosCLM (usuario y contrase\u00f1a)<\/a><\/li>\n\n\n\n<li><a href=\"https:\/\/somosdelprieto.com\/index.php\/solicitud-certificados\/\">Solicitud Certificados<\/a><\/li>\n\n\n\n<li><a href=\"https:\/\/somosdelprieto.com\/index.php\/solicitud-titulos\/\">Solicitud T\u00edtulos y Duplicados (ESO, Bachillerato, Grado B\u00e1sico, Grado Medio o Grado Superior)<\/a><\/li>\n\n\n\n<li><a href=\"https:\/\/somosdelprieto.com\/index.php\/solicitud-titulos-fp1-y-fp2-exclusivamente\/\">Solicitud T\u00edtulos y Duplicados (FP1 y\/o FP2 anteriores al sistema educativo actual)<\/a><\/li>\n\n\n\n<li><a href=\"https:\/\/somosdelprieto.com\/index.php\/anulacion-matricula\/\">Anulaci\u00f3n Matr\u00edcula<\/a><\/li>\n\n\n\n<li><a href=\"https:\/\/somosdelprieto.com\/index.php\/renuncia-convocatoria\/\">Renuncia Convocatoria<\/a><\/li>\n\n\n\n<li><a href=\"https:\/\/somosdelprieto.com\/index.php\/convocatoria-extraordinaria\/\">Convocatoria Extraordinaria<\/a><\/li>\n\n\n\n<li><a href=\"https:\/\/somosdelprieto.com\/index.php\/simultaneidad-de-estudios\/\">Simultaneidad de Estudios<\/a><\/li>\n\n\n\n<li><a href=\"https:\/\/somosdelprieto.com\/index.php\/ayuda-libros-e-s-o\/\">Ayudas Libros de texto (alumnado ESO) <\/a><\/li>\n\n\n\n<li><a href=\"https:\/\/somosdelprieto.com\/index.php\/2025\/07\/16\/adhesion-al-banco-de-libros-curso-2025-2026-1o-2o-eso-bachillerato-y-grado-basico\/\" data-type=\"link\" data-id=\"https:\/\/somosdelprieto.com\/index.php\/2025\/07\/16\/adhesion-al-banco-de-libros-curso-2025-2026-1o-2o-eso-bachillerato-y-grado-basico\/\">Banco de Libros.<\/a><\/li>\n\n\n\n<li><a href=\"https:\/\/somosdelprieto.com\/index.php\/becas-alumnado-bachillerato-y-formacion-profesional\/\">Becas del Ministerio de Educaci\u00f3n (Grado B\u00e1sico, Bachillerato, Grado Medio, Grado Superior y Curso de Acceso)<\/a><\/li>\n\n\n\n<li><a href=\"https:\/\/somosdelprieto.com\/index.php\/becas-y-ayudas-para-alumnos-con-necesidad-especifica-de-apoyo-educativo\/\">Becas y Ayudas para alumnos con necesidad espec\u00edfica de apoyo educativo<\/a><\/li>\n\n\n\n<li><a href=\"https:\/\/somosdelprieto.com\/index.php\/secretaria\/convalidaciones\/\">Convalidaciones<\/a><\/li>\n\n\n\n<li><a href=\"https:\/\/somosdelprieto.com\/index.php\/secretaria\/exencion-formacion-en-empresa\/\">Exenci\u00f3n de Formaci\u00f3n en empresa<\/a><\/li>\n\n\n\n<li><a href=\"https:\/\/somosdelprieto.com\/index.php\/secretaria\/e-v-a-u\/\">Prueba de Acceso a la Universidad de Castilla-La Mancha<\/a><\/li>\n\n\n\n<li><a href=\"https:\/\/somosdelprieto.com\/index.php\/transporte-escolar\/\">Transporte Escolar<\/a><\/li>\n\n\n\n<li><a href=\"https:\/\/somosdelprieto.com\/index.php\/camerfirma\/\" target=\"_blank\" rel=\"noreferrer noopener\">Obtenci\u00f3n e Instalaci\u00f3n del Certificado Camerfirma <\/a><\/li>\n<\/ul>\n<\/li>\n<\/ul>\n\n\n\n<p><strong><mark style=\"background-color:#ffffff\" class=\"has-inline-color has-vivid-cyan-blue-color\">OTRA INFORMACI\u00d3N DE INTER\u00c9S<\/mark><\/strong><\/p>\n\n\n\n<p>&#8211;<strong>Homologaci\u00f3n de t\u00edtulos extranjeros<\/strong>: <a href=\"https:\/\/www.educacionfpydeportes.gob.es\/servicios-al-ciudadano\/catalogo\/general\/05\/051270\/ficha\/051270.html\">https:\/\/www.educacionfpydeportes.gob.es\/servicios-al-ciudadano\/catalogo\/general\/05\/051270\/ficha\/051270.html<\/a><\/p>\n\n\n\n<div data-wp-interactive=\"core\/file\" class=\"wp-block-file\"><object data-wp-bind--hidden=\"!state.hasPdfPreview\" hidden class=\"wp-block-file__embed\" data=\"https:\/\/somosdelprieto.com\/wp-content\/uploads\/2026\/03\/triptico-homologacion.pdf\" type=\"application\/pdf\" style=\"width:100%;height:600px\" aria-label=\"Incrustado de triptico-homologacion.\"><\/object><a id=\"wp-block-file--media-9805c86d-650e-430c-bc9b-4c6553f41b44\" href=\"https:\/\/somosdelprieto.com\/wp-content\/uploads\/2026\/03\/triptico-homologacion.pdf\">triptico-homologacion<\/a><a href=\"https:\/\/somosdelprieto.com\/wp-content\/uploads\/2026\/03\/triptico-homologacion.pdf\" class=\"wp-block-file__button wp-element-button\" download aria-describedby=\"wp-block-file--media-9805c86d-650e-430c-bc9b-4c6553f41b44\">Descarga<\/a><\/div>\n\n\n\n<p>&#8211;<strong>Legalizaci\u00f3n de documentos para el extranjero:<\/strong><a href=\"https:\/\/educacion.castillalamancha.es\/educacion\/tramites\/homologacion-de-titulos-academicos-extranjeros-en-castilla-la-mancha#homologacin-de-ttulos-acadmicos-extranjeros\"> https:\/\/www.educa.jccm.es\/alumnado\/es\/tramites-academicos\/solicitud-titulo-academico\/expedicion-titulos-dependientes-comunidad-autonoma-castilla\/legalizacion-documentos-extranjero<\/a><\/p>\n\n\n\n<p><strong><em><a rel=\"noreferrer noopener\" href=\"https:\/\/somosdelprieto.com\/index.php\/category\/secretaria\/\" target=\"_blank\">\u00daLTIMAS NOTICIAS DE SECRETAR\u00cdA<\/a><\/em><\/strong><\/p>\n\n\n\n<p><\/p>\n","protected":false},"excerpt":{"rendered":"<p>OTRA INFORMACI\u00d3N DE INTER\u00c9S &#8211;Homologaci\u00f3n de t\u00edtulos extranjeros: https:\/\/www.educacionfpydeportes.gob.es\/servicios-al-ciudadano\/catalogo\/general\/05\/051270\/ficha\/051270.html &#8211;Legalizaci\u00f3n de documentos para el extranjero: https:\/\/www.educa.jccm.es\/alumnado\/es\/tramites-academicos\/solicitud-titulo-academico\/expedicion-titulos-dependientes-comunidad-autonoma-castilla\/legalizacion-documentos-extranjero \u00daLTIMAS NOTICIAS DE SECRETAR\u00cdA<\/p>\n","protected":false},"author":53,"featured_media":0,"parent":0,"menu_order":0,"comment_status":"closed","ping_status":"closed","template":"","meta":{"footnotes":""},"class_list":["post-2439","page","type-page","status-publish","hentry"],"_links":{"self":[{"href":"https:\/\/somosdelprieto.com\/index.php\/wp-json\/wp\/v2\/pages\/2439","targetHints":{"allow":["GET"]}}],"collection":[{"href":"https:\/\/somosdelprieto.com\/index.php\/wp-json\/wp\/v2\/pages"}],"about":[{"href":"https:\/\/somosdelprieto.com\/index.php\/wp-json\/wp\/v2\/types\/page"}],"author":[{"embeddable":true,"href":"https:\/\/somosdelprieto.com\/index.php\/wp-json\/wp\/v2\/users\/53"}],"replies":[{"embeddable":true,"href":"https:\/\/somosdelprieto.com\/index.php\/wp-json\/wp\/v2\/comments?post=2439"}],"version-history":[{"count":154,"href":"https:\/\/somosdelprieto.com\/index.php\/wp-json\/wp\/v2\/pages\/2439\/revisions"}],"predecessor-version":[{"id":23690,"href":"https:\/\/somosdelprieto.com\/index.php\/wp-json\/wp\/v2\/pages\/2439\/revisions\/23690"}],"wp:attachment":[{"href":"https:\/\/somosdelprieto.com\/index.php\/wp-json\/wp\/v2\/media?parent=2439"}],"curies":[{"name":"wp","href":"https:\/\/api.w.org\/{rel}","templated":true}]}}