{"id":22331,"date":"2025-10-16T13:04:19","date_gmt":"2025-10-16T11:04:19","guid":{"rendered":"https:\/\/somosdelprieto.com\/?page_id=22331"},"modified":"2025-10-16T13:04:19","modified_gmt":"2025-10-16T11:04:19","slug":"nuestro-alumnado-de-agraria-visita-la-oficina-de-empleo-y-emprendimiento-de-valdepenas","status":"publish","type":"page","link":"https:\/\/somosdelprieto.com\/index.php\/nuestro-alumnado-de-agraria-visita-la-oficina-de-empleo-y-emprendimiento-de-valdepenas\/","title":{"rendered":"NUESTRO ALUMNADO DE AGRARIA VISITA LA OFICINA DE EMPLEO Y EMPRENDIMIENTO DE VALDEPE\u00d1AS"},"content":{"rendered":"\n<p>El pasado jueves, 2 de octubre, todos nuestros chicos y chicas del Programa Espec\u00edfico de Jardines y Viveros pudieron conocer de primera mano la oficina de Empleo y Emprendimiento de Valdepe\u00f1as. Fue una visita muy agradable, la cu\u00e1l sirvi\u00f3 para que nuestr@s chic@s tengan un poquito m\u00e1s f\u00e1cil y m\u00e1s cerca su pr\u00f3xima salida al mundo laboral.<\/p>\n\n\n\n<p>Agracedemos a Cristina M\u00aa P\u00e9rez la buena atenci\u00f3n que nos prest\u00f3, as\u00ed como todo lo que nos explic\u00f3 en la visita.<\/p>\n\n\n\n<p>Aqu\u00ed os dejamos el documento gr\u00e1fico de la visita.<\/p>\n\n\n\n<figure class=\"wp-block-gallery has-nested-images columns-default is-cropped wp-block-gallery-1 is-layout-flex wp-block-gallery-is-layout-flex\"><\/figure>\n\n\n\n<figure class=\"wp-block-image size-large\"><img loading=\"lazy\" decoding=\"async\" width=\"1024\" height=\"703\" src=\"https:\/\/somosdelprieto.com\/wp-content\/uploads\/2025\/10\/1760610884901-2-1024x703.jpg\" alt=\"\" class=\"wp-image-22343\" srcset=\"https:\/\/somosdelprieto.com\/wp-content\/uploads\/2025\/10\/1760610884901-2-1024x703.jpg 1024w, https:\/\/somosdelprieto.com\/wp-content\/uploads\/2025\/10\/1760610884901-2-300x206.jpg 300w, https:\/\/somosdelprieto.com\/wp-content\/uploads\/2025\/10\/1760610884901-2-768x527.jpg 768w, https:\/\/somosdelprieto.com\/wp-content\/uploads\/2025\/10\/1760610884901-2.jpg 1200w\" sizes=\"auto, (max-width: 767px) 89vw, (max-width: 1000px) 54vw, (max-width: 1071px) 543px, 580px\" \/><\/figure>\n\n\n\n<figure class=\"wp-block-image size-large\"><img loading=\"lazy\" decoding=\"async\" width=\"1024\" height=\"974\" src=\"https:\/\/somosdelprieto.com\/wp-content\/uploads\/2025\/10\/1760610884924-1-1-1024x974.jpg\" alt=\"\" class=\"wp-image-22342\" srcset=\"https:\/\/somosdelprieto.com\/wp-content\/uploads\/2025\/10\/1760610884924-1-1-1024x974.jpg 1024w, https:\/\/somosdelprieto.com\/wp-content\/uploads\/2025\/10\/1760610884924-1-1-300x285.jpg 300w, https:\/\/somosdelprieto.com\/wp-content\/uploads\/2025\/10\/1760610884924-1-1-768x730.jpg 768w, https:\/\/somosdelprieto.com\/wp-content\/uploads\/2025\/10\/1760610884924-1-1.jpg 1200w\" sizes=\"auto, (max-width: 767px) 89vw, (max-width: 1000px) 54vw, (max-width: 1071px) 543px, 580px\" \/><\/figure>\n\n\n\n<figure class=\"wp-block-image size-large\"><img loading=\"lazy\" decoding=\"async\" width=\"1024\" height=\"768\" src=\"https:\/\/somosdelprieto.com\/wp-content\/uploads\/2025\/10\/1760610884947-1024x768.jpg\" alt=\"\" class=\"wp-image-22340\" srcset=\"https:\/\/somosdelprieto.com\/wp-content\/uploads\/2025\/10\/1760610884947-1024x768.jpg 1024w, https:\/\/somosdelprieto.com\/wp-content\/uploads\/2025\/10\/1760610884947-300x225.jpg 300w, https:\/\/somosdelprieto.com\/wp-content\/uploads\/2025\/10\/1760610884947-768x576.jpg 768w, https:\/\/somosdelprieto.com\/wp-content\/uploads\/2025\/10\/1760610884947-1536x1152.jpg 1536w, https:\/\/somosdelprieto.com\/wp-content\/uploads\/2025\/10\/1760610884947.jpg 1600w\" sizes=\"auto, (max-width: 767px) 89vw, (max-width: 1000px) 54vw, (max-width: 1071px) 543px, 580px\" \/><\/figure>\n\n\n\n<figure class=\"wp-block-image size-large\"><img loading=\"lazy\" decoding=\"async\" width=\"1024\" height=\"768\" src=\"https:\/\/somosdelprieto.com\/wp-content\/uploads\/2025\/10\/1760610885021-1024x768.jpg\" alt=\"\" class=\"wp-image-22341\" srcset=\"https:\/\/somosdelprieto.com\/wp-content\/uploads\/2025\/10\/1760610885021-1024x768.jpg 1024w, https:\/\/somosdelprieto.com\/wp-content\/uploads\/2025\/10\/1760610885021-300x225.jpg 300w, https:\/\/somosdelprieto.com\/wp-content\/uploads\/2025\/10\/1760610885021-768x576.jpg 768w, https:\/\/somosdelprieto.com\/wp-content\/uploads\/2025\/10\/1760610885021-1536x1152.jpg 1536w, https:\/\/somosdelprieto.com\/wp-content\/uploads\/2025\/10\/1760610885021.jpg 1600w\" sizes=\"auto, (max-width: 767px) 89vw, (max-width: 1000px) 54vw, (max-width: 1071px) 543px, 580px\" \/><\/figure>\n\n\n\n<figure class=\"wp-block-image size-large\"><img loading=\"lazy\" decoding=\"async\" width=\"768\" height=\"1024\" src=\"https:\/\/somosdelprieto.com\/wp-content\/uploads\/2025\/10\/1760610885043-768x1024.jpg\" alt=\"\" class=\"wp-image-22335\" srcset=\"https:\/\/somosdelprieto.com\/wp-content\/uploads\/2025\/10\/1760610885043-768x1024.jpg 768w, https:\/\/somosdelprieto.com\/wp-content\/uploads\/2025\/10\/1760610885043-225x300.jpg 225w, https:\/\/somosdelprieto.com\/wp-content\/uploads\/2025\/10\/1760610885043-1152x1536.jpg 1152w, https:\/\/somosdelprieto.com\/wp-content\/uploads\/2025\/10\/1760610885043.jpg 1200w\" sizes=\"auto, (max-width: 767px) 89vw, (max-width: 1000px) 54vw, (max-width: 1071px) 543px, 580px\" \/><\/figure>\n\n\n\n<figure class=\"wp-block-image size-large\"><img loading=\"lazy\" decoding=\"async\" width=\"768\" height=\"1024\" src=\"https:\/\/somosdelprieto.com\/wp-content\/uploads\/2025\/10\/1760610884971-768x1024.jpg\" alt=\"\" class=\"wp-image-22334\" srcset=\"https:\/\/somosdelprieto.com\/wp-content\/uploads\/2025\/10\/1760610884971-768x1024.jpg 768w, https:\/\/somosdelprieto.com\/wp-content\/uploads\/2025\/10\/1760610884971-225x300.jpg 225w, https:\/\/somosdelprieto.com\/wp-content\/uploads\/2025\/10\/1760610884971-1152x1536.jpg 1152w, https:\/\/somosdelprieto.com\/wp-content\/uploads\/2025\/10\/1760610884971.jpg 1200w\" sizes=\"auto, (max-width: 767px) 89vw, (max-width: 1000px) 54vw, (max-width: 1071px) 543px, 580px\" \/><\/figure>\n\n\n\n<p><\/p>\n","protected":false},"excerpt":{"rendered":"<p>El pasado jueves, 2 de octubre, todos nuestros chicos y chicas del Programa Espec\u00edfico de Jardines y Viveros pudieron conocer de primera mano la oficina de Empleo y Emprendimiento de Valdepe\u00f1as. Fue una visita muy agradable, la cu\u00e1l sirvi\u00f3 para que nuestr@s chic@s tengan un poquito m\u00e1s f\u00e1cil y m\u00e1s cerca su pr\u00f3xima salida al &hellip; <\/p>\n<p class=\"link-more\"><a href=\"https:\/\/somosdelprieto.com\/index.php\/nuestro-alumnado-de-agraria-visita-la-oficina-de-empleo-y-emprendimiento-de-valdepenas\/\" class=\"more-link\">Continuar leyendo<span class=\"screen-reader-text\"> \u00abNUESTRO ALUMNADO DE AGRARIA VISITA LA OFICINA DE EMPLEO Y EMPRENDIMIENTO DE VALDEPE\u00d1AS\u00bb<\/span><\/a><\/p>\n","protected":false},"author":30,"featured_media":0,"parent":0,"menu_order":0,"comment_status":"closed","ping_status":"closed","template":"","meta":{"footnotes":""},"class_list":["post-22331","page","type-page","status-publish","hentry"],"_links":{"self":[{"href":"https:\/\/somosdelprieto.com\/index.php\/wp-json\/wp\/v2\/pages\/22331","targetHints":{"allow":["GET"]}}],"collection":[{"href":"https:\/\/somosdelprieto.com\/index.php\/wp-json\/wp\/v2\/pages"}],"about":[{"href":"https:\/\/somosdelprieto.com\/index.php\/wp-json\/wp\/v2\/types\/page"}],"author":[{"embeddable":true,"href":"https:\/\/somosdelprieto.com\/index.php\/wp-json\/wp\/v2\/users\/30"}],"replies":[{"embeddable":true,"href":"https:\/\/somosdelprieto.com\/index.php\/wp-json\/wp\/v2\/comments?post=22331"}],"version-history":[{"count":1,"href":"https:\/\/somosdelprieto.com\/index.php\/wp-json\/wp\/v2\/pages\/22331\/revisions"}],"predecessor-version":[{"id":22349,"href":"https:\/\/somosdelprieto.com\/index.php\/wp-json\/wp\/v2\/pages\/22331\/revisions\/22349"}],"wp:attachment":[{"href":"https:\/\/somosdelprieto.com\/index.php\/wp-json\/wp\/v2\/media?parent=22331"}],"curies":[{"name":"wp","href":"https:\/\/api.w.org\/{rel}","templated":true}]}}

NUESTRO ALUMNADO DE AGRARIA VISITA LA OFICINA DE EMPLEO Y EMPRENDIMIENTO DE VALDEPEÑAS

<p>El pasado jueves, 2 de octubre, todos nuestros chicos y chicas del Programa Específico de Jardines y Viveros pudieron conocer de primera mano la oficina de Empleo y Emprendimiento de Valdepeñas. Fue una visita muy agradable, la cuál sirvió para que nuestr@s chic@s tengan un poquito más fácil y más cerca su próxima salida al mundo laboral.</p>



<p>Agracedemos a Cristina Mª Pérez la buena atención que nos prestó, así como todo lo que nos explicó en la visita.</p>



<p>Aquí os dejamos el documento gráfico de la visita.</p>



<figure class="wp-block-gallery has-nested-images columns-default is-cropped wp-block-gallery-1 is-layout-flex wp-block-gallery-is-layout-flex"></figure>



<figure class="wp-block-image size-large"><img loading="lazy" decoding="async" width="1024" height="703" src="https://somosdelprieto.com/wp-content/uploads/2025/10/1760610884901-2-1024x703.jpg" alt="" class="wp-image-22343" srcset="https://somosdelprieto.com/wp-content/uploads/2025/10/1760610884901-2-1024x703.jpg 1024w, https://somosdelprieto.com/wp-content/uploads/2025/10/1760610884901-2-300x206.jpg 300w, https://somosdelprieto.com/wp-content/uploads/2025/10/1760610884901-2-768x527.jpg 768w, https://somosdelprieto.com/wp-content/uploads/2025/10/1760610884901-2.jpg 1200w" sizes="auto, (max-width: 767px) 89vw, (max-width: 1000px) 54vw, (max-width: 1071px) 543px, 580px" /></figure>



<figure class="wp-block-image size-large"><img loading="lazy" decoding="async" width="1024" height="974" src="https://somosdelprieto.com/wp-content/uploads/2025/10/1760610884924-1-1-1024x974.jpg" alt="" class="wp-image-22342" srcset="https://somosdelprieto.com/wp-content/uploads/2025/10/1760610884924-1-1-1024x974.jpg 1024w, https://somosdelprieto.com/wp-content/uploads/2025/10/1760610884924-1-1-300x285.jpg 300w, https://somosdelprieto.com/wp-content/uploads/2025/10/1760610884924-1-1-768x730.jpg 768w, https://somosdelprieto.com/wp-content/uploads/2025/10/1760610884924-1-1.jpg 1200w" sizes="auto, (max-width: 767px) 89vw, (max-width: 1000px) 54vw, (max-width: 1071px) 543px, 580px" /></figure>



<figure class="wp-block-image size-large"><img loading="lazy" decoding="async" width="1024" height="768" src="https://somosdelprieto.com/wp-content/uploads/2025/10/1760610884947-1024x768.jpg" alt="" class="wp-image-22340" srcset="https://somosdelprieto.com/wp-content/uploads/2025/10/1760610884947-1024x768.jpg 1024w, https://somosdelprieto.com/wp-content/uploads/2025/10/1760610884947-300x225.jpg 300w, https://somosdelprieto.com/wp-content/uploads/2025/10/1760610884947-768x576.jpg 768w, https://somosdelprieto.com/wp-content/uploads/2025/10/1760610884947-1536x1152.jpg 1536w, https://somosdelprieto.com/wp-content/uploads/2025/10/1760610884947.jpg 1600w" sizes="auto, (max-width: 767px) 89vw, (max-width: 1000px) 54vw, (max-width: 1071px) 543px, 580px" /></figure>



<figure class="wp-block-image size-large"><img loading="lazy" decoding="async" width="1024" height="768" src="https://somosdelprieto.com/wp-content/uploads/2025/10/1760610885021-1024x768.jpg" alt="" class="wp-image-22341" srcset="https://somosdelprieto.com/wp-content/uploads/2025/10/1760610885021-1024x768.jpg 1024w, https://somosdelprieto.com/wp-content/uploads/2025/10/1760610885021-300x225.jpg 300w, https://somosdelprieto.com/wp-content/uploads/2025/10/1760610885021-768x576.jpg 768w, https://somosdelprieto.com/wp-content/uploads/2025/10/1760610885021-1536x1152.jpg 1536w, https://somosdelprieto.com/wp-content/uploads/2025/10/1760610885021.jpg 1600w" sizes="auto, (max-width: 767px) 89vw, (max-width: 1000px) 54vw, (max-width: 1071px) 543px, 580px" /></figure>



<figure class="wp-block-image size-large"><img loading="lazy" decoding="async" width="768" height="1024" src="https://somosdelprieto.com/wp-content/uploads/2025/10/1760610885043-768x1024.jpg" alt="" class="wp-image-22335" srcset="https://somosdelprieto.com/wp-content/uploads/2025/10/1760610885043-768x1024.jpg 768w, https://somosdelprieto.com/wp-content/uploads/2025/10/1760610885043-225x300.jpg 225w, https://somosdelprieto.com/wp-content/uploads/2025/10/1760610885043-1152x1536.jpg 1152w, https://somosdelprieto.com/wp-content/uploads/2025/10/1760610885043.jpg 1200w" sizes="auto, (max-width: 767px) 89vw, (max-width: 1000px) 54vw, (max-width: 1071px) 543px, 580px" /></figure>



<figure class="wp-block-image size-large"><img loading="lazy" decoding="async" width="768" height="1024" src="https://somosdelprieto.com/wp-content/uploads/2025/10/1760610884971-768x1024.jpg" alt="" class="wp-image-22334" srcset="https://somosdelprieto.com/wp-content/uploads/2025/10/1760610884971-768x1024.jpg 768w, https://somosdelprieto.com/wp-content/uploads/2025/10/1760610884971-225x300.jpg 225w, https://somosdelprieto.com/wp-content/uploads/2025/10/1760610884971-1152x1536.jpg 1152w, https://somosdelprieto.com/wp-content/uploads/2025/10/1760610884971.jpg 1200w" sizes="auto, (max-width: 767px) 89vw, (max-width: 1000px) 54vw, (max-width: 1071px) 543px, 580px" /></figure>



<p></p>

<p>El pasado jueves, 2 de octubre, todos nuestros chicos y chicas del Programa Específico de Jardines y Viveros pudieron conocer de primera mano la oficina de Empleo y Emprendimiento de Valdepeñas. Fue una visita muy agradable, la cuál sirvió para que nuestr@s chic@s tengan un poquito más fácil y más cerca su próxima salida al &hellip; </p>
<p class="link-more"><a href="https://somosdelprieto.com/index.php/nuestro-alumnado-de-agraria-visita-la-oficina-de-empleo-y-emprendimiento-de-valdepenas/" class="more-link">Continuar leyendo<span class="screen-reader-text"> «NUESTRO ALUMNADO DE AGRARIA VISITA LA OFICINA DE EMPLEO Y EMPRENDIMIENTO DE VALDEPEÑAS»</span></a></p>
