{"id":2130,"date":"2020-11-14T18:53:20","date_gmt":"2020-11-14T17:53:20","guid":{"rendered":"https:\/\/somosdelprieto.com\/?page_id=2130"},"modified":"2021-02-06T21:13:36","modified_gmt":"2021-02-06T20:13:36","slug":"profesional-basico-en-electricidad-y-electronica","status":"publish","type":"page","link":"https:\/\/somosdelprieto.com\/index.php\/estudios\/fp-basica\/profesional-basico-en-electricidad-y-electronica\/","title":{"rendered":"Profesional B\u00e1sico en Electricidad y Electr\u00f3nica"},"content":{"rendered":"\n<p><strong>Familia Profesional<\/strong>: Electricidad y Electr\u00f3nica.<\/p>\n\n\n\n<p><strong>Nivel<\/strong>: Formaci\u00f3n Profesional B\u00e1sica<\/p>\n\n\n\n<p><strong>Duraci\u00f3n<\/strong>: 2000 horas. 2 cursos acad\u00e9micos<\/p>\n\n\n\n<p>Duraci\u00f3n y distribuci\u00f3n horaria semanal de los m\u00f3dulos profesionales y de la tutor\u00eda del ciclo formativo:<\/p>\n\n\n\n<figure class=\"wp-block-table\"><table><tbody><tr><td><strong>1<sup>er<\/sup>&nbsp;CURSO<\/strong><\/td><td><strong>HORAS TOTAL<\/strong><\/td><td><strong>HORAS SEM.<\/strong><\/td><td><strong>2\u00ba CURSO<\/strong><\/td><td><strong>HORAS TOTAL<\/strong><\/td><td><strong>HORAS SEM.<\/strong><\/td><\/tr><tr><td>3013. Instalaciones el\u00e9ctricas y dom\u00f3ticas.<\/td><td>320<\/td><td>10<\/td><td>3014. Instalaciones de telecomunicaciones.<\/td><td>210<\/td><td>8<\/td><\/tr><tr><td>3015. Equipos el\u00e9ctricos y electr\u00f3nicos.<\/td><td>255<\/td><td>8<\/td><td>3016. Instalaci\u00f3n y mantenimiento de redes para transmisi\u00f3n de datos.<\/td><td>190<\/td><td>7<\/td><\/tr><tr><td>3009. Ciencias aplicadas I.<\/td><td>160<\/td><td>5<\/td><td>3019. Ciencias aplicadas II.<\/td><td>160<\/td><td>6<\/td><\/tr><tr><td>3011. Comunicaci\u00f3n y sociedad I.<\/td><td>160<\/td><td>5<\/td><td>3012. Comunicaci\u00f3n y sociedad II.<\/td><td>165<\/td><td>6<\/td><\/tr><tr><td>Tutor\u00eda.<\/td><td>65<\/td><td>2<\/td><td>Tutor\u00eda.<\/td><td>25<\/td><td>1<\/td><\/tr><tr><td>&nbsp;<\/td><td>&nbsp;<\/td><td>&nbsp;<\/td><td>CLM0041. Iniciaci\u00f3n a la actividad emprendedora y empresarial.<\/td><td>50<\/td><td>2<\/td><\/tr><tr><td>&nbsp;<\/td><td>&nbsp;<\/td><td>&nbsp;<\/td><td>3018. Formaci\u00f3n en centros de trabajo.<\/td><td>240<\/td><td>&nbsp;<\/td><\/tr><\/tbody><\/table><\/figure>\n\n\n\n<p><strong>Competencias<\/strong>:<\/p>\n\n\n\n<p>Relaci\u00f3n de cualificaciones y unidades de competencia del Cat\u00e1logo Nacional de Cualificaciones Profesionales incluidas en el t\u00edtulo.<\/p>\n\n\n\n<p>Cualificaciones profesionales completas:<\/p>\n\n\n\n<p>a) Operaciones auxiliares de montaje de instalaciones electrot\u00e9cnicas y de telecomunicaciones en edificios, ELE255_1 (Real Decreto 1115\/2007, de 24 de agosto), que comprende las siguientes unidades de competencia:<\/p>\n\n\n\n<p>&nbsp;&nbsp;&nbsp;&nbsp; UC0816_1: Realizar operaciones de montaje de instalaciones el\u00e9ctricas de baja tensi\u00f3n y dom\u00f3ticas en edificios.<\/p>\n\n\n\n<p>&nbsp;&nbsp;&nbsp;&nbsp; UC0817_1: Realizar operaciones de montaje de instalaciones de telecomunicaciones<\/p>\n\n\n\n<p>b) Operaciones auxiliares de montaje y mantenimiento de equipos el\u00e9ctricos y electr\u00f3nicos ELE481_1 (Real Decreto 144\/2011, de 4 de febrero), que comprende las siguientes unidades de competencia:<\/p>\n\n\n\n<p>&nbsp;&nbsp;&nbsp;&nbsp; UC1559_1: Realizar operaciones de ensamblado en el montaje de equipos el\u00e9ctricos y electr\u00f3nicos.<\/p>\n\n\n\n<p>&nbsp;&nbsp;&nbsp;&nbsp; UC1560_1: Realizar operaciones de conexionado en el montaje de equipos el\u00e9ctricos y electr\u00f3nicos.<\/p>\n\n\n\n<p>&nbsp;&nbsp;&nbsp;&nbsp; UC1561_1: Realizar operaciones auxiliares en el mantenimiento de equipos el\u00e9ctricos y electr\u00f3nicos.<\/p>\n\n\n\n<p>Cualificaciones profesionales incompletas:<\/p>\n\n\n\n<p>Operaciones auxiliares de montaje y mantenimiento de sistemas microinform\u00e1ticos IFC361_1 (Real Decreto 1701\/2007, de 14 de diciembre), que comprende las siguientes unidades de competencia:<\/p>\n\n\n\n<p>&nbsp;&nbsp;&nbsp;&nbsp; UC1207_1: Realizar operaciones auxiliares de montaje de equipos microinform\u00e1ticos.<\/p>\n\n\n\n<p><strong>Puestos de Trabajo<\/strong>:<\/p>\n\n\n\n<p>Este profesional ejerce su actividad por cuenta ajena en empresas de montaje y mantenimiento de instalaciones electrot\u00e9cnicas de edificios, viviendas, oficinas, locales comerciales e industriales, supervisado por un nivel superior y estando regulada la actividad por el Reglamento Electrot\u00e9cnico de Baja Tensi\u00f3n y por la Normativa de las Infraestructuras Comunes de Telecomunicaciones.<\/p>\n\n\n\n<p>Las ocupaciones y puestos de trabajo m\u00e1s relevantes son los siguientes:<\/p>\n\n\n\n<ul class=\"wp-block-list\"><li>Operario de instalaciones el\u00e9ctricas de baja tensi\u00f3n.<\/li><li>Ayudante de montador de antenas receptoras\/ televisi\u00f3n sat\u00e9lites.<\/li><li>Ayudante de instalador y reparador de equipos telef\u00f3nicos y telegr\u00e1ficos.<\/li><li>Ayudante de instalador de equipos y sistemas de comunicaci\u00f3n.<\/li><li>Ayudante de instalador reparador de instalaciones telef\u00f3nicas.<\/li><li>Pe\u00f3n de la industria de producci\u00f3n y distribuci\u00f3n de energ\u00eda el\u00e9ctrica.<\/li><li>Ayudante de montador de sistemas microinform\u00e1ticos.<\/li><li>Operador de ensamblado de equipos el\u00e9ctricos y electr\u00f3nicos.<\/li><li>Auxiliar de mantenimiento de equipos el\u00e9ctricos y electr\u00f3nicos.<\/li><li>Probador\/ajustador de placas y equipos el\u00e9ctricos y electr\u00f3nicos.&nbsp;<\/li><li>Montador de componentes en placas de circuito impreso.<\/li><\/ul>\n","protected":false},"excerpt":{"rendered":"<p>Familia Profesional: Electricidad y Electr\u00f3nica. Nivel: Formaci\u00f3n Profesional B\u00e1sica Duraci\u00f3n: 2000 horas. 2 cursos acad\u00e9micos Duraci\u00f3n y distribuci\u00f3n horaria semanal de los m\u00f3dulos profesionales y de la tutor\u00eda del ciclo formativo: 1er&nbsp;CURSO HORAS TOTAL HORAS SEM. 2\u00ba CURSO HORAS TOTAL HORAS SEM. 3013. Instalaciones el\u00e9ctricas y dom\u00f3ticas. 320 10 3014. Instalaciones de telecomunicaciones. 210 8 &hellip; <\/p>\n<p class=\"link-more\"><a href=\"https:\/\/somosdelprieto.com\/index.php\/estudios\/fp-basica\/profesional-basico-en-electricidad-y-electronica\/\" class=\"more-link\">Continuar leyendo<span class=\"screen-reader-text\"> \u00abProfesional B\u00e1sico en Electricidad y Electr\u00f3nica\u00bb<\/span><\/a><\/p>\n","protected":false},"author":21,"featured_media":0,"parent":1943,"menu_order":0,"comment_status":"closed","ping_status":"closed","template":"","meta":{"footnotes":""},"class_list":["post-2130","page","type-page","status-publish","hentry"],"_links":{"self":[{"href":"https:\/\/somosdelprieto.com\/index.php\/wp-json\/wp\/v2\/pages\/2130","targetHints":{"allow":["GET"]}}],"collection":[{"href":"https:\/\/somosdelprieto.com\/index.php\/wp-json\/wp\/v2\/pages"}],"about":[{"href":"https:\/\/somosdelprieto.com\/index.php\/wp-json\/wp\/v2\/types\/page"}],"author":[{"embeddable":true,"href":"https:\/\/somosdelprieto.com\/index.php\/wp-json\/wp\/v2\/users\/21"}],"replies":[{"embeddable":true,"href":"https:\/\/somosdelprieto.com\/index.php\/wp-json\/wp\/v2\/comments?post=2130"}],"version-history":[{"count":1,"href":"https:\/\/somosdelprieto.com\/index.php\/wp-json\/wp\/v2\/pages\/2130\/revisions"}],"predecessor-version":[{"id":2131,"href":"https:\/\/somosdelprieto.com\/index.php\/wp-json\/wp\/v2\/pages\/2130\/revisions\/2131"}],"up":[{"embeddable":true,"href":"https:\/\/somosdelprieto.com\/index.php\/wp-json\/wp\/v2\/pages\/1943"}],"wp:attachment":[{"href":"https:\/\/somosdelprieto.com\/index.php\/wp-json\/wp\/v2\/media?parent=2130"}],"curies":[{"name":"wp","href":"https:\/\/api.w.org\/{rel}","templated":true}]}}