{"id":20926,"date":"2025-03-24T09:23:39","date_gmt":"2025-03-24T08:23:39","guid":{"rendered":"https:\/\/somosdelprieto.com\/?page_id=20926"},"modified":"2026-02-25T10:08:22","modified_gmt":"2026-02-25T09:08:22","slug":"admision-extraordinaria-eso-y-bachillerato","status":"publish","type":"page","link":"https:\/\/somosdelprieto.com\/index.php\/admision-extraordinaria-eso-y-bachillerato\/","title":{"rendered":"Admisi\u00f3n Extraordinaria"},"content":{"rendered":"<div class=\"wp-block-image\">\n<figure class=\"aligncenter size-full\"><img loading=\"lazy\" decoding=\"async\" width=\"661\" height=\"240\" src=\"https:\/\/somosdelprieto.com\/wp-content\/uploads\/2025\/03\/Sin-titulo.jpg\" alt=\"\" class=\"wp-image-20932\" srcset=\"https:\/\/somosdelprieto.com\/wp-content\/uploads\/2025\/03\/Sin-titulo.jpg 661w, https:\/\/somosdelprieto.com\/wp-content\/uploads\/2025\/03\/Sin-titulo-300x109.jpg 300w\" sizes=\"auto, (max-width: 661px) 100vw, 661px\" \/><\/figure>\n<\/div>\n\n\n<p>Durante <strong>todo el<\/strong> <strong>curso 2025-2026<\/strong> permanecer\u00e1 abierto para las ense\u00f1anzas de ESO y Bachillerato un <strong>plazo extraordinario de admisi\u00f3n<\/strong>&nbsp;del alumnado&nbsp;<strong>que se encuentre en alguna de las siguientes situaciones<\/strong>:<\/p>\n\n\n\n<ul id=\"block-d9f46ab8-bda4-4863-b304-d59f707ebab1\" class=\"wp-block-list\">\n<li>Por traslado de localidad.<\/li>\n\n\n\n<li>Por circunstancias que respondan a casos excepcionales, tales como violencia de g\u00e9nero o acoso escolar. Estas circunstancias excepcionales tienen que contar con informe favorable del Servicio Provincial de Inspecci\u00f3n.<\/li>\n\n\n\n<li>Alumnado que no haya participado en el proceso de admisi\u00f3n o deba escolarizarse.<\/li>\n\n\n\n<li>Alumnado que particip\u00f3 en el proceso de admisi\u00f3n, se le adjudic\u00f3 cambio de centro en la asignaci\u00f3n definitiva y repite curso.<\/li>\n\n\n\n<li>Alumnado de bachillerato con adjudicaci\u00f3n de centro en la asignaci\u00f3n definitiva y solicita otra modalidad.<\/li>\n<\/ul>\n\n\n\n<p>Las solicitudes se presentar\u00e1n preferentemente de manera <strong>telem\u00e1tica<\/strong> a trav\u00e9s de la plataforma <strong>EducamosCLM<\/strong>, y dentro de ella en secretar\u00eda virtual.<\/p>\n\n\n\n<p class=\"has-medium-font-size\"><mark class=\"has-inline-color has-luminous-vivid-orange-color\"><strong>ATENCI\u00d3N: A partir del 31 de enero, estas solicitudes no se podr\u00e1n presentar telem\u00e1ticamente y SE PRESENTAR\u00c1N POR ESCRITO EN EL CENTRO que se haya puesto como primera opci\u00f3n.<\/strong><\/mark><\/p>\n\n\n\n<p class=\"has-luminous-vivid-orange-color has-text-color has-link-color has-medium-font-size wp-elements-5078bc109bf53ad28064b412ccaef405\"><strong><mark style=\"background-color:#ffffff\" class=\"has-inline-color has-vivid-cyan-blue-color\">ANEXO PARA ADMISION EXTRAORDINARIA EN ESO Y BACHILLERATO:<\/mark><\/strong><\/p>\n\n\n\n<div data-wp-interactive=\"core\/file\" class=\"wp-block-file\"><object data-wp-bind--hidden=\"!state.hasPdfPreview\" hidden class=\"wp-block-file__embed\" data=\"https:\/\/somosdelprieto.com\/wp-content\/uploads\/2026\/02\/ANEXO-V-Solicitud-en-periodo-extraordinario-2025-26.pdf\" type=\"application\/pdf\" style=\"width:100%;height:600px\" aria-label=\"Incrustado de ANEXO V Solicitud en periodo extraordinario 2025-26.\"><\/object><a id=\"wp-block-file--media-89a14679-b99b-4ae9-ade7-9aa91b15b7ab\" href=\"https:\/\/somosdelprieto.com\/wp-content\/uploads\/2026\/02\/ANEXO-V-Solicitud-en-periodo-extraordinario-2025-26.pdf\">ANEXO V Solicitud en periodo extraordinario 2025-26<\/a><a href=\"https:\/\/somosdelprieto.com\/wp-content\/uploads\/2026\/02\/ANEXO-V-Solicitud-en-periodo-extraordinario-2025-26.pdf\" class=\"wp-block-file__button wp-element-button\" download aria-describedby=\"wp-block-file--media-89a14679-b99b-4ae9-ade7-9aa91b15b7ab\">Descarga<\/a><\/div>\n\n\n\n<p><\/p>\n\n\n\n<p><strong>PARA M\u00c1S INFORMACI\u00d3N:<\/strong><\/p>\n\n\n\n<p><a href=\"https:\/\/educacion.castillalamancha.es\/admision-de-alumnado\/obligatorias#adjudicacin-extraordinaria\" target=\"_blank\" rel=\"noreferrer noopener\">https:\/\/educacion.castillalamancha.es\/admision-de-alumnado\/obligatorias#adjudicacin-extraordinaria<\/a><\/p>\n\n\n\n<p><\/p>\n","protected":false},"excerpt":{"rendered":"<p>Durante todo el curso 2025-2026 permanecer\u00e1 abierto para las ense\u00f1anzas de ESO y Bachillerato un plazo extraordinario de admisi\u00f3n&nbsp;del alumnado&nbsp;que se encuentre en alguna de las siguientes situaciones: Las solicitudes se presentar\u00e1n preferentemente de manera telem\u00e1tica a trav\u00e9s de la plataforma EducamosCLM, y dentro de ella en secretar\u00eda virtual. ATENCI\u00d3N: A partir del 31 de &hellip; <\/p>\n<p class=\"link-more\"><a href=\"https:\/\/somosdelprieto.com\/index.php\/admision-extraordinaria-eso-y-bachillerato\/\" class=\"more-link\">Continuar leyendo<span class=\"screen-reader-text\"> \u00abAdmisi\u00f3n Extraordinaria\u00bb<\/span><\/a><\/p>\n","protected":false},"author":53,"featured_media":0,"parent":0,"menu_order":0,"comment_status":"closed","ping_status":"closed","template":"","meta":{"footnotes":""},"class_list":["post-20926","page","type-page","status-publish","hentry"],"_links":{"self":[{"href":"https:\/\/somosdelprieto.com\/index.php\/wp-json\/wp\/v2\/pages\/20926","targetHints":{"allow":["GET"]}}],"collection":[{"href":"https:\/\/somosdelprieto.com\/index.php\/wp-json\/wp\/v2\/pages"}],"about":[{"href":"https:\/\/somosdelprieto.com\/index.php\/wp-json\/wp\/v2\/types\/page"}],"author":[{"embeddable":true,"href":"https:\/\/somosdelprieto.com\/index.php\/wp-json\/wp\/v2\/users\/53"}],"replies":[{"embeddable":true,"href":"https:\/\/somosdelprieto.com\/index.php\/wp-json\/wp\/v2\/comments?post=20926"}],"version-history":[{"count":17,"href":"https:\/\/somosdelprieto.com\/index.php\/wp-json\/wp\/v2\/pages\/20926\/revisions"}],"predecessor-version":[{"id":23379,"href":"https:\/\/somosdelprieto.com\/index.php\/wp-json\/wp\/v2\/pages\/20926\/revisions\/23379"}],"wp:attachment":[{"href":"https:\/\/somosdelprieto.com\/index.php\/wp-json\/wp\/v2\/media?parent=20926"}],"curies":[{"name":"wp","href":"https:\/\/api.w.org\/{rel}","templated":true}]}}