{"id":20914,"date":"2025-03-23T18:25:48","date_gmt":"2025-03-23T17:25:48","guid":{"rendered":"https:\/\/somosdelprieto.com\/?page_id=20914"},"modified":"2025-03-23T18:25:49","modified_gmt":"2025-03-23T17:25:49","slug":"taller-de-acondicionamiento-fisico","status":"publish","type":"page","link":"https:\/\/somosdelprieto.com\/index.php\/taller-de-acondicionamiento-fisico\/","title":{"rendered":"TALLER DE ACONDICIONAMIENTO F\u00cdSICO"},"content":{"rendered":"\n<p>TU FUTURO EN EL FITNESS COMIENZA AQU\u00cd: TALLER DE ACONDICIONAMIENTO F\u00cdSICO\u00bb<\/p>\n\n\n\n<p><strong>Descripci\u00f3n: <\/strong>Durante este taller, podr\u00e1s acercarte a las diversas actividades f\u00edsicas que se realizan en el Ciclo formativo de Grado Superior de Acondicionamiento F\u00edsico. Descubre qu\u00e9 aprender\u00e1s para ser t\u00e9cnico superior y poder desarrollar las funciones que corresponden a un monitor que desempe\u00f1a su trabajo en un gimnasio.<\/p>\n\n\n\n<figure class=\"wp-block-image size-full\"><img loading=\"lazy\" decoding=\"async\" width=\"473\" height=\"308\" src=\"https:\/\/somosdelprieto.com\/wp-content\/uploads\/2025\/03\/af.png\" alt=\"\" class=\"wp-image-20915\" srcset=\"https:\/\/somosdelprieto.com\/wp-content\/uploads\/2025\/03\/af.png 473w, https:\/\/somosdelprieto.com\/wp-content\/uploads\/2025\/03\/af-300x195.png 300w\" sizes=\"auto, (max-width: 473px) 100vw, 473px\" \/><\/figure>\n\n\n\n<p>Sum\u00e9rgete en una experiencia \u00fanica donde disfrutar\u00e1s realizando actividades con soporte musical, entrenamiento funcional y de alta intensidad que pondr\u00e1n al l\u00edmite tus exigencias f\u00edsicas, adem\u00e1s de proporcionarte una visi\u00f3n general de nuestro ciclo formativo de acondicionamiento f\u00edsico.<\/p>\n","protected":false},"excerpt":{"rendered":"<p>TU FUTURO EN EL FITNESS COMIENZA AQU\u00cd: TALLER DE ACONDICIONAMIENTO F\u00cdSICO\u00bb Descripci\u00f3n: Durante este taller, podr\u00e1s acercarte a las diversas actividades f\u00edsicas que se realizan en el Ciclo formativo de Grado Superior de Acondicionamiento F\u00edsico. Descubre qu\u00e9 aprender\u00e1s para ser t\u00e9cnico superior y poder desarrollar las funciones que corresponden a un monitor que desempe\u00f1a su &hellip; <\/p>\n<p class=\"link-more\"><a href=\"https:\/\/somosdelprieto.com\/index.php\/taller-de-acondicionamiento-fisico\/\" class=\"more-link\">Continuar leyendo<span class=\"screen-reader-text\"> \u00abTALLER DE ACONDICIONAMIENTO F\u00cdSICO\u00bb<\/span><\/a><\/p>\n","protected":false},"author":1,"featured_media":0,"parent":0,"menu_order":0,"comment_status":"closed","ping_status":"closed","template":"","meta":{"footnotes":""},"class_list":["post-20914","page","type-page","status-publish","hentry"],"_links":{"self":[{"href":"https:\/\/somosdelprieto.com\/index.php\/wp-json\/wp\/v2\/pages\/20914","targetHints":{"allow":["GET"]}}],"collection":[{"href":"https:\/\/somosdelprieto.com\/index.php\/wp-json\/wp\/v2\/pages"}],"about":[{"href":"https:\/\/somosdelprieto.com\/index.php\/wp-json\/wp\/v2\/types\/page"}],"author":[{"embeddable":true,"href":"https:\/\/somosdelprieto.com\/index.php\/wp-json\/wp\/v2\/users\/1"}],"replies":[{"embeddable":true,"href":"https:\/\/somosdelprieto.com\/index.php\/wp-json\/wp\/v2\/comments?post=20914"}],"version-history":[{"count":1,"href":"https:\/\/somosdelprieto.com\/index.php\/wp-json\/wp\/v2\/pages\/20914\/revisions"}],"predecessor-version":[{"id":20916,"href":"https:\/\/somosdelprieto.com\/index.php\/wp-json\/wp\/v2\/pages\/20914\/revisions\/20916"}],"wp:attachment":[{"href":"https:\/\/somosdelprieto.com\/index.php\/wp-json\/wp\/v2\/media?parent=20914"}],"curies":[{"name":"wp","href":"https:\/\/api.w.org\/{rel}","templated":true}]}}