{"id":2076,"date":"2020-11-14T17:48:11","date_gmt":"2020-11-14T16:48:11","guid":{"rendered":"https:\/\/somosdelprieto.com\/?page_id=2076"},"modified":"2021-02-06T21:09:51","modified_gmt":"2021-02-06T20:09:51","slug":"tecnico-en-servicios-en-restauracion","status":"publish","type":"page","link":"https:\/\/somosdelprieto.com\/index.php\/estudios\/ciclos-formativos-de-grado-medio\/tecnico-en-servicios-en-restauracion\/","title":{"rendered":"T\u00e9cnico en Servicios en Restauraci\u00f3n"},"content":{"rendered":"\n<figure class=\"wp-block-table\"><table><tbody><tr><td><strong>Familia Profesional<\/strong>: HOSTELERIA Y TURISMO<\/td><\/tr><tr><td><strong>Nivel:&nbsp;<\/strong>CICLO FORMATIVO DE GRADO MEDIO<\/td><\/tr><tr><td><strong>Duraci\u00f3n<\/strong>: 2.000 horas. 2 cursos acad\u00e9micos<strong>.<\/strong><\/td><\/tr><\/tbody><\/table><\/figure>\n\n\n\n<figure class=\"wp-block-table\"><table><tbody><tr><td><strong>1<sup>ER<\/sup>&nbsp;CURSO<\/strong><\/td><td><strong>Hrs.<\/strong><\/td><td><strong>2\u00ba CURSO<\/strong><\/td><td><strong>Hrs.<\/strong><\/td><\/tr><tr><td>0150 Operaciones b\u00e1sicas en bar-cafeter\u00eda.<\/td><td>290&nbsp;<\/td><td>0153. Servicios en restaurantes y<br>eventos especiales.<\/td><td>210&nbsp;<\/td><\/tr><tr><td>0151 Operaciones b\u00e1sicas en restaurante.<\/td><td>322&nbsp;<\/td><td>0154. El vino y su servicio.<\/td><td>110&nbsp;<\/td><\/tr><tr><td>0045. Ofertas gastron\u00f3micas.<\/td><td>91&nbsp;<\/td><td>0157. Formaci\u00f3n y orientaci\u00f3n laboral.<\/td><td>82&nbsp;<\/td><\/tr><tr><td>0155. T\u00e9cnicas de comunicaci\u00f3n en&nbsp;restauraci\u00f3n.<\/td><td>64&nbsp;<\/td><td>0158. Empresa e iniciativa<br>emprendedora.<\/td><td>66&nbsp;<\/td><\/tr><tr><td>0031. Seguridad e higiene en la<br>manipulaci\u00f3n de alimentos.<\/td><td>95&nbsp;<\/td><td>0152 Servicios en bar-cafeter\u00eda.<\/td><td>172&nbsp;<\/td><\/tr><tr><td>0156. Ingl\u00e9s.<\/td><td>98&nbsp;<\/td><td>0159. Formaci\u00f3n en centros de trabajo.<\/td><td>400&nbsp;<\/td><\/tr><\/tbody><\/table><\/figure>\n\n\n\n<p><strong>Competencias<\/strong>:<\/p>\n\n\n\n<p>Relaci\u00f3n de cualificaciones y unidades de competencia del Cat\u00e1logo Nacional de Cualificaciones Profesionales incluidas en el t\u00edtulo.<\/p>\n\n\n\n<p>Cualificaciones profesionales completas:<\/p>\n\n\n\n<p>a) Servicios de Restaurante: HOT328_2: (Real Decreto 1700\/2007, de 14 de diciembre), que comprende las siguientes unidades de competencia:<\/p>\n\n\n\n<p>&nbsp;&nbsp;&nbsp;&nbsp; UC1052_2: Desarrollar los procesos de servicio de alimentos y bebidas en sala.<\/p>\n\n\n\n<p>&nbsp;&nbsp;&nbsp;&nbsp; UC1048_2: Servir vinos y prestar informaci\u00f3n b\u00e1sica sobre los mismos.<\/p>\n\n\n\n<p>&nbsp;&nbsp;&nbsp;&nbsp; UC1053_2: Elaborar y acabar platos a la vista del cliente. UC1054_2: Disponer todo tipo de servicios especiales en restauraci\u00f3n.<\/p>\n\n\n\n<p>&nbsp;&nbsp;&nbsp;&nbsp; UC0711_2: Actuar bajo normas de seguridad, higiene y protecci\u00f3n del medio ambiente en hosteler\u00eda.<\/p>\n\n\n\n<p>&nbsp;&nbsp;&nbsp;&nbsp; UC1051_2: Comunicarse en ingl\u00e9s, en un nivel de usuario b\u00e1sico, en los servicios de restauraci\u00f3n.<\/p>\n\n\n\n<p>b) Servicios de Bar y Cafeter\u00eda HOT327_2. (Real Decreto 1700\/2007, de 14 de diciembre), que comprende las siguientes unidades de competencia:<\/p>\n\n\n\n<p>&nbsp;&nbsp;&nbsp;&nbsp; UC1046_2: Desarrollar los procesos de servicio de alimentos y bebidas en barra y mesa.<\/p>\n\n\n\n<p>&nbsp;&nbsp;&nbsp;&nbsp; UC1047_2: Asesorar sobre bebidas distintas a vinos, prepararlas y presentarlas.<\/p>\n\n\n\n<p>&nbsp;&nbsp;&nbsp;&nbsp; UC1048_2: Servir vinos y prestar informaci\u00f3n b\u00e1sica sobre los mismos.<\/p>\n\n\n\n<p>&nbsp;&nbsp;&nbsp;&nbsp; UC1049_2: Preparar y exponer elaboraciones sencillas propias de la oferta de bar-cafeter\u00eda.<\/p>\n\n\n\n<p>&nbsp;&nbsp;&nbsp;&nbsp; UC1050_2: Gestionar el bar-cafeter\u00eda.<\/p>\n\n\n\n<p>&nbsp;&nbsp;&nbsp;&nbsp; UC0711_2: Actuar bajo normas de seguridad, higiene y protecci\u00f3n del medio ambiente en hosteler\u00eda.<\/p>\n\n\n\n<p>&nbsp;&nbsp;&nbsp;&nbsp; UC1051_2: Comunicarse en ingl\u00e9s, en un nivel de usuario b\u00e1sico, en los servicios de restauraci\u00f3n.<\/p>\n\n\n\n<p>Cualificaciones profesionales incompletas:<\/p>\n\n\n\n<p>a) Panader\u00eda y Boller\u00eda INA015_2 (Real Decreto 295\/2004, de 20 de febrero), que comprende las siguientes unidades de competencia:<\/p>\n\n\n\n<p>&nbsp;&nbsp;&nbsp;&nbsp; UC0036_2: Aplicar la normativa de seguridad, higiene y protecci\u00f3n del medio ambiente en la industria panadera.<\/p>\n\n\n\n<p>b) Pasteler\u00eda y Confiter\u00eda INA107_2 (Real Decreto 1087\/2005, de 16 de septiembre), que comprende las siguientes unidades de competencia:<\/p>\n\n\n\n<p>&nbsp;&nbsp;&nbsp;&nbsp; UC0310_2: Aplicar la normativa de seguridad, higiene y protecci\u00f3n del medio ambiente en la industria alimentaria.<\/p>\n\n\n\n<p>c) Reposter\u00eda HOT0223_2 (Real Decreto 1228\/2006, de 27 de octubre), que comprende las siguientes unidades de competencia:<\/p>\n\n\n\n<p>&nbsp;&nbsp;&nbsp;&nbsp; UC0711_2: Actuar bajo normas de seguridad, higiene y protecci\u00f3n ambiental en hosteler\u00eda.<\/p>\n\n\n\n<p>d) Cocina HOT093_2 (Real Decreto 295\/2004, de 20 de febrero), que comprende las siguientes unidades de competencia:<\/p>\n\n\n\n<p>&nbsp;&nbsp;&nbsp;&nbsp; UC0259_2: Definir ofertas gastron\u00f3micas, realizar el aprovisionamiento y controlar consumos.<\/p>\n\n\n\n<p><strong>Puestos de Trabajo<\/strong>:<\/p>\n\n\n\n<p>Este profesional desarrolla su actividad profesional, tanto en grandes como en medianas y peque\u00f1as empresas, principalmente del sector de hosteler\u00eda, aunque tambi\u00e9n puede trabajar por cuenta propia en peque\u00f1os establecimientos de restauraci\u00f3n. Esta profesi\u00f3n se&nbsp;desenvuelve en sectores y subsectores productivos en los que se desarrollan procesos de elaboraci\u00f3n y servicio de alimentos y bebidas, como ser\u00eda el sector de hosteler\u00eda y, en su marco, las \u00e1reas de hoteler\u00eda y restauraci\u00f3n (tradicional, moderna y colectiva).<\/p>\n\n\n\n<p>Las ocupaciones y puestos de trabajo m\u00e1s relevantes son los siguientes:<\/p>\n\n\n\n<p>-Camarero de bar-cafeter\u00eda o restaurante.<\/p>\n\n\n\n<p>-Barman.<\/p>\n\n\n\n<p>-Jefe de rango.<\/p>\n\n\n\n<p>-Empleado de economato de unidades de producci\u00f3n y servicio de alimentos y bebidas.<\/p>\n\n\n\n<p>-Ayudante de sumiller.<\/p>\n\n\n\n<p>-Auxiliar de servicios en medios de transporte.<\/p>\n","protected":false},"excerpt":{"rendered":"<p>Familia Profesional: HOSTELERIA Y TURISMO Nivel:&nbsp;CICLO FORMATIVO DE GRADO MEDIO Duraci\u00f3n: 2.000 horas. 2 cursos acad\u00e9micos. 1ER&nbsp;CURSO Hrs. 2\u00ba CURSO Hrs. 0150 Operaciones b\u00e1sicas en bar-cafeter\u00eda. 290&nbsp; 0153. Servicios en restaurantes yeventos especiales. 210&nbsp; 0151 Operaciones b\u00e1sicas en restaurante. 322&nbsp; 0154. El vino y su servicio. 110&nbsp; 0045. Ofertas gastron\u00f3micas. 91&nbsp; 0157. Formaci\u00f3n y orientaci\u00f3n &hellip; <\/p>\n<p class=\"link-more\"><a href=\"https:\/\/somosdelprieto.com\/index.php\/estudios\/ciclos-formativos-de-grado-medio\/tecnico-en-servicios-en-restauracion\/\" class=\"more-link\">Continuar leyendo<span class=\"screen-reader-text\"> \u00abT\u00e9cnico en Servicios en Restauraci\u00f3n\u00bb<\/span><\/a><\/p>\n","protected":false},"author":23,"featured_media":0,"parent":1972,"menu_order":0,"comment_status":"closed","ping_status":"closed","template":"","meta":{"footnotes":""},"class_list":["post-2076","page","type-page","status-publish","hentry"],"_links":{"self":[{"href":"https:\/\/somosdelprieto.com\/index.php\/wp-json\/wp\/v2\/pages\/2076","targetHints":{"allow":["GET"]}}],"collection":[{"href":"https:\/\/somosdelprieto.com\/index.php\/wp-json\/wp\/v2\/pages"}],"about":[{"href":"https:\/\/somosdelprieto.com\/index.php\/wp-json\/wp\/v2\/types\/page"}],"author":[{"embeddable":true,"href":"https:\/\/somosdelprieto.com\/index.php\/wp-json\/wp\/v2\/users\/23"}],"replies":[{"embeddable":true,"href":"https:\/\/somosdelprieto.com\/index.php\/wp-json\/wp\/v2\/comments?post=2076"}],"version-history":[{"count":1,"href":"https:\/\/somosdelprieto.com\/index.php\/wp-json\/wp\/v2\/pages\/2076\/revisions"}],"predecessor-version":[{"id":2077,"href":"https:\/\/somosdelprieto.com\/index.php\/wp-json\/wp\/v2\/pages\/2076\/revisions\/2077"}],"up":[{"embeddable":true,"href":"https:\/\/somosdelprieto.com\/index.php\/wp-json\/wp\/v2\/pages\/1972"}],"wp:attachment":[{"href":"https:\/\/somosdelprieto.com\/index.php\/wp-json\/wp\/v2\/media?parent=2076"}],"curies":[{"name":"wp","href":"https:\/\/api.w.org\/{rel}","templated":true}]}}