{"id":20572,"date":"2025-02-19T17:44:08","date_gmt":"2025-02-19T16:44:08","guid":{"rendered":"https:\/\/somosdelprieto.com\/?page_id=20572"},"modified":"2025-03-20T14:04:30","modified_gmt":"2025-03-20T13:04:30","slug":"taller-atencion-a-personas-dependientes","status":"publish","type":"page","link":"https:\/\/somosdelprieto.com\/index.php\/taller-atencion-a-personas-dependientes\/","title":{"rendered":"Movil\u00edzame"},"content":{"rendered":"\n<p><strong>Descripci\u00f3n:\u00a0<\/strong><\/p>\n\n\n\n<p>Taller especializado en movilizaci\u00f3n donde aprender\u00e1s a manejar la gr\u00faa y la silla de ruedas de manera segura y efectiva. Nuestro alumnado te guiar\u00e1 paso a paso, ense\u00f1\u00e1ndote t\u00e9cnicas esenciales para asistir a personas dependientes, mejorando su calidad de vida y garantizando su seguridad.<\/p>\n\n\n\n<h4 class=\"wp-block-heading\">Lo que aprender\u00e1s:&nbsp;<\/h4>\n\n\n\n<p><strong>Comunicaci\u00f3n efectiva:<\/strong>\u00a0La importancia de la comunicaci\u00f3n y el cuidado durante el proceso de movilizaci\u00f3n.<\/p>\n\n\n\n<p><strong>Uso de la gr\u00faa:<\/strong>\u00a0C\u00f3mo preparar y utilizar la gr\u00faa para movilizar a personas dependientes de manera segura y c\u00f3moda.<\/p>\n\n\n\n<p><strong>Movilizaci\u00f3n con silla de ruedas:<\/strong>\u00a0T\u00e9cnicas para ajustar y manejar la silla de ruedas en diversas situaciones.<\/p>\n\n\n\n<p><strong>Seguridad y comodidad:<\/strong>\u00a0Consejos para asegurar la comodidad y seguridad de las personas durante la movilizaci\u00f3n.<\/p>\n","protected":false},"excerpt":{"rendered":"<p>Descripci\u00f3n:\u00a0 Taller especializado en movilizaci\u00f3n donde aprender\u00e1s a manejar la gr\u00faa y la silla de ruedas de manera segura y efectiva. Nuestro alumnado te guiar\u00e1 paso a paso, ense\u00f1\u00e1ndote t\u00e9cnicas esenciales para asistir a personas dependientes, mejorando su calidad de vida y garantizando su seguridad. Lo que aprender\u00e1s:&nbsp; Comunicaci\u00f3n efectiva:\u00a0La importancia de la comunicaci\u00f3n y &hellip; <\/p>\n<p class=\"link-more\"><a href=\"https:\/\/somosdelprieto.com\/index.php\/taller-atencion-a-personas-dependientes\/\" class=\"more-link\">Continuar leyendo<span class=\"screen-reader-text\"> \u00abMovil\u00edzame\u00bb<\/span><\/a><\/p>\n","protected":false},"author":1,"featured_media":0,"parent":0,"menu_order":0,"comment_status":"closed","ping_status":"closed","template":"","meta":{"footnotes":""},"class_list":["post-20572","page","type-page","status-publish","hentry"],"_links":{"self":[{"href":"https:\/\/somosdelprieto.com\/index.php\/wp-json\/wp\/v2\/pages\/20572","targetHints":{"allow":["GET"]}}],"collection":[{"href":"https:\/\/somosdelprieto.com\/index.php\/wp-json\/wp\/v2\/pages"}],"about":[{"href":"https:\/\/somosdelprieto.com\/index.php\/wp-json\/wp\/v2\/types\/page"}],"author":[{"embeddable":true,"href":"https:\/\/somosdelprieto.com\/index.php\/wp-json\/wp\/v2\/users\/1"}],"replies":[{"embeddable":true,"href":"https:\/\/somosdelprieto.com\/index.php\/wp-json\/wp\/v2\/comments?post=20572"}],"version-history":[{"count":3,"href":"https:\/\/somosdelprieto.com\/index.php\/wp-json\/wp\/v2\/pages\/20572\/revisions"}],"predecessor-version":[{"id":20880,"href":"https:\/\/somosdelprieto.com\/index.php\/wp-json\/wp\/v2\/pages\/20572\/revisions\/20880"}],"wp:attachment":[{"href":"https:\/\/somosdelprieto.com\/index.php\/wp-json\/wp\/v2\/media?parent=20572"}],"curies":[{"name":"wp","href":"https:\/\/api.w.org\/{rel}","templated":true}]}}

Movilízame

<p><strong>Descripción: </strong></p>



<p>Taller especializado en movilización donde aprenderás a manejar la grúa y la silla de ruedas de manera segura y efectiva. Nuestro alumnado te guiará paso a paso, enseñándote técnicas esenciales para asistir a personas dependientes, mejorando su calidad de vida y garantizando su seguridad.</p>



<h4 class="wp-block-heading">Lo que aprenderás:&nbsp;</h4>



<p><strong>Comunicación efectiva:</strong> La importancia de la comunicación y el cuidado durante el proceso de movilización.</p>



<p><strong>Uso de la grúa:</strong> Cómo preparar y utilizar la grúa para movilizar a personas dependientes de manera segura y cómoda.</p>



<p><strong>Movilización con silla de ruedas:</strong> Técnicas para ajustar y manejar la silla de ruedas en diversas situaciones.</p>



<p><strong>Seguridad y comodidad:</strong> Consejos para asegurar la comodidad y seguridad de las personas durante la movilización.</p>

<p>Descripción:  Taller especializado en movilización donde aprenderás a manejar la grúa y la silla de ruedas de manera segura y efectiva. Nuestro alumnado te guiará paso a paso, enseñándote técnicas esenciales para asistir a personas dependientes, mejorando su calidad de vida y garantizando su seguridad. Lo que aprenderás:&nbsp; Comunicación efectiva: La importancia de la comunicación y &hellip; </p>
<p class="link-more"><a href="https://somosdelprieto.com/index.php/taller-atencion-a-personas-dependientes/" class="more-link">Continuar leyendo<span class="screen-reader-text"> «Movilízame»</span></a></p>
