{"id":20275,"date":"2025-01-31T10:29:52","date_gmt":"2025-01-31T09:29:52","guid":{"rendered":"https:\/\/somosdelprieto.com\/?page_id=20275"},"modified":"2025-01-31T10:34:56","modified_gmt":"2025-01-31T09:34:56","slug":"transicion-loe-nueva-ley-3","status":"publish","type":"page","link":"https:\/\/somosdelprieto.com\/index.php\/transicion-loe-nueva-ley-3\/","title":{"rendered":"Transici\u00f3n LOE-Nueva Ley"},"content":{"rendered":"\n<p><\/p>\n\n\n\n<p class=\"has-text-align-center has-luminous-vivid-orange-color has-text-color has-link-color has-large-font-size wp-elements-80ee8f6c3535b2a78c721909a7e08faf\"><strong>GRADO SUPERIOR<\/strong><\/p>\n\n\n<div class=\"wp-block-image\">\n<figure class=\"aligncenter size-full is-resized\"><img loading=\"lazy\" decoding=\"async\" width=\"575\" height=\"663\" src=\"https:\/\/somosdelprieto.com\/wp-content\/uploads\/2025\/01\/GRADO-SUPERIOR.jpg\" alt=\"\" class=\"wp-image-20276\" style=\"width:653px;height:auto\" srcset=\"https:\/\/somosdelprieto.com\/wp-content\/uploads\/2025\/01\/GRADO-SUPERIOR.jpg 575w, https:\/\/somosdelprieto.com\/wp-content\/uploads\/2025\/01\/GRADO-SUPERIOR-260x300.jpg 260w\" sizes=\"auto, (max-width: 575px) 100vw, 575px\" \/><\/figure>\n<\/div>\n\n\n<p>Esta transici\u00f3n entre leyes se encuentra regulada en la&nbsp;<strong>Disposici\u00f3n transitoria \u00fanica<\/strong>&nbsp;del&nbsp;<em><strong>Decreto 80\/2024, de 5 de noviembre, por el que se modifican determinados decretos que establecen los curr\u00edculos de los ciclos formativos de grado superior <\/strong>correspondientes a los t\u00edtulos de T\u00e9cnico o T\u00e9cnica Superior de Formaci\u00f3n Profesional en la comunidad aut\u00f3noma de Castilla-La Mancha.<\/em>&nbsp;Puedes consultarlo aqu\u00ed:<\/p>\n\n\n\n<div data-wp-interactive=\"core\/file\" class=\"wp-block-file\"><object data-wp-bind--hidden=\"!state.hasPdfPreview\" hidden class=\"wp-block-file__embed\" data=\"https:\/\/somosdelprieto.com\/wp-content\/uploads\/2025\/01\/DECRETO-80-2024-GRADO-SUPERIOR.pdf\" type=\"application\/pdf\" style=\"width:100%;height:600px\" aria-label=\"Incrustado de DECRETO 80-2024 GRADO SUPERIOR.\"><\/object><a id=\"wp-block-file--media-f9859e26-d7fc-41d2-80fa-2fe249ee0687\" href=\"https:\/\/somosdelprieto.com\/wp-content\/uploads\/2025\/01\/DECRETO-80-2024-GRADO-SUPERIOR.pdf\">DECRETO 80-2024 GRADO SUPERIOR<\/a><a href=\"https:\/\/somosdelprieto.com\/wp-content\/uploads\/2025\/01\/DECRETO-80-2024-GRADO-SUPERIOR.pdf\" class=\"wp-block-file__button wp-element-button\" download aria-describedby=\"wp-block-file--media-f9859e26-d7fc-41d2-80fa-2fe249ee0687\">Descarga<\/a><\/div>\n","protected":false},"excerpt":{"rendered":"<p>GRADO SUPERIOR Esta transici\u00f3n entre leyes se encuentra regulada en la&nbsp;Disposici\u00f3n transitoria \u00fanica&nbsp;del&nbsp;Decreto 80\/2024, de 5 de noviembre, por el que se modifican determinados decretos que establecen los curr\u00edculos de los ciclos formativos de grado superior correspondientes a los t\u00edtulos de T\u00e9cnico o T\u00e9cnica Superior de Formaci\u00f3n Profesional en la comunidad aut\u00f3noma de Castilla-La Mancha.&nbsp;Puedes &hellip; <\/p>\n<p class=\"link-more\"><a href=\"https:\/\/somosdelprieto.com\/index.php\/transicion-loe-nueva-ley-3\/\" class=\"more-link\">Continuar leyendo<span class=\"screen-reader-text\"> \u00abTransici\u00f3n LOE-Nueva Ley\u00bb<\/span><\/a><\/p>\n","protected":false},"author":53,"featured_media":0,"parent":0,"menu_order":0,"comment_status":"closed","ping_status":"closed","template":"","meta":{"footnotes":""},"class_list":["post-20275","page","type-page","status-publish","hentry"],"_links":{"self":[{"href":"https:\/\/somosdelprieto.com\/index.php\/wp-json\/wp\/v2\/pages\/20275","targetHints":{"allow":["GET"]}}],"collection":[{"href":"https:\/\/somosdelprieto.com\/index.php\/wp-json\/wp\/v2\/pages"}],"about":[{"href":"https:\/\/somosdelprieto.com\/index.php\/wp-json\/wp\/v2\/types\/page"}],"author":[{"embeddable":true,"href":"https:\/\/somosdelprieto.com\/index.php\/wp-json\/wp\/v2\/users\/53"}],"replies":[{"embeddable":true,"href":"https:\/\/somosdelprieto.com\/index.php\/wp-json\/wp\/v2\/comments?post=20275"}],"version-history":[{"count":2,"href":"https:\/\/somosdelprieto.com\/index.php\/wp-json\/wp\/v2\/pages\/20275\/revisions"}],"predecessor-version":[{"id":20281,"href":"https:\/\/somosdelprieto.com\/index.php\/wp-json\/wp\/v2\/pages\/20275\/revisions\/20281"}],"wp:attachment":[{"href":"https:\/\/somosdelprieto.com\/index.php\/wp-json\/wp\/v2\/media?parent=20275"}],"curies":[{"name":"wp","href":"https:\/\/api.w.org\/{rel}","templated":true}]}}

Transición LOE-Nueva Ley

<p></p>



<p class="has-text-align-center has-luminous-vivid-orange-color has-text-color has-link-color has-large-font-size wp-elements-80ee8f6c3535b2a78c721909a7e08faf"><strong>GRADO SUPERIOR</strong></p>


<div class="wp-block-image">
<figure class="aligncenter size-full is-resized"><img loading="lazy" decoding="async" width="575" height="663" src="https://somosdelprieto.com/wp-content/uploads/2025/01/GRADO-SUPERIOR.jpg" alt="" class="wp-image-20276" style="width:653px;height:auto" srcset="https://somosdelprieto.com/wp-content/uploads/2025/01/GRADO-SUPERIOR.jpg 575w, https://somosdelprieto.com/wp-content/uploads/2025/01/GRADO-SUPERIOR-260x300.jpg 260w" sizes="auto, (max-width: 575px) 100vw, 575px" /></figure>
</div>


<p>Esta transición entre leyes se encuentra regulada en la&nbsp;<strong>Disposición transitoria única</strong>&nbsp;del&nbsp;<em><strong>Decreto 80/2024, de 5 de noviembre, por el que se modifican determinados decretos que establecen los currículos de los ciclos formativos de grado superior </strong>correspondientes a los títulos de Técnico o Técnica Superior de Formación Profesional en la comunidad autónoma de Castilla-La Mancha.</em>&nbsp;Puedes consultarlo aquí:</p>



<div data-wp-interactive="core/file" class="wp-block-file"><object data-wp-bind--hidden="!state.hasPdfPreview" hidden class="wp-block-file__embed" data="https://somosdelprieto.com/wp-content/uploads/2025/01/DECRETO-80-2024-GRADO-SUPERIOR.pdf" type="application/pdf" style="width:100%;height:600px" aria-label="Incrustado de DECRETO 80-2024 GRADO SUPERIOR."></object><a id="wp-block-file--media-f9859e26-d7fc-41d2-80fa-2fe249ee0687" href="https://somosdelprieto.com/wp-content/uploads/2025/01/DECRETO-80-2024-GRADO-SUPERIOR.pdf">DECRETO 80-2024 GRADO SUPERIOR</a><a href="https://somosdelprieto.com/wp-content/uploads/2025/01/DECRETO-80-2024-GRADO-SUPERIOR.pdf" class="wp-block-file__button wp-element-button" download aria-describedby="wp-block-file--media-f9859e26-d7fc-41d2-80fa-2fe249ee0687">Descarga</a></div>

<p>GRADO SUPERIOR Esta transición entre leyes se encuentra regulada en la&nbsp;Disposición transitoria única&nbsp;del&nbsp;Decreto 80/2024, de 5 de noviembre, por el que se modifican determinados decretos que establecen los currículos de los ciclos formativos de grado superior correspondientes a los títulos de Técnico o Técnica Superior de Formación Profesional en la comunidad autónoma de Castilla-La Mancha.&nbsp;Puedes &hellip; </p>
<p class="link-more"><a href="https://somosdelprieto.com/index.php/transicion-loe-nueva-ley-3/" class="more-link">Continuar leyendo<span class="screen-reader-text"> «Transición LOE-Nueva Ley»</span></a></p>
