{"id":20254,"date":"2025-01-31T10:11:03","date_gmt":"2025-01-31T09:11:03","guid":{"rendered":"https:\/\/somosdelprieto.com\/?page_id=20254"},"modified":"2025-01-31T10:15:03","modified_gmt":"2025-01-31T09:15:03","slug":"transicion-loe-nueva-ley","status":"publish","type":"page","link":"https:\/\/somosdelprieto.com\/index.php\/transicion-loe-nueva-ley\/","title":{"rendered":"Transici\u00f3n LOE-Nueva Ley"},"content":{"rendered":"\n<p><\/p>\n\n\n\n<p class=\"has-text-align-center has-luminous-vivid-orange-color has-text-color has-link-color has-large-font-size wp-elements-f84bd3c6bee1515d2bca6f3192bf9968\"><strong>GRADO B\u00c1SICO<\/strong><\/p>\n\n\n<div class=\"wp-block-image\">\n<figure class=\"aligncenter size-full\"><img loading=\"lazy\" decoding=\"async\" width=\"657\" height=\"494\" src=\"https:\/\/somosdelprieto.com\/wp-content\/uploads\/2025\/01\/FP-BASICA.jpg\" alt=\"\" class=\"wp-image-20255\" srcset=\"https:\/\/somosdelprieto.com\/wp-content\/uploads\/2025\/01\/FP-BASICA.jpg 657w, https:\/\/somosdelprieto.com\/wp-content\/uploads\/2025\/01\/FP-BASICA-300x226.jpg 300w\" sizes=\"auto, (max-width: 657px) 100vw, 657px\" \/><\/figure>\n<\/div>\n\n\n<p class=\"has-text-align-center has-luminous-vivid-orange-color has-text-color has-link-color has-medium-font-size wp-elements-9b163c0cfc801f09663109468bf3aee6\"><\/p>\n\n\n\n<p>Esta transici\u00f3n entre leyes se encuentra regulada en la <strong>Disposici\u00f3n transitoria \u00fanica<\/strong> del <em><strong>Decreto 78\/2024, de 5 de noviembre, por el que se modifican los decretos que establecen los curr\u00edculos de los ciclos formativos de grado b\u00e1sico<\/strong>, correspondientes a los t\u00edtulos de T\u00e9cnico o T\u00e9cnica B\u00e1sico de Formaci\u00f3n Profesional en la comunidad aut\u00f3noma de Castilla-La Mancha<\/em>. Puedes consultarlo aqu\u00ed:<\/p>\n\n\n\n<div data-wp-interactive=\"core\/file\" class=\"wp-block-file\"><object data-wp-bind--hidden=\"!state.hasPdfPreview\" hidden class=\"wp-block-file__embed\" data=\"https:\/\/somosdelprieto.com\/wp-content\/uploads\/2025\/01\/DECRETO-78-2024-FP-BASICA.pdf\" type=\"application\/pdf\" style=\"width:100%;height:600px\" aria-label=\"Incrustado de DECRETO 78-2024 FP B\u00c1SICA.\"><\/object><a id=\"wp-block-file--media-2165dc43-9bf4-49f0-b84f-9a2420e3480c\" href=\"https:\/\/somosdelprieto.com\/wp-content\/uploads\/2025\/01\/DECRETO-78-2024-FP-BASICA.pdf\">DECRETO 78-2024 FP B\u00c1SICA<\/a><a href=\"https:\/\/somosdelprieto.com\/wp-content\/uploads\/2025\/01\/DECRETO-78-2024-FP-BASICA.pdf\" class=\"wp-block-file__button wp-element-button\" download aria-describedby=\"wp-block-file--media-2165dc43-9bf4-49f0-b84f-9a2420e3480c\">Descarga<\/a><\/div>\n","protected":false},"excerpt":{"rendered":"<p>GRADO B\u00c1SICO Esta transici\u00f3n entre leyes se encuentra regulada en la Disposici\u00f3n transitoria \u00fanica del Decreto 78\/2024, de 5 de noviembre, por el que se modifican los decretos que establecen los curr\u00edculos de los ciclos formativos de grado b\u00e1sico, correspondientes a los t\u00edtulos de T\u00e9cnico o T\u00e9cnica B\u00e1sico de Formaci\u00f3n Profesional en la comunidad aut\u00f3noma &hellip; <\/p>\n<p class=\"link-more\"><a href=\"https:\/\/somosdelprieto.com\/index.php\/transicion-loe-nueva-ley\/\" class=\"more-link\">Continuar leyendo<span class=\"screen-reader-text\"> \u00abTransici\u00f3n LOE-Nueva Ley\u00bb<\/span><\/a><\/p>\n","protected":false},"author":53,"featured_media":0,"parent":0,"menu_order":0,"comment_status":"closed","ping_status":"closed","template":"","meta":{"footnotes":""},"class_list":["post-20254","page","type-page","status-publish","hentry"],"_links":{"self":[{"href":"https:\/\/somosdelprieto.com\/index.php\/wp-json\/wp\/v2\/pages\/20254","targetHints":{"allow":["GET"]}}],"collection":[{"href":"https:\/\/somosdelprieto.com\/index.php\/wp-json\/wp\/v2\/pages"}],"about":[{"href":"https:\/\/somosdelprieto.com\/index.php\/wp-json\/wp\/v2\/types\/page"}],"author":[{"embeddable":true,"href":"https:\/\/somosdelprieto.com\/index.php\/wp-json\/wp\/v2\/users\/53"}],"replies":[{"embeddable":true,"href":"https:\/\/somosdelprieto.com\/index.php\/wp-json\/wp\/v2\/comments?post=20254"}],"version-history":[{"count":2,"href":"https:\/\/somosdelprieto.com\/index.php\/wp-json\/wp\/v2\/pages\/20254\/revisions"}],"predecessor-version":[{"id":20268,"href":"https:\/\/somosdelprieto.com\/index.php\/wp-json\/wp\/v2\/pages\/20254\/revisions\/20268"}],"wp:attachment":[{"href":"https:\/\/somosdelprieto.com\/index.php\/wp-json\/wp\/v2\/media?parent=20254"}],"curies":[{"name":"wp","href":"https:\/\/api.w.org\/{rel}","templated":true}]}}

Transición LOE-Nueva Ley

<p></p>



<p class="has-text-align-center has-luminous-vivid-orange-color has-text-color has-link-color has-large-font-size wp-elements-f84bd3c6bee1515d2bca6f3192bf9968"><strong>GRADO BÁSICO</strong></p>


<div class="wp-block-image">
<figure class="aligncenter size-full"><img loading="lazy" decoding="async" width="657" height="494" src="https://somosdelprieto.com/wp-content/uploads/2025/01/FP-BASICA.jpg" alt="" class="wp-image-20255" srcset="https://somosdelprieto.com/wp-content/uploads/2025/01/FP-BASICA.jpg 657w, https://somosdelprieto.com/wp-content/uploads/2025/01/FP-BASICA-300x226.jpg 300w" sizes="auto, (max-width: 657px) 100vw, 657px" /></figure>
</div>


<p class="has-text-align-center has-luminous-vivid-orange-color has-text-color has-link-color has-medium-font-size wp-elements-9b163c0cfc801f09663109468bf3aee6"></p>



<p>Esta transición entre leyes se encuentra regulada en la <strong>Disposición transitoria única</strong> del <em><strong>Decreto 78/2024, de 5 de noviembre, por el que se modifican los decretos que establecen los currículos de los ciclos formativos de grado básico</strong>, correspondientes a los títulos de Técnico o Técnica Básico de Formación Profesional en la comunidad autónoma de Castilla-La Mancha</em>. Puedes consultarlo aquí:</p>



<div data-wp-interactive="core/file" class="wp-block-file"><object data-wp-bind--hidden="!state.hasPdfPreview" hidden class="wp-block-file__embed" data="https://somosdelprieto.com/wp-content/uploads/2025/01/DECRETO-78-2024-FP-BASICA.pdf" type="application/pdf" style="width:100%;height:600px" aria-label="Incrustado de DECRETO 78-2024 FP BÁSICA."></object><a id="wp-block-file--media-2165dc43-9bf4-49f0-b84f-9a2420e3480c" href="https://somosdelprieto.com/wp-content/uploads/2025/01/DECRETO-78-2024-FP-BASICA.pdf">DECRETO 78-2024 FP BÁSICA</a><a href="https://somosdelprieto.com/wp-content/uploads/2025/01/DECRETO-78-2024-FP-BASICA.pdf" class="wp-block-file__button wp-element-button" download aria-describedby="wp-block-file--media-2165dc43-9bf4-49f0-b84f-9a2420e3480c">Descarga</a></div>

<p>GRADO BÁSICO Esta transición entre leyes se encuentra regulada en la Disposición transitoria única del Decreto 78/2024, de 5 de noviembre, por el que se modifican los decretos que establecen los currículos de los ciclos formativos de grado básico, correspondientes a los títulos de Técnico o Técnica Básico de Formación Profesional en la comunidad autónoma &hellip; </p>
<p class="link-more"><a href="https://somosdelprieto.com/index.php/transicion-loe-nueva-ley/" class="more-link">Continuar leyendo<span class="screen-reader-text"> «Transición LOE-Nueva Ley»</span></a></p>
