{"id":1967,"date":"2020-11-13T12:34:40","date_gmt":"2020-11-13T11:34:40","guid":{"rendered":"https:\/\/somosdelprieto.com\/?page_id=1967"},"modified":"2020-11-13T12:34:40","modified_gmt":"2020-11-13T11:34:40","slug":"programa-de-mejora-del-aprendizaje-y-el-rendimiento","status":"publish","type":"page","link":"https:\/\/somosdelprieto.com\/index.php\/programa-de-mejora-del-aprendizaje-y-el-rendimiento\/","title":{"rendered":"PROGRAMA DE MEJORA DEL APRENDIZAJE Y EL RENDIMIENTO"},"content":{"rendered":"\n<p>Es el Programa que sustituy\u00f3 a la Diversificaci\u00f3n Curricular. Se desarrolla a lo largo de los cursos 2\u00ba y 3\u00ba de ESO.<\/p>\n\n\n\n<h3 class=\"wp-block-heading\">Caracter\u00edsticas<\/h3>\n\n\n\n<p><img loading=\"lazy\" decoding=\"async\" src=\"https:\/\/www.elorienta.com\/gregorioprieto\/imagenes\/punto.gif\" alt=\"punto.gif\" width=\"24\" height=\"8\">Dirigidos a aquellos alumnos que presenten dificultades generalizadas de aprendizaje no imputables a falta de estudio o esfuerzo.<\/p>\n\n\n\n<p><img loading=\"lazy\" decoding=\"async\" src=\"https:\/\/www.elorienta.com\/gregorioprieto\/imagenes\/punto.gif\" alt=\"punto.gif\" width=\"24\" height=\"8\">Su objetivo fundamental es preparar a los alumnos para que puedan cursar el cuarto curso por la v\u00eda ordinaria, en una de sus dos opciones, y obtengan el t\u00edtulo de Graduado en Educaci\u00f3n Secundaria Obligatoria.<\/p>\n\n\n\n<p><img loading=\"lazy\" decoding=\"async\" src=\"https:\/\/www.elorienta.com\/gregorioprieto\/imagenes\/punto.gif\" alt=\"punto.gif\" width=\"24\" height=\"8\">Con una metodolog\u00eda espec\u00edfica; con&nbsp;contenidos, actividades pr\u00e1cticas y, en su caso, materias, diferentes a las establecidas con car\u00e1cter general.<\/p>\n\n\n\n<h3 class=\"wp-block-heading\">Requisitos de incorporaci\u00f3n del alumnado<\/h3>\n\n\n\n<p><img loading=\"lazy\" decoding=\"async\" src=\"https:\/\/www.elorienta.com\/gregorioprieto\/imagenes\/punto5.gif\" alt=\"punto5.gif\" width=\"11\" height=\"11\">&nbsp;El equipo docente propondr\u00e1 la incorporaci\u00f3n de los alumnos que:<\/p>\n\n\n\n<p><img loading=\"lazy\" decoding=\"async\" src=\"https:\/\/www.elorienta.com\/gregorioprieto\/imagenes\/punto.gif\" alt=\"punto.gif\" width=\"27\" height=\"9\">Hayan repetido al menos un curso en cualquier etapa, y una vez cursado 1\u00ba de ESO no est\u00e9n en condiciones de promocionar a 2\u00ba. En este caso el programa de desarrollar\u00e1 a lo largo de los cursos 2\u00ba y 3\u00ba.<\/p>\n\n\n\n<p><img loading=\"lazy\" decoding=\"async\" src=\"https:\/\/www.elorienta.com\/gregorioprieto\/imagenes\/punto.gif\" alt=\"punto.gif\" width=\"24\" height=\"8\">Una vez cursado 2\u00ba, con una repetici\u00f3n, al menos, en cualquier etapa, no est\u00e9n en condiciones de promocionar a 3\u00ba. En este caso s\u00f3lo cursar\u00edan el 3\u00ba curso.<\/p>\n\n\n\n<p><img loading=\"lazy\" decoding=\"async\" src=\"https:\/\/www.elorienta.com\/gregorioprieto\/imagenes\/punto.gif\" alt=\"punto.gif\" width=\"24\" height=\"8\">Habiendo cursado 3\u00ba, no est\u00e9n en condiciones de promocionar a 4\u00ba, podr\u00e1n incorporarse excepcionalmente a este programa, para repetir 3\u00ba.<\/p>\n\n\n\n<h3 class=\"wp-block-heading\">&nbsp;\u00c1mbitos y materias&nbsp;<\/h3>\n\n\n\n<figure class=\"wp-block-table\"><table><tbody><tr><td>&nbsp;<\/td><td><strong>2\u00ba ESO<\/strong><\/td><td><strong>3\u00ba ESO<\/strong><\/td><\/tr><tr><td>\u00c1mbito Ling\u00fc\u00edstico y social<\/td><td>7 h<\/td><td>8 h<\/td><\/tr><tr><td>\u00c1mbito Cient\u00edfico-matem\u00e1tico<\/td><td>7 h<\/td><td>10 h<\/td><\/tr><tr><td>\u00c1mbito de ingl\u00e9s<\/td><td>4 h<\/td><td>4 h<\/td><\/tr><tr><td>Educaci\u00f3n f\u00edsica<\/td><td>2 h<\/td><td>2 h<\/td><\/tr><tr><td>Religi\u00f3n \/ Valores \u00e9ticos<\/td><td>1 h<\/td><td>1 h<\/td><\/tr><tr><td>Tecnolog\u00eda<\/td><td>2 h<\/td><td>2 h<\/td><\/tr><tr><td>EPV<\/td><td>2 h<\/td><td>&nbsp;<\/td><\/tr><tr><td>M\u00fasica<\/td><td>2 h<\/td><td>&nbsp;<\/td><\/tr><tr><td>Optativa<\/td><td>2 h<\/td><td>2 h<\/td><\/tr><tr><td>Tutor\u00eda<\/td><td>1 h<\/td><td>1 h<\/td><\/tr><\/tbody><\/table><\/figure>\n\n\n\n<p>Los \u00e1mbitos se impartir\u00e1n en un grupo espec\u00edfico y el resto de las materias se cursar\u00e1n en grupos ordinarios, aunque en nuestro IES G. Prieto se establece como agrupaci\u00f3n independiente y todas las materias se cursan en el grupo espec\u00edfico, siempre que sea posible.<\/p>\n\n\n\n<h3 class=\"wp-block-heading\">Tr\u00e1mites para la incorporaci\u00f3n del alumnado<\/h3>\n\n\n\n<p><img loading=\"lazy\" decoding=\"async\" src=\"https:\/\/www.elorienta.com\/gregorioprieto\/imagenes\/punto.gif\" alt=\"punto.gif\" width=\"27\" height=\"9\">El equipo docente har\u00e1 la propuesta<\/p>\n\n\n\n<p><img loading=\"lazy\" decoding=\"async\" src=\"https:\/\/www.elorienta.com\/gregorioprieto\/imagenes\/punto.gif\" alt=\"punto.gif\" width=\"27\" height=\"9\">El orientador har\u00e1 una Evaluaci\u00f3n acad\u00e9mica y psicopedag\u00f3gica<\/p>\n\n\n\n<p><img loading=\"lazy\" decoding=\"async\" src=\"https:\/\/www.elorienta.com\/gregorioprieto\/imagenes\/punto.gif\" alt=\"punto.gif\" width=\"27\" height=\"9\">Los padres y el alumno deber\u00e1n mostrar su conformidad<\/p>\n\n\n\n<p><img loading=\"lazy\" decoding=\"async\" src=\"https:\/\/www.elorienta.com\/gregorioprieto\/imagenes\/punto.gif\" alt=\"punto.gif\" width=\"27\" height=\"9\">El servicio de inspecci\u00f3n deber\u00e1 emitir un informe favorable<\/p>\n\n\n\n<h3 class=\"wp-block-heading\">Evaluaci\u00f3n de materias pendiente y Promoci\u00f3n&nbsp;<\/h3>\n\n\n\n<p><img loading=\"lazy\" decoding=\"async\" src=\"https:\/\/www.elorienta.com\/gregorioprieto\/imagenes\/punto.gif\" alt=\"punto.gif\" width=\"27\" height=\"9\">Quien acceda al programa con materias pendientes de 1\u00ba o 2\u00ba de ESO y hayan aprobado cualquiera de los \u00e1mbitos del programa tendr\u00e1n superadas las materias de los cursos anteriores que se integran en dichos \u00e1mbitos.&nbsp;<\/p>\n\n\n\n<p><img loading=\"lazy\" decoding=\"async\" src=\"https:\/\/www.elorienta.com\/gregorioprieto\/imagenes\/punto.gif\" alt=\"punto.gif\" width=\"27\" height=\"9\">Los alumnos promocionar\u00e1n de curso cuando:<\/p>\n\n\n\n<ul class=\"wp-block-list\"><li>Hayan superado todos los \u00e1mbitos y materias cursadas.<\/li><li>Tengan evaluaci\u00f3n negativa en el \u00e1mbito ling\u00fc\u00edstico o el cient\u00edfico, pero hayan aprobado lo dem\u00e1s.<\/li><li>Tengan evaluaci\u00f3n negativa, como m\u00e1ximo, en dos materias que no incluya al \u00e1mbito&nbsp;ling\u00fc\u00edstico o el cient\u00edfico.<\/li><li>El equipo docente podr\u00e1 adoptar, de forma excepcional, la promoci\u00f3n en otras circunstancias.&nbsp;<\/li><\/ul>\n\n\n\n<p><\/p>\n","protected":false},"excerpt":{"rendered":"<p>Es el Programa que sustituy\u00f3 a la Diversificaci\u00f3n Curricular. Se desarrolla a lo largo de los cursos 2\u00ba y 3\u00ba de ESO. Caracter\u00edsticas Dirigidos a aquellos alumnos que presenten dificultades generalizadas de aprendizaje no imputables a falta de estudio o esfuerzo. Su objetivo fundamental es preparar a los alumnos para que puedan cursar el cuarto &hellip; <\/p>\n<p class=\"link-more\"><a href=\"https:\/\/somosdelprieto.com\/index.php\/programa-de-mejora-del-aprendizaje-y-el-rendimiento\/\" class=\"more-link\">Continuar leyendo<span class=\"screen-reader-text\"> \u00abPROGRAMA DE MEJORA DEL APRENDIZAJE Y EL RENDIMIENTO\u00bb<\/span><\/a><\/p>\n","protected":false},"author":1,"featured_media":0,"parent":0,"menu_order":0,"comment_status":"closed","ping_status":"closed","template":"","meta":{"footnotes":""},"class_list":["post-1967","page","type-page","status-publish","hentry"],"_links":{"self":[{"href":"https:\/\/somosdelprieto.com\/index.php\/wp-json\/wp\/v2\/pages\/1967","targetHints":{"allow":["GET"]}}],"collection":[{"href":"https:\/\/somosdelprieto.com\/index.php\/wp-json\/wp\/v2\/pages"}],"about":[{"href":"https:\/\/somosdelprieto.com\/index.php\/wp-json\/wp\/v2\/types\/page"}],"author":[{"embeddable":true,"href":"https:\/\/somosdelprieto.com\/index.php\/wp-json\/wp\/v2\/users\/1"}],"replies":[{"embeddable":true,"href":"https:\/\/somosdelprieto.com\/index.php\/wp-json\/wp\/v2\/comments?post=1967"}],"version-history":[{"count":2,"href":"https:\/\/somosdelprieto.com\/index.php\/wp-json\/wp\/v2\/pages\/1967\/revisions"}],"predecessor-version":[{"id":1969,"href":"https:\/\/somosdelprieto.com\/index.php\/wp-json\/wp\/v2\/pages\/1967\/revisions\/1969"}],"wp:attachment":[{"href":"https:\/\/somosdelprieto.com\/index.php\/wp-json\/wp\/v2\/media?parent=1967"}],"curies":[{"name":"wp","href":"https:\/\/api.w.org\/{rel}","templated":true}]}}