{"id":18477,"date":"2024-05-23T11:05:29","date_gmt":"2024-05-23T09:05:29","guid":{"rendered":"https:\/\/somosdelprieto.com\/?page_id=18477"},"modified":"2025-11-11T11:13:28","modified_gmt":"2025-11-11T10:13:28","slug":"curso-de-acceso-a-ciclos-formativos-de-grado-superior-2024-2025","status":"publish","type":"page","link":"https:\/\/somosdelprieto.com\/index.php\/secretaria\/curso-de-acceso-a-ciclos-formativos-de-grado-superior-2024-2025\/","title":{"rendered":"CURSO DE FORMACI\u00d3N ESPEC\u00cdFICO PREPARATORIO PARA EL ACCESO A CICLOS FORMATIVOS DE GRADO SUPERIOR 2025\/2026"},"content":{"rendered":"<div class=\"wp-block-image\">\n<figure class=\"aligncenter size-full\"><img loading=\"lazy\" decoding=\"async\" width=\"660\" height=\"257\" src=\"https:\/\/somosdelprieto.com\/wp-content\/uploads\/2025\/05\/Cabecera-curso-de-acceso.jpg\" alt=\"\" class=\"wp-image-21614\" srcset=\"https:\/\/somosdelprieto.com\/wp-content\/uploads\/2025\/05\/Cabecera-curso-de-acceso.jpg 660w, https:\/\/somosdelprieto.com\/wp-content\/uploads\/2025\/05\/Cabecera-curso-de-acceso-300x117.jpg 300w\" sizes=\"auto, (max-width: 660px) 100vw, 660px\" \/><\/figure>\n<\/div>\n\n\n<p class=\"has-text-align-center has-vivid-green-cyan-color has-text-color has-link-color wp-elements-d31500a0877a11a75be891df6886c44a\" style=\"font-size:26px\"><strong>CONVOCATORIA A\u00d1O ACAD\u00c9MICO 2025\/2026<\/strong><\/p>\n\n\n\n<p>El&nbsp;<strong>28 de mayo de 2025&nbsp;<\/strong>se ha publicado en el Diario&nbsp;Oficial de Castilla-La Mancha, la Resoluci\u00f3n por la que se convoca el&nbsp;<strong>procedimiento para la admisi\u00f3n del alumnado<\/strong>, para el <strong>curso 2025\/2026<\/strong>, en centros docentes de titularidad p\u00fablica que imparten&nbsp;educaci\u00f3n para personas adultas, donde se incluye, dentro de los programas no formales, el <strong>Curso de Acceso a Ciclos Formativos de Grado Superior<\/strong><\/p>\n\n\n\n<div data-wp-interactive=\"core\/file\" class=\"wp-block-file\"><object data-wp-bind--hidden=\"!state.hasPdfPreview\" hidden class=\"wp-block-file__embed\" data=\"https:\/\/somosdelprieto.com\/wp-content\/uploads\/2025\/05\/2025_4309.pdf\" type=\"application\/pdf\" style=\"width:100%;height:600px\" aria-label=\"Incrustado de Procedimiento de Admisi\u00f3n 2025-2026.\"><\/object><a id=\"wp-block-file--media-8fdd16ee-02f2-442f-b82c-4c155f815fdd\" href=\"https:\/\/somosdelprieto.com\/wp-content\/uploads\/2025\/05\/2025_4309.pdf\">Procedimiento de Admisi\u00f3n 2025-2026<\/a><a href=\"https:\/\/somosdelprieto.com\/wp-content\/uploads\/2025\/05\/2025_4309.pdf\" class=\"wp-block-file__button wp-element-button\" download aria-describedby=\"wp-block-file--media-8fdd16ee-02f2-442f-b82c-4c155f815fdd\">Descarga<\/a><\/div>\n\n\n\n<p>A continuaci\u00f3n, se exponen algunos aspectos b\u00e1sicos de la convocatoria as\u00ed como el calendario de cada tr\u00e1mite. Se recuerda que, cualquier&nbsp;<strong>actualizaci\u00f3n o informaci\u00f3n relacionada<\/strong>, la podr\u00e1s encontrar en el&nbsp;<strong><a href=\"http:\/\/www.educa.jccm.es\/es\" target=\"_blank\" rel=\"noreferrer noopener\">portal de educaci\u00f3n de la Junta<\/a><\/strong>&nbsp;de Comunidades de Castilla-La Mancha o navegando en esta p\u00e1gina&nbsp;<a href=\"https:\/\/somosdelprieto.com\/index.php\/secretaria\/\" target=\"_blank\" rel=\"noreferrer noopener\"><strong>web del I.E.S. Gregorio Prieto.<\/strong><\/a><\/p>\n\n\n\n<p>La superaci\u00f3n del <strong>curso de formaci\u00f3n espec\u00edfico preparatorio para el acceso a ciclos formativos de grado superior<\/strong> dar\u00e1 acceso directo a cursar los ciclos formativos de grado superior con preferencia en ciclos de las familias profesionales de la opci\u00f3n cursada, seg\u00fan lo establecido en la <em>Orden 21\/02\/2013 de la Consejer\u00eda de Educaci\u00f3n, Cultura y Deportes, por la que se regulan las pruebas de acceso a ciclos formativos de formaci\u00f3n profesional del sistema educativo de Castilla-La Mancha.<\/em><\/p>\n\n\n\n<p class=\"has-medium-font-size\">En el <strong>IES Gregorio Prieto de Valdepe\u00f1as<\/strong>, este curso, se impartir\u00e1 en la&nbsp;<strong>modalidad a distancia<\/strong>.<\/p>\n\n\n\n<hr class=\"wp-block-separator has-alpha-channel-opacity\" \/>\n\n\n\n<p class=\"has-vivid-cyan-blue-color has-text-color has-link-color wp-elements-3b03e10609500d359e3ffe0f68749842\" style=\"font-size:18px\"><strong><em>REQUISITOS DE ACCESO<\/em><\/strong>:<\/p>\n\n\n\n<ol start=\"1\" class=\"wp-block-list\">\n<li><strong>Requisitos generales:<\/strong><\/li>\n<\/ol>\n\n\n\n<p>Tener una edad m\u00ednima de <strong>dieciocho a\u00f1os<\/strong> a fecha 31 de diciembre de 2025 o tener entre diecis\u00e9is y dieciocho a\u00f1os en esa misma fecha siempre que tengan, en este caso, un contrato laboral que les impida acudir a los centros educativos en r\u00e9gimen ordinario o sean deportistas de alto nivel o alto rendimiento.<\/p>\n\n\n\n<ol start=\"2\" class=\"wp-block-list\">\n<li><strong>Requisitos espec\u00edficos:<\/strong><\/li>\n<\/ol>\n\n\n\n<p>En cada una de las ense\u00f1anzas ser\u00e1n los derivados de las <strong>condiciones acad\u00e9micas<\/strong>, seg\u00fan el nivel o curso al que se pretenda acceder, previstas en su normativa propia.<\/p>\n\n\n\n<p style=\"font-size:21px\"><mark class=\"has-inline-color has-vivid-cyan-blue-color\"><strong>CALENDARIO DE ACTUACIONES<\/strong><\/mark><em><strong><mark class=\"has-inline-color has-vivid-cyan-blue-color\">:<\/mark><\/strong><\/em><\/p>\n\n\n\n<figure class=\"wp-block-image size-full\"><img loading=\"lazy\" decoding=\"async\" width=\"910\" height=\"182\" src=\"https:\/\/somosdelprieto.com\/wp-content\/uploads\/2025\/05\/Sin-titulo.jpg\" alt=\"\" class=\"wp-image-21608\" srcset=\"https:\/\/somosdelprieto.com\/wp-content\/uploads\/2025\/05\/Sin-titulo.jpg 910w, https:\/\/somosdelprieto.com\/wp-content\/uploads\/2025\/05\/Sin-titulo-300x60.jpg 300w, https:\/\/somosdelprieto.com\/wp-content\/uploads\/2025\/05\/Sin-titulo-768x154.jpg 768w\" sizes=\"auto, (max-width: 767px) 89vw, (max-width: 1000px) 54vw, (max-width: 1071px) 543px, 580px\" \/><\/figure>\n\n\n\n<p class=\"has-vivid-cyan-blue-color has-text-color has-link-color wp-elements-23b5d79a1983920475fb375e3832e4ea\" style=\"font-size:25px\"><strong><mark class=\"has-inline-color has-vivid-green-cyan-color\">SOLICITUDES DE ADMISI\u00d3N:<\/mark><\/strong><\/p>\n\n\n\n<p class=\"has-vivid-cyan-blue-color has-text-color has-link-color wp-elements-3231969d9dc01421d494a8e6aa195aab\" style=\"font-size:18px\">&#8211;<strong><em><mark style=\"background-color:#ffffff\" class=\"has-inline-color has-luminous-vivid-orange-color\"> PARA EL CURSO 2025-2026:<\/mark><\/em><\/strong><\/p>\n\n\n\n<p class=\"has-vivid-cyan-blue-color has-text-color has-link-color wp-elements-a5bb05e6889f249fb3b54b454c895a39\" style=\"font-size:18px\">La presentaci\u00f3n de solicitudes se realizar\u00e1 en los siguientes <strong>plazos<\/strong>:<\/p>\n\n\n\n<ul class=\"wp-block-list\">\n<li><strong>Plazo Ordinario<\/strong>: del 4 al 23 de junio de 2025.<\/li>\n\n\n\n<li><strong>Plazo Extraordinario<\/strong>: del 3 al 18 de septiembre de 2025.<\/li>\n<\/ul>\n\n\n\n<p class=\"has-small-font-size\"><strong>Las solicitudes de admisi\u00f3n se presentar\u00e1n:<\/strong><\/p>\n\n\n\n<ol class=\"wp-block-list\">\n<li class=\"has-medium-font-size\"><strong> Preferentemente de forma electr\u00f3nica, a trav\u00e9s de <\/strong>la plataforma educativa<strong> <a href=\"https:\/\/educamosclm.castillalamancha.es\/\">EducamosCLM<\/a><\/strong>, en el apartado de <em><strong>Secretar\u00eda Virtual<\/strong><\/em>. Dentro de Secretar\u00eda Virtual hay que seleccionar la opci\u00f3n de \u00ab<strong>Admisi\u00f3n en Centros Docentes que imparten Programas no Formales de Adultos<\/strong>. <strong>Curso 2025\/26&#8243;.<\/strong><\/li>\n<\/ol>\n\n\n\n<figure class=\"wp-block-image size-large\"><img loading=\"lazy\" decoding=\"async\" width=\"1024\" height=\"591\" src=\"https:\/\/somosdelprieto.com\/wp-content\/uploads\/2025\/06\/Sin-titulo-1024x591.jpg\" alt=\"\" class=\"wp-image-21712\" srcset=\"https:\/\/somosdelprieto.com\/wp-content\/uploads\/2025\/06\/Sin-titulo-1024x591.jpg 1024w, https:\/\/somosdelprieto.com\/wp-content\/uploads\/2025\/06\/Sin-titulo-300x173.jpg 300w, https:\/\/somosdelprieto.com\/wp-content\/uploads\/2025\/06\/Sin-titulo-768x443.jpg 768w, https:\/\/somosdelprieto.com\/wp-content\/uploads\/2025\/06\/Sin-titulo.jpg 1236w\" sizes=\"auto, (max-width: 767px) 89vw, (max-width: 1000px) 54vw, (max-width: 1071px) 543px, 580px\" \/><\/figure>\n\n\n\n<p>2. Tambi\u00e9n podr\u00e1n presentarse las solicitudes, seg\u00fan los modelos que figuran como anexos I, II y III, de forma presencial, en el registro de las Delegaciones Provinciales de Educaci\u00f3n, Cultura y Deportes o en cualquiera de los lugares previstos en el art\u00edculo 16.4 de la Ley 39\/2015, de 1 de octubre, del Procedimiento Administrativo Com\u00fan de las Administraciones P\u00fablicas.<\/p>\n\n\n\n<p class=\"has-vivid-cyan-blue-color has-text-color has-link-color wp-elements-5a7495c499f978ae2c1c85f80620851b\" style=\"font-size:18px\"><em><strong> <mark style=\"background-color:#ffffff\" class=\"has-inline-color has-luminous-vivid-orange-color\">-PARA EL CURSO 2025-2026:<\/mark><\/strong><\/em><\/p>\n\n\n\n<p class=\"has-vivid-red-color has-text-color has-link-color wp-elements-58ebe4924777a4729cf1ae5cce16fe3a\" style=\"font-size:18px\"><strong>IMPORTANTE: Una vez finalizado el plazo extraordinario de admisi\u00f3n en el actual curso 2025-2026, han quedado plazas vacantes. Para solicitar la admisi\u00f3n a este Curso, debes seguir los siguientes pasos<\/strong><\/p>\n\n\n\n<div data-wp-interactive=\"core\/file\" class=\"wp-block-file\"><object data-wp-bind--hidden=\"!state.hasPdfPreview\" hidden class=\"wp-block-file__embed\" data=\"https:\/\/somosdelprieto.com\/wp-content\/uploads\/2025\/07\/solicitud-CAGS.pdf\" type=\"application\/pdf\" style=\"width:100%;height:600px\" aria-label=\"Incrustado de solicitud CAGS.\"><\/object><a id=\"wp-block-file--media-2a5d4c7c-94bd-4782-b6af-1ddb8e78ba61\" href=\"https:\/\/somosdelprieto.com\/wp-content\/uploads\/2025\/07\/solicitud-CAGS.pdf\">solicitud CAGS<\/a><a href=\"https:\/\/somosdelprieto.com\/wp-content\/uploads\/2025\/07\/solicitud-CAGS.pdf\" class=\"wp-block-file__button wp-element-button\" download aria-describedby=\"wp-block-file--media-2a5d4c7c-94bd-4782-b6af-1ddb8e78ba61\">Descarga<\/a><\/div>\n\n\n\n<ol class=\"wp-block-list\">\n<li><strong> Descarga y rellena <\/strong>la siguiente <strong>solicitud<\/strong>. No olvides firmarla. <\/li>\n<\/ol>\n\n\n\n<p>2. <strong>Pres\u00e9ntala  en alguna oficina de Registro<\/strong> de las Delegaciones Provinciales de Educaci\u00f3n, Cultura y Deportes, as\u00ed como por cualquiera de los medios establecidos en el art\u00edculo 16.4 de la Ley 39\/2015, de 1 octubre, del Procedimiento Administrativo Com\u00fan de las Administraciones P\u00fablicas.<\/p>\n\n\n\n<p>3. Una vez registrada, <strong>m\u00e1ndala al correo del centro<\/strong>: <a href=\"mailto:13003336.ies@educastillalamancha.es\">13003336.ies@educastillalamancha.es<\/a><\/p>\n\n\n\n<p class=\"has-vivid-cyan-blue-color has-text-color has-link-color wp-elements-877cdad2c62dd405c7795c6b9e0a11af\" style=\"font-size:20px\"><strong>MATRICULACI\u00d3N<\/strong> <strong>CURSO 2025-2026:<\/strong><\/p>\n\n\n\n<p>Desde la secretar\u00eda del centro, se contactar\u00e1 con los alumnos a finales del mes de septiembre, para que se elijan las&nbsp;<strong>optativas&nbsp;<\/strong>que desean cursar dentro de la opci\u00f3n seleccionada.<\/p>\n\n\n\n<p>En esta comunicaci\u00f3n se les informar\u00e1 de la&nbsp;<strong>fecha de de inicio<\/strong>&nbsp;y de su desarrollo a trav\u00e9s del \u00abEntorno de Aprendizaje\u00bb dentro de la plataforma EducamosCLM.<\/p>\n\n\n\n<p style=\"font-size:13px\">Si alumnado no inicia la actividad, transcurridos 10 d\u00edas desde su inicio, conllevar\u00e1 la&nbsp;<strong>p\u00e9rdida de la plaza<\/strong>&nbsp;asignada. Por otro lado, el alumno puede&nbsp;<strong>renunciar a la matr\u00edcula<\/strong>&nbsp;para no ser evaluado en el curso. Esta anulaci\u00f3n se solicitar\u00e1 seg\u00fan la normativa vigente.<\/p>\n\n\n\n<p class=\"has-vivid-red-color has-text-color has-link-color wp-elements-e036f7f1626265ac83a8cbc09f277e8f\"><strong><em>ITINERARIOS DE ACCESO<\/em><\/strong><\/p>\n\n\n\n<p>En la solicitud de admisi\u00f3n&nbsp;<strong>deber\u00e1n indicar la Opci\u00f3n deseada A, B o C<\/strong>, en funci\u00f3n del itinerario que desean seguir en sus estudios de ciclos formativos de Grado Superior. Cada una de estas opciones conlleva el estudio de las siguientes&nbsp;<strong>materias optativas<\/strong>&nbsp;(a elegir dos):<\/p>\n\n\n\n<ul class=\"wp-block-list\">\n<li><strong>Opci\u00f3n A:<\/strong>&nbsp;Empresa y dise\u00f1o de modelos de negocio, Historia de la filosof\u00eda y\/o Geograf\u00eda.<\/li>\n\n\n\n<li><strong>Opci\u00f3n B:&nbsp;<\/strong>Tecnolog\u00eda e ingenier\u00eda, Dibujo t\u00e9cnico y\/o F\u00edsica.<\/li>\n\n\n\n<li><strong>Opci\u00f3n C:&nbsp;<\/strong>Biolog\u00eda, Qu\u00edmica y\/o Geolog\u00eda y ciencias ambientales.<\/li>\n<\/ul>\n\n\n\n<p>Asimismo, el curso de acceso a ciclos formativos de grado superior de formaci\u00f3n profesional est\u00e1 compuesto por tres materias comunes: Lengua y Literatura Castellana; Matem\u00e1ticas e Ingl\u00e9s.<\/p>\n\n\n\n<p>Los<strong>&nbsp;itinerarios de acceso<\/strong>&nbsp;a ciclos formativos de Grado Superior dar\u00e1n acceso directo a cursar los ciclos formativos de grado superior con preferencia en ciclos de las familias profesionales de la opci\u00f3n cursada:<\/p>\n\n\n\n<figure class=\"wp-block-image\"><img loading=\"lazy\" decoding=\"async\" width=\"907\" height=\"591\" src=\"https:\/\/somosdelprieto.com\/wp-content\/uploads\/2023\/09\/Itinerarios-2.jpg\" alt=\"\" class=\"wp-image-16101\" srcset=\"https:\/\/somosdelprieto.com\/wp-content\/uploads\/2023\/09\/Itinerarios-2.jpg 907w, https:\/\/somosdelprieto.com\/wp-content\/uploads\/2023\/09\/Itinerarios-2-300x195.jpg 300w, https:\/\/somosdelprieto.com\/wp-content\/uploads\/2023\/09\/Itinerarios-2-768x500.jpg 768w\" sizes=\"auto, (max-width: 767px) 89vw, (max-width: 1000px) 54vw, (max-width: 1071px) 543px, 580px\" \/><\/figure>\n\n\n\n<p class=\"has-vivid-cyan-blue-color has-text-color has-link-color wp-elements-f75b44b121dac683ce9757ec12002807\" style=\"font-size:20px\"><\/p>\n\n\n\n<p class=\"has-vivid-cyan-blue-color has-text-color has-link-color wp-elements-49e08f898c27775374e831418c3e946e\"><strong>PARA M\u00c1S INFORMACI\u00d3N:<\/strong>&nbsp;<\/p>\n\n\n\n<ul class=\"wp-block-list\">\n<li>Resoluci\u00f3n por la que se regula con car\u00e1cter experimental el<strong>&nbsp;curso de formaci\u00f3n espec\u00edfico preparatorio para el acceso a ciclos formativos<\/strong>&nbsp;de Formaci\u00f3n Profesional en la comunidad aut\u00f3noma de Castilla-La Mancha para el curso 2024-2025<a href=\"https:\/\/docm.jccm.es\/docm\/descargarArchivo.do?ruta=2023\/09\/20\/pdf\/2023_7867.pdf&amp;tipo=rutaDocm\">:<\/a><\/li>\n<\/ul>\n\n\n\n<div data-wp-interactive=\"core\/file\" class=\"wp-block-file\"><object data-wp-bind--hidden=\"!state.hasPdfPreview\" hidden class=\"wp-block-file__embed\" data=\"https:\/\/somosdelprieto.com\/wp-content\/uploads\/2024\/10\/R_28_06_2024_Curso_acceso_Ciclo_Formativo.pdf\" type=\"application\/pdf\" style=\"width:100%;height:600px\" aria-label=\"Incrustado de Resoluci\u00f3n28062024_Curso_acceso_Ciclo_Formativo.\"><\/object><a id=\"wp-block-file--media-461ed591-a79b-4486-a77d-53f3d5fb3a6e\" href=\"https:\/\/somosdelprieto.com\/wp-content\/uploads\/2024\/10\/R_28_06_2024_Curso_acceso_Ciclo_Formativo.pdf\">Resoluci\u00f3n28062024_Curso_acceso_Ciclo_Formativo<\/a><a href=\"https:\/\/somosdelprieto.com\/wp-content\/uploads\/2024\/10\/R_28_06_2024_Curso_acceso_Ciclo_Formativo.pdf\" class=\"wp-block-file__button wp-element-button\" download aria-describedby=\"wp-block-file--media-461ed591-a79b-4486-a77d-53f3d5fb3a6e\">Descarga<\/a><\/div>\n\n\n\n<p><\/p>\n\n\n\n<p><a href=\"https:\/\/educacion.castillalamancha.es\/educacion\/tramites\/curso-de-formacion-preparatorio-para-acceder-ciclos-formativos-de-formacion-profesional\">https:\/\/educacion.castillalamancha.es\/educacion\/tramites\/curso-de-formacion-preparatorio-para-acceder-ciclos-formativos-de-formacion-profesional<\/a><\/p>\n\n\n\n<p><\/p>\n","protected":false},"excerpt":{"rendered":"<p>CONVOCATORIA A\u00d1O ACAD\u00c9MICO 2025\/2026 El&nbsp;28 de mayo de 2025&nbsp;se ha publicado en el Diario&nbsp;Oficial de Castilla-La Mancha, la Resoluci\u00f3n por la que se convoca el&nbsp;procedimiento para la admisi\u00f3n del alumnado, para el curso 2025\/2026, en centros docentes de titularidad p\u00fablica que imparten&nbsp;educaci\u00f3n para personas adultas, donde se incluye, dentro de los programas no formales, el &hellip; <\/p>\n<p class=\"link-more\"><a href=\"https:\/\/somosdelprieto.com\/index.php\/secretaria\/curso-de-acceso-a-ciclos-formativos-de-grado-superior-2024-2025\/\" class=\"more-link\">Continuar leyendo<span class=\"screen-reader-text\"> \u00abCURSO DE FORMACI\u00d3N ESPEC\u00cdFICO PREPARATORIO PARA EL ACCESO A CICLOS FORMATIVOS DE GRADO SUPERIOR 2025\/2026\u00bb<\/span><\/a><\/p>\n","protected":false},"author":53,"featured_media":0,"parent":2439,"menu_order":0,"comment_status":"closed","ping_status":"closed","template":"","meta":{"footnotes":""},"class_list":["post-18477","page","type-page","status-publish","hentry"],"_links":{"self":[{"href":"https:\/\/somosdelprieto.com\/index.php\/wp-json\/wp\/v2\/pages\/18477","targetHints":{"allow":["GET"]}}],"collection":[{"href":"https:\/\/somosdelprieto.com\/index.php\/wp-json\/wp\/v2\/pages"}],"about":[{"href":"https:\/\/somosdelprieto.com\/index.php\/wp-json\/wp\/v2\/types\/page"}],"author":[{"embeddable":true,"href":"https:\/\/somosdelprieto.com\/index.php\/wp-json\/wp\/v2\/users\/53"}],"replies":[{"embeddable":true,"href":"https:\/\/somosdelprieto.com\/index.php\/wp-json\/wp\/v2\/comments?post=18477"}],"version-history":[{"count":25,"href":"https:\/\/somosdelprieto.com\/index.php\/wp-json\/wp\/v2\/pages\/18477\/revisions"}],"predecessor-version":[{"id":22579,"href":"https:\/\/somosdelprieto.com\/index.php\/wp-json\/wp\/v2\/pages\/18477\/revisions\/22579"}],"up":[{"embeddable":true,"href":"https:\/\/somosdelprieto.com\/index.php\/wp-json\/wp\/v2\/pages\/2439"}],"wp:attachment":[{"href":"https:\/\/somosdelprieto.com\/index.php\/wp-json\/wp\/v2\/media?parent=18477"}],"curies":[{"name":"wp","href":"https:\/\/api.w.org\/{rel}","templated":true}]}}