{"id":18160,"date":"2024-05-02T16:56:32","date_gmt":"2024-05-02T14:56:32","guid":{"rendered":"https:\/\/somosdelprieto.com\/?page_id=18160"},"modified":"2025-03-10T13:05:53","modified_gmt":"2025-03-10T12:05:53","slug":"montaje-pc-gaming","status":"publish","type":"page","link":"https:\/\/somosdelprieto.com\/index.php\/montaje-pc-gaming\/","title":{"rendered":"Montaje PC Gaming"},"content":{"rendered":"\n<figure class=\"wp-block-image size-large\"><img loading=\"lazy\" decoding=\"async\" width=\"724\" height=\"1024\" src=\"https:\/\/somosdelprieto.com\/wp-content\/uploads\/2025\/03\/CARTEL-talleres-Informatica-Feria-FP-2025-724x1024.jpg\" alt=\"\" class=\"wp-image-20715\" srcset=\"https:\/\/somosdelprieto.com\/wp-content\/uploads\/2025\/03\/CARTEL-talleres-Informatica-Feria-FP-2025-724x1024.jpg 724w, https:\/\/somosdelprieto.com\/wp-content\/uploads\/2025\/03\/CARTEL-talleres-Informatica-Feria-FP-2025-212x300.jpg 212w, https:\/\/somosdelprieto.com\/wp-content\/uploads\/2025\/03\/CARTEL-talleres-Informatica-Feria-FP-2025-768x1086.jpg 768w, https:\/\/somosdelprieto.com\/wp-content\/uploads\/2025\/03\/CARTEL-talleres-Informatica-Feria-FP-2025-1086x1536.jpg 1086w, https:\/\/somosdelprieto.com\/wp-content\/uploads\/2025\/03\/CARTEL-talleres-Informatica-Feria-FP-2025-1448x2048.jpg 1448w, https:\/\/somosdelprieto.com\/wp-content\/uploads\/2025\/03\/CARTEL-talleres-Informatica-Feria-FP-2025-scaled.jpg 1810w\" sizes=\"auto, (max-width: 724px) 100vw, 724px\" \/><\/figure>\n\n\n\n<p class=\"has-background\" style=\"background-color:#fcb90070\">\u2013&nbsp;<strong>Taller \u00abMontaje de un PC Gaming\u00bb<\/strong>. Un&nbsp;taller en donde la pasi\u00f3n por los videojuegos se une con la emoci\u00f3n de construir tu propia plataforma de juego. Este evento est\u00e1 dise\u00f1ado para entusiastas de los videojuegos, desde principiantes hasta expertos, que desean aprender los entresijos de ensamblar su propia PC de alto rendimiento para disfrutar de una experiencia de juego \u00f3ptima.<\/p>\n\n\n\n<p class=\"has-background\" style=\"background-color:#fcb9003b\"><strong>Objetivo:<\/strong> El objetivo de este evento es brindar a los participantes los conocimientos y habilidades necesarios para ensamblar su propia PC Gaming personalizada, desde la selecci\u00f3n de componentes hasta la configuraci\u00f3n final del sistema.<\/p>\n","protected":false},"excerpt":{"rendered":"<p>\u2013&nbsp;Taller \u00abMontaje de un PC Gaming\u00bb. Un&nbsp;taller en donde la pasi\u00f3n por los videojuegos se une con la emoci\u00f3n de construir tu propia plataforma de juego. Este evento est\u00e1 dise\u00f1ado para entusiastas de los videojuegos, desde principiantes hasta expertos, que desean aprender los entresijos de ensamblar su propia PC de alto rendimiento para disfrutar de &hellip; <\/p>\n<p class=\"link-more\"><a href=\"https:\/\/somosdelprieto.com\/index.php\/montaje-pc-gaming\/\" class=\"more-link\">Continuar leyendo<span class=\"screen-reader-text\"> \u00abMontaje PC Gaming\u00bb<\/span><\/a><\/p>\n","protected":false},"author":24,"featured_media":0,"parent":0,"menu_order":0,"comment_status":"closed","ping_status":"closed","template":"","meta":{"footnotes":""},"class_list":["post-18160","page","type-page","status-publish","hentry"],"_links":{"self":[{"href":"https:\/\/somosdelprieto.com\/index.php\/wp-json\/wp\/v2\/pages\/18160","targetHints":{"allow":["GET"]}}],"collection":[{"href":"https:\/\/somosdelprieto.com\/index.php\/wp-json\/wp\/v2\/pages"}],"about":[{"href":"https:\/\/somosdelprieto.com\/index.php\/wp-json\/wp\/v2\/types\/page"}],"author":[{"embeddable":true,"href":"https:\/\/somosdelprieto.com\/index.php\/wp-json\/wp\/v2\/users\/24"}],"replies":[{"embeddable":true,"href":"https:\/\/somosdelprieto.com\/index.php\/wp-json\/wp\/v2\/comments?post=18160"}],"version-history":[{"count":2,"href":"https:\/\/somosdelprieto.com\/index.php\/wp-json\/wp\/v2\/pages\/18160\/revisions"}],"predecessor-version":[{"id":20719,"href":"https:\/\/somosdelprieto.com\/index.php\/wp-json\/wp\/v2\/pages\/18160\/revisions\/20719"}],"wp:attachment":[{"href":"https:\/\/somosdelprieto.com\/index.php\/wp-json\/wp\/v2\/media?parent=18160"}],"curies":[{"name":"wp","href":"https:\/\/api.w.org\/{rel}","templated":true}]}}