{"id":18154,"date":"2024-05-02T16:52:38","date_gmt":"2024-05-02T14:52:38","guid":{"rendered":"https:\/\/somosdelprieto.com\/?page_id=18154"},"modified":"2025-03-10T13:05:14","modified_gmt":"2025-03-10T12:05:14","slug":"escape-room-ciberseguridad","status":"publish","type":"page","link":"https:\/\/somosdelprieto.com\/index.php\/escape-room-ciberseguridad\/","title":{"rendered":"Cifrado Ninja: Esconde y Protege tu informaci\u00f3n"},"content":{"rendered":"\n<figure class=\"wp-block-image size-large\"><img loading=\"lazy\" decoding=\"async\" width=\"724\" height=\"1024\" src=\"https:\/\/somosdelprieto.com\/wp-content\/uploads\/2025\/03\/CARTEL-talleres-Informatica-Feria-FP-2025-1-724x1024.jpg\" alt=\"\" class=\"wp-image-20717\" srcset=\"https:\/\/somosdelprieto.com\/wp-content\/uploads\/2025\/03\/CARTEL-talleres-Informatica-Feria-FP-2025-1-724x1024.jpg 724w, https:\/\/somosdelprieto.com\/wp-content\/uploads\/2025\/03\/CARTEL-talleres-Informatica-Feria-FP-2025-1-212x300.jpg 212w, https:\/\/somosdelprieto.com\/wp-content\/uploads\/2025\/03\/CARTEL-talleres-Informatica-Feria-FP-2025-1-768x1086.jpg 768w, https:\/\/somosdelprieto.com\/wp-content\/uploads\/2025\/03\/CARTEL-talleres-Informatica-Feria-FP-2025-1-1086x1536.jpg 1086w, https:\/\/somosdelprieto.com\/wp-content\/uploads\/2025\/03\/CARTEL-talleres-Informatica-Feria-FP-2025-1-1448x2048.jpg 1448w, https:\/\/somosdelprieto.com\/wp-content\/uploads\/2025\/03\/CARTEL-talleres-Informatica-Feria-FP-2025-1-scaled.jpg 1810w\" sizes=\"auto, (max-width: 724px) 100vw, 724px\" \/><\/figure>\n\n\n\n<p class=\"has-background\" style=\"background-color:#ff6a007d\">Sum\u00e9rgete en un mundo de intriga y desaf\u00edos en nuestro scape room de seguridad inform\u00e1tica. \u00a1Descubre los secretos detr\u00e1s de las amenazas cibern\u00e9ticas mientras trabajas en equipo para resolver enigmas y escapar a tiempo!<\/p>\n\n\n\n<p class=\"has-background\" style=\"background-color:#fce0005c\"><em>Los ciberdelincuentes, en un adem\u00e1n de alarde y orgullo, han habilitado un c\u00f3digo de desactivaci\u00f3n para ponernos a prueba y humillarnos. Por ello, te han contratado para que investigues el caso: tendr\u00e1s acceso al terminal y puesto donde se inici\u00f3 el incidente.<\/em><\/p>\n","protected":false},"excerpt":{"rendered":"<p>Sum\u00e9rgete en un mundo de intriga y desaf\u00edos en nuestro scape room de seguridad inform\u00e1tica. \u00a1Descubre los secretos detr\u00e1s de las amenazas cibern\u00e9ticas mientras trabajas en equipo para resolver enigmas y escapar a tiempo! Los ciberdelincuentes, en un adem\u00e1n de alarde y orgullo, han habilitado un c\u00f3digo de desactivaci\u00f3n para ponernos a prueba y humillarnos. &hellip; <\/p>\n<p class=\"link-more\"><a href=\"https:\/\/somosdelprieto.com\/index.php\/escape-room-ciberseguridad\/\" class=\"more-link\">Continuar leyendo<span class=\"screen-reader-text\"> \u00abCifrado Ninja: Esconde y Protege tu informaci\u00f3n\u00bb<\/span><\/a><\/p>\n","protected":false},"author":24,"featured_media":0,"parent":0,"menu_order":0,"comment_status":"closed","ping_status":"closed","template":"","meta":{"footnotes":""},"class_list":["post-18154","page","type-page","status-publish","hentry"],"_links":{"self":[{"href":"https:\/\/somosdelprieto.com\/index.php\/wp-json\/wp\/v2\/pages\/18154","targetHints":{"allow":["GET"]}}],"collection":[{"href":"https:\/\/somosdelprieto.com\/index.php\/wp-json\/wp\/v2\/pages"}],"about":[{"href":"https:\/\/somosdelprieto.com\/index.php\/wp-json\/wp\/v2\/types\/page"}],"author":[{"embeddable":true,"href":"https:\/\/somosdelprieto.com\/index.php\/wp-json\/wp\/v2\/users\/24"}],"replies":[{"embeddable":true,"href":"https:\/\/somosdelprieto.com\/index.php\/wp-json\/wp\/v2\/comments?post=18154"}],"version-history":[{"count":3,"href":"https:\/\/somosdelprieto.com\/index.php\/wp-json\/wp\/v2\/pages\/18154\/revisions"}],"predecessor-version":[{"id":20718,"href":"https:\/\/somosdelprieto.com\/index.php\/wp-json\/wp\/v2\/pages\/18154\/revisions\/20718"}],"wp:attachment":[{"href":"https:\/\/somosdelprieto.com\/index.php\/wp-json\/wp\/v2\/media?parent=18154"}],"curies":[{"name":"wp","href":"https:\/\/api.w.org\/{rel}","templated":true}]}}