{"id":18149,"date":"2024-05-02T16:48:53","date_gmt":"2024-05-02T14:48:53","guid":{"rendered":"https:\/\/somosdelprieto.com\/?page_id=18149"},"modified":"2025-02-19T19:56:35","modified_gmt":"2025-02-19T18:56:35","slug":"iluminacion-sonido-espectaculos-e-iniciacion-al-hogar-digital","status":"publish","type":"page","link":"https:\/\/somosdelprieto.com\/index.php\/iluminacion-sonido-espectaculos-e-iniciacion-al-hogar-digital\/","title":{"rendered":"Iluminaci\u00f3n, sonido, espect\u00e1culos e iniciaci\u00f3n al hogar digital"},"content":{"rendered":"\n<p class=\"has-background\" style=\"background-color:#7bdbb552\">En este evento emocionante, exploraremos las \u00faltimas tendencias y tecnolog\u00edas en iluminaci\u00f3n, sonido y entretenimiento en el hogar. Desde la creaci\u00f3n de espect\u00e1culos impresionantes hasta la automatizaci\u00f3n inteligente del hogar, este taller tiene algo para todos los entusiastas de la tecnolog\u00eda y el entretenimiento.<\/p>\n\n\n\n<p class=\"has-background\" style=\"background-color:#0792e391\">El objetivo de este taller es proporcionarte una visi\u00f3n general de las \u00faltimas innovaciones en iluminaci\u00f3n, sonido y tecnolog\u00eda del hogar digital. Aprender\u00e1s sobre las diferentes opciones disponibles y c\u00f3mo puedes integrarlas en tu propio hogar para crear experiencias \u00fanicas y personalizadas.<\/p>\n","protected":false},"excerpt":{"rendered":"<p>En este evento emocionante, exploraremos las \u00faltimas tendencias y tecnolog\u00edas en iluminaci\u00f3n, sonido y entretenimiento en el hogar. Desde la creaci\u00f3n de espect\u00e1culos impresionantes hasta la automatizaci\u00f3n inteligente del hogar, este taller tiene algo para todos los entusiastas de la tecnolog\u00eda y el entretenimiento. El objetivo de este taller es proporcionarte una visi\u00f3n general de &hellip; <\/p>\n<p class=\"link-more\"><a href=\"https:\/\/somosdelprieto.com\/index.php\/iluminacion-sonido-espectaculos-e-iniciacion-al-hogar-digital\/\" class=\"more-link\">Continuar leyendo<span class=\"screen-reader-text\"> \u00abIluminaci\u00f3n, sonido, espect\u00e1culos e iniciaci\u00f3n al hogar digital\u00bb<\/span><\/a><\/p>\n","protected":false},"author":27,"featured_media":0,"parent":0,"menu_order":0,"comment_status":"closed","ping_status":"closed","template":"","meta":{"footnotes":""},"class_list":["post-18149","page","type-page","status-publish","hentry"],"_links":{"self":[{"href":"https:\/\/somosdelprieto.com\/index.php\/wp-json\/wp\/v2\/pages\/18149","targetHints":{"allow":["GET"]}}],"collection":[{"href":"https:\/\/somosdelprieto.com\/index.php\/wp-json\/wp\/v2\/pages"}],"about":[{"href":"https:\/\/somosdelprieto.com\/index.php\/wp-json\/wp\/v2\/types\/page"}],"author":[{"embeddable":true,"href":"https:\/\/somosdelprieto.com\/index.php\/wp-json\/wp\/v2\/users\/27"}],"replies":[{"embeddable":true,"href":"https:\/\/somosdelprieto.com\/index.php\/wp-json\/wp\/v2\/comments?post=18149"}],"version-history":[{"count":1,"href":"https:\/\/somosdelprieto.com\/index.php\/wp-json\/wp\/v2\/pages\/18149\/revisions"}],"predecessor-version":[{"id":18150,"href":"https:\/\/somosdelprieto.com\/index.php\/wp-json\/wp\/v2\/pages\/18149\/revisions\/18150"}],"wp:attachment":[{"href":"https:\/\/somosdelprieto.com\/index.php\/wp-json\/wp\/v2\/media?parent=18149"}],"curies":[{"name":"wp","href":"https:\/\/api.w.org\/{rel}","templated":true}]}}