{"id":18145,"date":"2024-05-02T16:44:23","date_gmt":"2024-05-02T14:44:23","guid":{"rendered":"https:\/\/somosdelprieto.com\/?page_id=18145"},"modified":"2025-03-19T09:46:11","modified_gmt":"2025-03-19T08:46:11","slug":"recorrido-sensorial-y-degustacion-de-aove","status":"publish","type":"page","link":"https:\/\/somosdelprieto.com\/index.php\/recorrido-sensorial-y-degustacion-de-aove\/","title":{"rendered":"B\u00fasqueda del Oro del Prieto"},"content":{"rendered":"\n<p>No te pierdas \u00e9sta experiencia de b\u00fasqueda del tesoro en las instalaciones del departamento de Industrias Alimentarias:<\/p>\n\n\n\n<figure class=\"wp-block-gallery has-nested-images columns-default is-cropped wp-block-gallery-1 is-layout-flex wp-block-gallery-is-layout-flex\">\n<figure class=\"wp-block-image size-large\"><img loading=\"lazy\" decoding=\"async\" width=\"724\" height=\"1024\" data-id=\"20847\" src=\"https:\/\/somosdelprieto.com\/wp-content\/uploads\/2025\/03\/Copia-de-IV-FERIA-DE-FP-1-724x1024.png\" alt=\"\" class=\"wp-image-20847\" srcset=\"https:\/\/somosdelprieto.com\/wp-content\/uploads\/2025\/03\/Copia-de-IV-FERIA-DE-FP-1-724x1024.png 724w, https:\/\/somosdelprieto.com\/wp-content\/uploads\/2025\/03\/Copia-de-IV-FERIA-DE-FP-1-212x300.png 212w, https:\/\/somosdelprieto.com\/wp-content\/uploads\/2025\/03\/Copia-de-IV-FERIA-DE-FP-1-768x1086.png 768w, https:\/\/somosdelprieto.com\/wp-content\/uploads\/2025\/03\/Copia-de-IV-FERIA-DE-FP-1-1086x1536.png 1086w, https:\/\/somosdelprieto.com\/wp-content\/uploads\/2025\/03\/Copia-de-IV-FERIA-DE-FP-1-1448x2048.png 1448w, https:\/\/somosdelprieto.com\/wp-content\/uploads\/2025\/03\/Copia-de-IV-FERIA-DE-FP-1.png 1587w\" sizes=\"auto, (max-width: 724px) 100vw, 724px\" \/><\/figure>\n<\/figure>\n\n\n\n<p class=\"has-background\" style=\"background-color:#37d1007d\"><strong><a href=\"https:\/\/somosdelprieto.com\/index.php\/departamentos\/departamento-industrias-alimentarias\/\" data-type=\"URL\" data-id=\"https:\/\/somosdelprieto.com\/index.php\/departamentos\/departamento-industrias-alimentarias\/\" target=\"_blank\" rel=\"noreferrer noopener\">AQU\u00cd<\/a><\/strong> puedes conseguir m\u00e1s informaci\u00f3n de los ciclos formativos de Industrias alimentarias.<\/p>\n\n\n\n<h2 class=\"wp-block-heading\"><\/h2>\n","protected":false},"excerpt":{"rendered":"<p>No te pierdas \u00e9sta experiencia de b\u00fasqueda del tesoro en las instalaciones del departamento de Industrias Alimentarias: AQU\u00cd puedes conseguir m\u00e1s informaci\u00f3n de los ciclos formativos de Industrias alimentarias.<\/p>\n","protected":false},"author":22,"featured_media":0,"parent":0,"menu_order":0,"comment_status":"closed","ping_status":"closed","template":"","meta":{"footnotes":""},"class_list":["post-18145","page","type-page","status-publish","hentry"],"_links":{"self":[{"href":"https:\/\/somosdelprieto.com\/index.php\/wp-json\/wp\/v2\/pages\/18145","targetHints":{"allow":["GET"]}}],"collection":[{"href":"https:\/\/somosdelprieto.com\/index.php\/wp-json\/wp\/v2\/pages"}],"about":[{"href":"https:\/\/somosdelprieto.com\/index.php\/wp-json\/wp\/v2\/types\/page"}],"author":[{"embeddable":true,"href":"https:\/\/somosdelprieto.com\/index.php\/wp-json\/wp\/v2\/users\/22"}],"replies":[{"embeddable":true,"href":"https:\/\/somosdelprieto.com\/index.php\/wp-json\/wp\/v2\/comments?post=18145"}],"version-history":[{"count":3,"href":"https:\/\/somosdelprieto.com\/index.php\/wp-json\/wp\/v2\/pages\/18145\/revisions"}],"predecessor-version":[{"id":20848,"href":"https:\/\/somosdelprieto.com\/index.php\/wp-json\/wp\/v2\/pages\/18145\/revisions\/20848"}],"wp:attachment":[{"href":"https:\/\/somosdelprieto.com\/index.php\/wp-json\/wp\/v2\/media?parent=18145"}],"curies":[{"name":"wp","href":"https:\/\/api.w.org\/{rel}","templated":true}]}}