{"id":18135,"date":"2024-05-02T16:23:09","date_gmt":"2024-05-02T14:23:09","guid":{"rendered":"https:\/\/somosdelprieto.com\/?page_id=18135"},"modified":"2025-03-24T12:33:47","modified_gmt":"2025-03-24T11:33:47","slug":"iniciacion-a-la-cocina","status":"publish","type":"page","link":"https:\/\/somosdelprieto.com\/index.php\/iniciacion-a-la-cocina\/","title":{"rendered":"CocinArte"},"content":{"rendered":"\n<figure class=\"wp-block-image size-full is-resized\"><img loading=\"lazy\" decoding=\"async\" width=\"465\" height=\"658\" src=\"https:\/\/somosdelprieto.com\/wp-content\/uploads\/2025\/02\/Cocinarte.jpg\" alt=\"\" class=\"wp-image-20587\" style=\"width:674px;height:auto\" srcset=\"https:\/\/somosdelprieto.com\/wp-content\/uploads\/2025\/02\/Cocinarte.jpg 465w, https:\/\/somosdelprieto.com\/wp-content\/uploads\/2025\/02\/Cocinarte-212x300.jpg 212w\" sizes=\"auto, (max-width: 465px) 100vw, 465px\" \/><\/figure>\n\n\n\n<p class=\"has-background\" style=\"background-color:#fcb9003b\">\ud83c\udfa8\ud83d\udc68\u200d\ud83c\udf73 \u00a1Llega la 1.\u00aa edici\u00f3n de Cocinarte! Donde la cocina se convierte en arte \ud83d\udc69\u200d\ud83c\udf73\ud83c\udfa8<\/p>\n\n\n\n<p class=\"has-text-align-left\">El pr\u00f3ximo 2 de abril, de 10:20 a 13:30, nuestro centro se llenar\u00e1 de creatividad, sabor y talento con el estreno de COCINARTE, una experiencia culinaria \u00fanica que une pasi\u00f3n, formaci\u00f3n e inspiraci\u00f3n.<\/p>\n\n\n\n<p class=\"has-text-align-left\">En esta primera edici\u00f3n, contaremos con unos invitados muy especiales: dos antiguos alumnos que hoy brillan en prestigiosos restaurantes con estrella Michelin. Ellos ser\u00e1n los protagonistas de unos talleres de nuevas tendencias gastron\u00f3micas, en los que compartir\u00e1n su experiencia, t\u00e9cnica e ilusi\u00f3n por la cocina de vanguardia.<\/p>\n\n\n\n<p>\ud83d\udd2a \u00bfQu\u00e9 te espera?<\/p>\n\n\n\n<p>Talleres pr\u00e1cticos donde podr\u00e1s aprender de los mejores<\/p>\n\n\n\n<p>Un espacio para experimentar, crear y dejarte llevar por la innovaci\u00f3n<\/p>\n\n\n\n<p>Inspiraci\u00f3n real para tu futuro profesional en la gastronom\u00eda<\/p>\n\n\n\n<p class=\"has-background\" style=\"background-color:#8dd2fc61\">El objetivo de este taller es <strong>proporcionarte los conocimientos y habilidades b\u00e1sicas <\/strong>necesarias para cocinar de manera creativa y segura en casa. Aprender\u00e1s t\u00e9cnicas fundamentales, trucos de cocina y recetas deliciosas que te ayudar\u00e1n a sentirte m\u00e1s confiado y c\u00f3modo en la cocina.<\/p>\n\n\n\n<p class=\"has-text-align-left\"><\/p>\n\n\n\n<p><\/p>\n","protected":false},"excerpt":{"rendered":"<p>\ud83c\udfa8\ud83d\udc68\u200d\ud83c\udf73 \u00a1Llega la 1.\u00aa edici\u00f3n de Cocinarte! Donde la cocina se convierte en arte \ud83d\udc69\u200d\ud83c\udf73\ud83c\udfa8 El pr\u00f3ximo 2 de abril, de 10:20 a 13:30, nuestro centro se llenar\u00e1 de creatividad, sabor y talento con el estreno de COCINARTE, una experiencia culinaria \u00fanica que une pasi\u00f3n, formaci\u00f3n e inspiraci\u00f3n. En esta primera edici\u00f3n, contaremos con unos &hellip; <\/p>\n<p class=\"link-more\"><a href=\"https:\/\/somosdelprieto.com\/index.php\/iniciacion-a-la-cocina\/\" class=\"more-link\">Continuar leyendo<span class=\"screen-reader-text\"> \u00abCocinArte\u00bb<\/span><\/a><\/p>\n","protected":false},"author":23,"featured_media":0,"parent":0,"menu_order":0,"comment_status":"closed","ping_status":"closed","template":"","meta":{"footnotes":""},"class_list":["post-18135","page","type-page","status-publish","hentry"],"_links":{"self":[{"href":"https:\/\/somosdelprieto.com\/index.php\/wp-json\/wp\/v2\/pages\/18135","targetHints":{"allow":["GET"]}}],"collection":[{"href":"https:\/\/somosdelprieto.com\/index.php\/wp-json\/wp\/v2\/pages"}],"about":[{"href":"https:\/\/somosdelprieto.com\/index.php\/wp-json\/wp\/v2\/types\/page"}],"author":[{"embeddable":true,"href":"https:\/\/somosdelprieto.com\/index.php\/wp-json\/wp\/v2\/users\/23"}],"replies":[{"embeddable":true,"href":"https:\/\/somosdelprieto.com\/index.php\/wp-json\/wp\/v2\/comments?post=18135"}],"version-history":[{"count":5,"href":"https:\/\/somosdelprieto.com\/index.php\/wp-json\/wp\/v2\/pages\/18135\/revisions"}],"predecessor-version":[{"id":20948,"href":"https:\/\/somosdelprieto.com\/index.php\/wp-json\/wp\/v2\/pages\/18135\/revisions\/20948"}],"wp:attachment":[{"href":"https:\/\/somosdelprieto.com\/index.php\/wp-json\/wp\/v2\/media?parent=18135"}],"curies":[{"name":"wp","href":"https:\/\/api.w.org\/{rel}","templated":true}]}}

<figure class="wp-block-image size-full is-resized"><img loading="lazy" decoding="async" width="465" height="658" src="https://somosdelprieto.com/wp-content/uploads/2025/02/Cocinarte.jpg" alt="" class="wp-image-20587" style="width:674px;height:auto" srcset="https://somosdelprieto.com/wp-content/uploads/2025/02/Cocinarte.jpg 465w, https://somosdelprieto.com/wp-content/uploads/2025/02/Cocinarte-212x300.jpg 212w" sizes="auto, (max-width: 465px) 100vw, 465px" /></figure>



<p class="has-background" style="background-color:#fcb9003b">🎨👨‍🍳 ¡Llega la 1.ª edición de Cocinarte! Donde la cocina se convierte en arte 👩‍🍳🎨</p>



<p class="has-text-align-left">El próximo 2 de abril, de 10:20 a 13:30, nuestro centro se llenará de creatividad, sabor y talento con el estreno de COCINARTE, una experiencia culinaria única que une pasión, formación e inspiración.</p>



<p class="has-text-align-left">En esta primera edición, contaremos con unos invitados muy especiales: dos antiguos alumnos que hoy brillan en prestigiosos restaurantes con estrella Michelin. Ellos serán los protagonistas de unos talleres de nuevas tendencias gastronómicas, en los que compartirán su experiencia, técnica e ilusión por la cocina de vanguardia.</p>



<p>🔪 ¿Qué te espera?</p>



<p>Talleres prácticos donde podrás aprender de los mejores</p>



<p>Un espacio para experimentar, crear y dejarte llevar por la innovación</p>



<p>Inspiración real para tu futuro profesional en la gastronomía</p>



<p class="has-background" style="background-color:#8dd2fc61">El objetivo de este taller es <strong>proporcionarte los conocimientos y habilidades básicas </strong>necesarias para cocinar de manera creativa y segura en casa. Aprenderás técnicas fundamentales, trucos de cocina y recetas deliciosas que te ayudarán a sentirte más confiado y cómodo en la cocina.</p>



<p class="has-text-align-left"></p>



<p></p>

<p>🎨👨‍🍳 ¡Llega la 1.ª edición de Cocinarte! Donde la cocina se convierte en arte 👩‍🍳🎨 El próximo 2 de abril, de 10:20 a 13:30, nuestro centro se llenará de creatividad, sabor y talento con el estreno de COCINARTE, una experiencia culinaria única que une pasión, formación e inspiración. En esta primera edición, contaremos con unos &hellip; </p>
<p class="link-more"><a href="https://somosdelprieto.com/index.php/iniciacion-a-la-cocina/" class="more-link">Continuar leyendo<span class="screen-reader-text"> «CocinArte»</span></a></p>
