{"id":17662,"date":"2024-10-01T17:30:46","date_gmt":"2024-10-01T15:30:46","guid":{"rendered":"https:\/\/somosdelprieto.com\/?page_id=17662"},"modified":"2024-10-02T20:32:24","modified_gmt":"2024-10-02T18:32:24","slug":"recreos-activos","status":"publish","type":"page","link":"https:\/\/somosdelprieto.com\/index.php\/recreos-activos\/","title":{"rendered":"RECREOS ACTIVOS"},"content":{"rendered":"\n<p>La iniciativa de recreos activos parte de un grupo de docentes del IES Gregorio Prieto, deseosos de ofrecer a su alumnado momentos de encuentro, en los que puedan compartir hobbies y aficiones, potenciando una ense\u00f1anza entre iguales y fomentando que fluyan talentos.<\/p>\n\n\n\n<p>Son momentos distendidos en los que se comparten aficiones, se muestran talentos, fluyen sinergias que hacen que el alumnado se sienta bien en el per\u00edodo del recreo, junto a gente con sus mismos intereses.<\/p>\n\n\n\n<p>Cada a\u00f1o el Equipo de Recreos lanzamos nuevos talleres y estamos siempre abierto a preparar  otros nuevos que sean solicitados por el alumnado.<\/p>\n\n\n\n<p><mark style=\"background-color:rgba(0, 0, 0, 0)\" class=\"has-inline-color has-vivid-cyan-blue-color\">\u00bf TE ANIMAS A PARTICIPAR?  <\/mark><\/p>\n\n\n\n<p>Estos los los talleres con los que comenzaremos este curso 24-25<\/p>\n\n\n\n<figure class=\"wp-block-image size-large\"><img loading=\"lazy\" decoding=\"async\" width=\"1024\" height=\"679\" src=\"https:\/\/somosdelprieto.com\/wp-content\/uploads\/2024\/10\/horario-1024x679.png\" alt=\"\" class=\"wp-image-19516\" srcset=\"https:\/\/somosdelprieto.com\/wp-content\/uploads\/2024\/10\/horario-1024x679.png 1024w, https:\/\/somosdelprieto.com\/wp-content\/uploads\/2024\/10\/horario-300x199.png 300w, https:\/\/somosdelprieto.com\/wp-content\/uploads\/2024\/10\/horario-768x509.png 768w, https:\/\/somosdelprieto.com\/wp-content\/uploads\/2024\/10\/horario.png 1087w\" sizes=\"auto, (max-width: 767px) 89vw, (max-width: 1000px) 54vw, (max-width: 1071px) 543px, 580px\" \/><\/figure>\n\n\n\n<p><a href=\"https:\/\/www.canva.com\/design\/DAGSP5xe8dw\/XppcjxxkYNHp-XtmJN5ynQ\/view\">https:\/\/www.canva.com\/design\/DAGSP5xe8dw\/XppcjxxkYNHp-XtmJN5ynQ\/view<\/a><\/p>\n\n\n\n<p>                                           <mark style=\"background-color:rgba(0, 0, 0, 0)\" class=\"has-inline-color has-vivid-cyan-blue-color\">\u00bfQUIERES PROPONER ALG\u00daN TALLER?<\/mark><\/p>\n\n\n\n<p>Con este c\u00f3digo QR se te abrir\u00e1 un formulario a trav\u00e9s del cual nos puedes hacer llegar nuevas ideas, o  bien dici\u00e9ndoselo a tus tutores.<\/p>\n\n\n<div class=\"wp-block-image\">\n<figure class=\"aligncenter size-large is-resized\"><img loading=\"lazy\" decoding=\"async\" width=\"1024\" height=\"1024\" src=\"https:\/\/somosdelprieto.com\/wp-content\/uploads\/2024\/10\/Codigo-QR-para-SUGERENCIAS-PARA-LOS-RECREOS-ACTIVOS-2024_2025-1024x1024.png\" alt=\"\" class=\"wp-image-19503\" style=\"width:270px;height:auto\" srcset=\"https:\/\/somosdelprieto.com\/wp-content\/uploads\/2024\/10\/Codigo-QR-para-SUGERENCIAS-PARA-LOS-RECREOS-ACTIVOS-2024_2025-1024x1024.png 1024w, https:\/\/somosdelprieto.com\/wp-content\/uploads\/2024\/10\/Codigo-QR-para-SUGERENCIAS-PARA-LOS-RECREOS-ACTIVOS-2024_2025-300x300.png 300w, https:\/\/somosdelprieto.com\/wp-content\/uploads\/2024\/10\/Codigo-QR-para-SUGERENCIAS-PARA-LOS-RECREOS-ACTIVOS-2024_2025-150x150.png 150w, https:\/\/somosdelprieto.com\/wp-content\/uploads\/2024\/10\/Codigo-QR-para-SUGERENCIAS-PARA-LOS-RECREOS-ACTIVOS-2024_2025-768x768.png 768w, https:\/\/somosdelprieto.com\/wp-content\/uploads\/2024\/10\/Codigo-QR-para-SUGERENCIAS-PARA-LOS-RECREOS-ACTIVOS-2024_2025-1536x1536.png 1536w, https:\/\/somosdelprieto.com\/wp-content\/uploads\/2024\/10\/Codigo-QR-para-SUGERENCIAS-PARA-LOS-RECREOS-ACTIVOS-2024_2025-100x100.png 100w, https:\/\/somosdelprieto.com\/wp-content\/uploads\/2024\/10\/Codigo-QR-para-SUGERENCIAS-PARA-LOS-RECREOS-ACTIVOS-2024_2025.png 1890w\" sizes=\"auto, (max-width: 767px) 89vw, (max-width: 1000px) 54vw, (max-width: 1071px) 543px, 580px\" \/><\/figure>\n<\/div>\n\n\n<p>Si clicas en algunos de los talleres podr\u00e1s  ir viendo im\u00e1genes de \u00e9ste y otros a\u00f1os as\u00ed como  novedades sobre ellos.<\/p>\n\n\n\n<div class=\"wp-block-columns is-layout-flex wp-container-core-columns-is-layout-9d6595d7 wp-block-columns-is-layout-flex\">\n<div class=\"wp-block-column is-layout-flow wp-block-column-is-layout-flow\">\n<figure class=\"wp-block-image size-large\"><img loading=\"lazy\" decoding=\"async\" width=\"1024\" height=\"898\" src=\"https:\/\/somosdelprieto.com\/wp-content\/uploads\/2024\/10\/IMG-20240621-WA0014-1024x898.jpg\" alt=\"\" class=\"wp-image-19488\" srcset=\"https:\/\/somosdelprieto.com\/wp-content\/uploads\/2024\/10\/IMG-20240621-WA0014-1024x898.jpg 1024w, https:\/\/somosdelprieto.com\/wp-content\/uploads\/2024\/10\/IMG-20240621-WA0014-300x263.jpg 300w, https:\/\/somosdelprieto.com\/wp-content\/uploads\/2024\/10\/IMG-20240621-WA0014-768x674.jpg 768w, https:\/\/somosdelprieto.com\/wp-content\/uploads\/2024\/10\/IMG-20240621-WA0014.jpg 1140w\" sizes=\"auto, (max-width: 767px) 89vw, (max-width: 1000px) 54vw, (max-width: 1071px) 543px, 580px\" \/><figcaption class=\"wp-element-caption\">Taller Banda de M\u00fasica. Clica para saber m\u00e1s<\/figcaption><\/figure>\n<\/div>\n\n\n\n<div class=\"wp-block-column is-layout-flow wp-block-column-is-layout-flow\"><div class=\"wp-block-image\">\n<figure class=\"aligncenter size-large\"><img loading=\"lazy\" decoding=\"async\" width=\"1024\" height=\"768\" src=\"https:\/\/somosdelprieto.com\/wp-content\/uploads\/2024\/10\/thumbnail_IMG_0122-1024x768.jpg\" alt=\"\" class=\"wp-image-19509\" srcset=\"https:\/\/somosdelprieto.com\/wp-content\/uploads\/2024\/10\/thumbnail_IMG_0122-1024x768.jpg 1024w, https:\/\/somosdelprieto.com\/wp-content\/uploads\/2024\/10\/thumbnail_IMG_0122-300x225.jpg 300w, https:\/\/somosdelprieto.com\/wp-content\/uploads\/2024\/10\/thumbnail_IMG_0122-768x576.jpg 768w, https:\/\/somosdelprieto.com\/wp-content\/uploads\/2024\/10\/thumbnail_IMG_0122-1536x1152.jpg 1536w, https:\/\/somosdelprieto.com\/wp-content\/uploads\/2024\/10\/thumbnail_IMG_0122.jpg 1920w\" sizes=\"auto, (max-width: 767px) 89vw, (max-width: 1000px) 54vw, (max-width: 1071px) 543px, 580px\" \/><figcaption class=\"wp-element-caption\">                              Taller Impresi\u00f3n 3D<\/figcaption><\/figure>\n<\/div><\/div>\n<\/div>\n\n\n\n<div class=\"wp-block-columns is-layout-flex wp-container-core-columns-is-layout-9d6595d7 wp-block-columns-is-layout-flex\">\n<div class=\"wp-block-column is-layout-flow wp-block-column-is-layout-flow\">\n<div class=\"wp-block-columns is-layout-flex wp-container-core-columns-is-layout-9d6595d7 wp-block-columns-is-layout-flex\">\n<div class=\"wp-block-column is-layout-flow wp-block-column-is-layout-flow\">\n<figure class=\"wp-block-image size-full is-resized\"><img loading=\"lazy\" decoding=\"async\" width=\"768\" height=\"576\" src=\"https:\/\/somosdelprieto.com\/wp-content\/uploads\/2024\/10\/IMG-20240110-WA0004-768x576-1.jpg\" alt=\"\" class=\"wp-image-19510\" style=\"width:165px;height:auto\" srcset=\"https:\/\/somosdelprieto.com\/wp-content\/uploads\/2024\/10\/IMG-20240110-WA0004-768x576-1.jpg 768w, https:\/\/somosdelprieto.com\/wp-content\/uploads\/2024\/10\/IMG-20240110-WA0004-768x576-1-300x225.jpg 300w\" sizes=\"auto, (max-width: 767px) 89vw, (max-width: 1000px) 54vw, (max-width: 1071px) 543px, 580px\" \/><figcaption class=\"wp-element-caption\">      Taller de pintura con diferentes estilos<\/figcaption><\/figure>\n<\/div>\n\n\n\n<div class=\"wp-block-column is-layout-flow wp-block-column-is-layout-flow\">\n<figure class=\"wp-block-image size-full is-resized\"><img loading=\"lazy\" decoding=\"async\" width=\"768\" height=\"1023\" src=\"https:\/\/somosdelprieto.com\/wp-content\/uploads\/2024\/10\/IMG-20240110-WA0003-edited-768x1023-1.jpg\" alt=\"\" class=\"wp-image-19511\" style=\"width:93px;height:auto\" srcset=\"https:\/\/somosdelprieto.com\/wp-content\/uploads\/2024\/10\/IMG-20240110-WA0003-edited-768x1023-1.jpg 768w, https:\/\/somosdelprieto.com\/wp-content\/uploads\/2024\/10\/IMG-20240110-WA0003-edited-768x1023-1-225x300.jpg 225w\" sizes=\"auto, (max-width: 767px) 89vw, (max-width: 1000px) 54vw, (max-width: 1071px) 543px, 580px\" \/><\/figure>\n<\/div>\n<\/div>\n<\/div>\n\n\n\n<div class=\"wp-block-column is-layout-flow wp-block-column-is-layout-flow\">\n<figure class=\"wp-block-image size-full\"><img loading=\"lazy\" decoding=\"async\" width=\"640\" height=\"362\" src=\"https:\/\/somosdelprieto.com\/wp-content\/uploads\/2024\/10\/moon-4919501_640.jpg\" alt=\"\" class=\"wp-image-19514\" srcset=\"https:\/\/somosdelprieto.com\/wp-content\/uploads\/2024\/10\/moon-4919501_640.jpg 640w, https:\/\/somosdelprieto.com\/wp-content\/uploads\/2024\/10\/moon-4919501_640-300x170.jpg 300w\" sizes=\"auto, (max-width: 640px) 100vw, 640px\" \/><figcaption class=\"wp-element-caption\">                             Talleres en el Pabell\u00f3n<\/figcaption><\/figure>\n<\/div>\n<\/div>\n\n\n\n<p class=\"has-medium-font-size\">NOTICIAS RELACIONADAS<\/p>\n\n\n\n<figure class=\"wp-block-embed is-type-wp-embed is-provider-ies-gregorio-prieto wp-block-embed-ies-gregorio-prieto\"><div class=\"wp-block-embed__wrapper\">\n<blockquote class=\"wp-embedded-content\" data-secret=\"hFHJHgPPLI\"><a href=\"https:\/\/somosdelprieto.com\/index.php\/2024\/01\/24\/recreos-activos\/\">Recreos activos<\/a><\/blockquote><iframe loading=\"lazy\" class=\"wp-embedded-content\" sandbox=\"allow-scripts\" security=\"restricted\" style=\"position: absolute; visibility: hidden;\" title=\"\u00abRecreos activos\u00bb \u2014 IES Gregorio Prieto\" src=\"https:\/\/somosdelprieto.com\/index.php\/2024\/01\/24\/recreos-activos\/embed\/#?secret=JI0e3PH4Yo#?secret=hFHJHgPPLI\" data-secret=\"hFHJHgPPLI\" width=\"525\" height=\"296\" frameborder=\"0\" marginwidth=\"0\" marginheight=\"0\" scrolling=\"no\"><\/iframe>\n<\/div><\/figure>\n\n\n\n<figure class=\"wp-block-embed is-type-wp-embed is-provider-ies-gregorio-prieto wp-block-embed-ies-gregorio-prieto\"><div class=\"wp-block-embed__wrapper\">\n<blockquote class=\"wp-embedded-content\" data-secret=\"4DDynWJGV3\"><a href=\"https:\/\/somosdelprieto.com\/index.php\/2023\/10\/20\/talleres-en-los-recreos-animate\/\">\u00a1Talleres en los recreos! \u00a1An\u00edmate!<\/a><\/blockquote><iframe loading=\"lazy\" class=\"wp-embedded-content\" sandbox=\"allow-scripts\" security=\"restricted\" style=\"position: absolute; visibility: hidden;\" title=\"\u00ab\u00a1Talleres en los recreos! \u00a1An\u00edmate!\u00bb \u2014 IES Gregorio Prieto\" src=\"https:\/\/somosdelprieto.com\/index.php\/2023\/10\/20\/talleres-en-los-recreos-animate\/embed\/#?secret=EGFTWVrr7j#?secret=4DDynWJGV3\" data-secret=\"4DDynWJGV3\" width=\"525\" height=\"296\" frameborder=\"0\" marginwidth=\"0\" marginheight=\"0\" scrolling=\"no\"><\/iframe>\n<\/div><\/figure>\n\n\n\n<figure class=\"wp-block-embed is-type-wp-embed is-provider-ies-gregorio-prieto wp-block-embed-ies-gregorio-prieto\"><div class=\"wp-block-embed__wrapper\">\n<blockquote class=\"wp-embedded-content\" data-secret=\"bmXr62clsq\"><a href=\"https:\/\/somosdelprieto.com\/index.php\/2023\/11\/28\/viento-en-popa\/\">\u00a1Viento en popa!<\/a><\/blockquote><iframe loading=\"lazy\" class=\"wp-embedded-content\" sandbox=\"allow-scripts\" security=\"restricted\" style=\"position: absolute; visibility: hidden;\" title=\"\u00ab\u00a1Viento en popa!\u00bb \u2014 IES Gregorio Prieto\" src=\"https:\/\/somosdelprieto.com\/index.php\/2023\/11\/28\/viento-en-popa\/embed\/#?secret=MaDJdyJzvq#?secret=bmXr62clsq\" data-secret=\"bmXr62clsq\" width=\"525\" height=\"296\" frameborder=\"0\" marginwidth=\"0\" marginheight=\"0\" scrolling=\"no\"><\/iframe>\n<\/div><\/figure>\n","protected":false},"excerpt":{"rendered":"<p>La iniciativa de recreos activos parte de un grupo de docentes del IES Gregorio Prieto, deseosos de ofrecer a su alumnado momentos de encuentro, en los que puedan compartir hobbies y aficiones, potenciando una ense\u00f1anza entre iguales y fomentando que fluyan talentos. Son momentos distendidos en los que se comparten aficiones, se muestran talentos, fluyen &hellip; <\/p>\n<p class=\"link-more\"><a href=\"https:\/\/somosdelprieto.com\/index.php\/recreos-activos\/\" class=\"more-link\">Continuar leyendo<span class=\"screen-reader-text\"> \u00abRECREOS ACTIVOS\u00bb<\/span><\/a><\/p>\n","protected":false},"author":72,"featured_media":19507,"parent":0,"menu_order":0,"comment_status":"closed","ping_status":"closed","template":"","meta":{"footnotes":""},"class_list":["post-17662","page","type-page","status-publish","has-post-thumbnail","hentry"],"_links":{"self":[{"href":"https:\/\/somosdelprieto.com\/index.php\/wp-json\/wp\/v2\/pages\/17662","targetHints":{"allow":["GET"]}}],"collection":[{"href":"https:\/\/somosdelprieto.com\/index.php\/wp-json\/wp\/v2\/pages"}],"about":[{"href":"https:\/\/somosdelprieto.com\/index.php\/wp-json\/wp\/v2\/types\/page"}],"author":[{"embeddable":true,"href":"https:\/\/somosdelprieto.com\/index.php\/wp-json\/wp\/v2\/users\/72"}],"replies":[{"embeddable":true,"href":"https:\/\/somosdelprieto.com\/index.php\/wp-json\/wp\/v2\/comments?post=17662"}],"version-history":[{"count":13,"href":"https:\/\/somosdelprieto.com\/index.php\/wp-json\/wp\/v2\/pages\/17662\/revisions"}],"predecessor-version":[{"id":19517,"href":"https:\/\/somosdelprieto.com\/index.php\/wp-json\/wp\/v2\/pages\/17662\/revisions\/19517"}],"wp:featuredmedia":[{"embeddable":true,"href":"https:\/\/somosdelprieto.com\/index.php\/wp-json\/wp\/v2\/media\/19507"}],"wp:attachment":[{"href":"https:\/\/somosdelprieto.com\/index.php\/wp-json\/wp\/v2\/media?parent=17662"}],"curies":[{"name":"wp","href":"https:\/\/api.w.org\/{rel}","templated":true}]}}