{"id":17300,"date":"2024-02-29T09:36:01","date_gmt":"2024-02-29T08:36:01","guid":{"rendered":"https:\/\/somosdelprieto.com\/?page_id=17300"},"modified":"2024-02-29T09:40:41","modified_gmt":"2024-02-29T08:40:41","slug":"extraescolares","status":"publish","type":"page","link":"https:\/\/somosdelprieto.com\/index.php\/extraescolares\/","title":{"rendered":"EXTRAESCOLARES"},"content":{"rendered":"\n<p class=\"has-pale-cyan-blue-background-color has-background\">Visita a TECNOVE y TSD tecnologi, en Herencia. El 30 de enero de 2023, los alumnos de 1\u00ba y 2\u00ba del CFGM de carrocer\u00eda, junto con los alumnos de 1\u00ba CFGS de automoci\u00f3n, han realizado una visita T\u00e9cnica a  las instalaciones de TECNOVE Y TSD  en Herencia, Ciudad Real. <\/p>\n\n\n\n<figure class=\"wp-block-gallery has-nested-images columns-default is-cropped wp-block-gallery-1 is-layout-flex wp-block-gallery-is-layout-flex\">\n<figure class=\"wp-block-image size-large\"><img loading=\"lazy\" decoding=\"async\" width=\"1024\" height=\"887\" data-id=\"17304\" src=\"https:\/\/somosdelprieto.com\/wp-content\/uploads\/2024\/02\/1709194909282-1024x887.jpg\" alt=\"\" class=\"wp-image-17304\" srcset=\"https:\/\/somosdelprieto.com\/wp-content\/uploads\/2024\/02\/1709194909282-1024x887.jpg 1024w, https:\/\/somosdelprieto.com\/wp-content\/uploads\/2024\/02\/1709194909282-300x260.jpg 300w, https:\/\/somosdelprieto.com\/wp-content\/uploads\/2024\/02\/1709194909282-768x666.jpg 768w, https:\/\/somosdelprieto.com\/wp-content\/uploads\/2024\/02\/1709194909282.jpg 1080w\" sizes=\"auto, (max-width: 767px) 89vw, (max-width: 1000px) 54vw, (max-width: 1071px) 543px, 580px\" \/><\/figure>\n\n\n\n<figure class=\"wp-block-image size-large\"><img loading=\"lazy\" decoding=\"async\" width=\"1024\" height=\"900\" data-id=\"17302\" src=\"https:\/\/somosdelprieto.com\/wp-content\/uploads\/2024\/02\/1709194909293-1024x900.jpg\" alt=\"\" class=\"wp-image-17302\" srcset=\"https:\/\/somosdelprieto.com\/wp-content\/uploads\/2024\/02\/1709194909293-1024x900.jpg 1024w, https:\/\/somosdelprieto.com\/wp-content\/uploads\/2024\/02\/1709194909293-300x264.jpg 300w, https:\/\/somosdelprieto.com\/wp-content\/uploads\/2024\/02\/1709194909293-768x675.jpg 768w, https:\/\/somosdelprieto.com\/wp-content\/uploads\/2024\/02\/1709194909293.jpg 1080w\" sizes=\"auto, (max-width: 767px) 89vw, (max-width: 1000px) 54vw, (max-width: 1071px) 543px, 580px\" \/><\/figure>\n\n\n\n<figure class=\"wp-block-image size-large\"><img loading=\"lazy\" decoding=\"async\" width=\"1024\" height=\"897\" data-id=\"17301\" src=\"https:\/\/somosdelprieto.com\/wp-content\/uploads\/2024\/02\/1709194909307-1024x897.jpg\" alt=\"\" class=\"wp-image-17301\" srcset=\"https:\/\/somosdelprieto.com\/wp-content\/uploads\/2024\/02\/1709194909307-1024x897.jpg 1024w, https:\/\/somosdelprieto.com\/wp-content\/uploads\/2024\/02\/1709194909307-300x263.jpg 300w, https:\/\/somosdelprieto.com\/wp-content\/uploads\/2024\/02\/1709194909307-768x673.jpg 768w, https:\/\/somosdelprieto.com\/wp-content\/uploads\/2024\/02\/1709194909307.jpg 1080w\" sizes=\"auto, (max-width: 767px) 89vw, (max-width: 1000px) 54vw, (max-width: 1071px) 543px, 580px\" \/><\/figure>\n\n\n\n<figure class=\"wp-block-image size-large\"><img loading=\"lazy\" decoding=\"async\" width=\"1024\" height=\"905\" data-id=\"17305\" src=\"https:\/\/somosdelprieto.com\/wp-content\/uploads\/2024\/02\/1709194909320-1024x905.jpg\" alt=\"\" class=\"wp-image-17305\" srcset=\"https:\/\/somosdelprieto.com\/wp-content\/uploads\/2024\/02\/1709194909320-1024x905.jpg 1024w, https:\/\/somosdelprieto.com\/wp-content\/uploads\/2024\/02\/1709194909320-300x265.jpg 300w, https:\/\/somosdelprieto.com\/wp-content\/uploads\/2024\/02\/1709194909320-768x678.jpg 768w, https:\/\/somosdelprieto.com\/wp-content\/uploads\/2024\/02\/1709194909320.jpg 1080w\" sizes=\"auto, (max-width: 767px) 89vw, (max-width: 1000px) 54vw, (max-width: 1071px) 543px, 580px\" \/><\/figure>\n\n\n\n<figure class=\"wp-block-image size-large\"><img loading=\"lazy\" decoding=\"async\" width=\"1024\" height=\"888\" data-id=\"17303\" src=\"https:\/\/somosdelprieto.com\/wp-content\/uploads\/2024\/02\/1709194909336-1024x888.jpg\" alt=\"\" class=\"wp-image-17303\" srcset=\"https:\/\/somosdelprieto.com\/wp-content\/uploads\/2024\/02\/1709194909336-1024x888.jpg 1024w, https:\/\/somosdelprieto.com\/wp-content\/uploads\/2024\/02\/1709194909336-300x260.jpg 300w, https:\/\/somosdelprieto.com\/wp-content\/uploads\/2024\/02\/1709194909336-768x666.jpg 768w, https:\/\/somosdelprieto.com\/wp-content\/uploads\/2024\/02\/1709194909336.jpg 1080w\" sizes=\"auto, (max-width: 767px) 89vw, (max-width: 1000px) 54vw, (max-width: 1071px) 543px, 580px\" \/><\/figure>\n<\/figure>\n\n\n\n<p class=\"has-vivid-green-cyan-background-color has-background\">El 21 de Febrero de 2024  visita t\u00e9cnica a  EXIDE, en Manzanares  de los alumnos de primero de automoci\u00f3n. donde pudieron ver el proceso de fabricaci\u00f3n y montaje de las bater\u00edas de \u00e1cido-plomo, FBE  o electrolito mejorado y las de \u00faltima generaci\u00f3n AGM para el arranque  distintos veh\u00edculos.<\/p>\n\n\n\n<figure class=\"wp-block-gallery has-nested-images columns-default is-cropped wp-block-gallery-2 is-layout-flex wp-block-gallery-is-layout-flex\">\n<figure class=\"wp-block-image size-large\"><img loading=\"lazy\" decoding=\"async\" width=\"1024\" height=\"911\" data-id=\"17308\" src=\"https:\/\/somosdelprieto.com\/wp-content\/uploads\/2024\/02\/1709195201065-1024x911.jpg\" alt=\"\" class=\"wp-image-17308\" srcset=\"https:\/\/somosdelprieto.com\/wp-content\/uploads\/2024\/02\/1709195201065-1024x911.jpg 1024w, https:\/\/somosdelprieto.com\/wp-content\/uploads\/2024\/02\/1709195201065-300x267.jpg 300w, https:\/\/somosdelprieto.com\/wp-content\/uploads\/2024\/02\/1709195201065-768x683.jpg 768w, https:\/\/somosdelprieto.com\/wp-content\/uploads\/2024\/02\/1709195201065.jpg 1080w\" sizes=\"auto, (max-width: 767px) 89vw, (max-width: 1000px) 54vw, (max-width: 1071px) 543px, 580px\" \/><\/figure>\n\n\n\n<figure class=\"wp-block-image size-large\"><img loading=\"lazy\" decoding=\"async\" width=\"1024\" height=\"902\" data-id=\"17306\" src=\"https:\/\/somosdelprieto.com\/wp-content\/uploads\/2024\/02\/1709195201041-1024x902.jpg\" alt=\"\" class=\"wp-image-17306\" srcset=\"https:\/\/somosdelprieto.com\/wp-content\/uploads\/2024\/02\/1709195201041-1024x902.jpg 1024w, https:\/\/somosdelprieto.com\/wp-content\/uploads\/2024\/02\/1709195201041-300x264.jpg 300w, https:\/\/somosdelprieto.com\/wp-content\/uploads\/2024\/02\/1709195201041-768x676.jpg 768w, https:\/\/somosdelprieto.com\/wp-content\/uploads\/2024\/02\/1709195201041.jpg 1080w\" sizes=\"auto, (max-width: 767px) 89vw, (max-width: 1000px) 54vw, (max-width: 1071px) 543px, 580px\" \/><\/figure>\n\n\n\n<figure class=\"wp-block-image size-large\"><img loading=\"lazy\" decoding=\"async\" width=\"1024\" height=\"905\" data-id=\"17309\" src=\"https:\/\/somosdelprieto.com\/wp-content\/uploads\/2024\/02\/1709195201079-1024x905.jpg\" alt=\"\" class=\"wp-image-17309\" srcset=\"https:\/\/somosdelprieto.com\/wp-content\/uploads\/2024\/02\/1709195201079-1024x905.jpg 1024w, https:\/\/somosdelprieto.com\/wp-content\/uploads\/2024\/02\/1709195201079-300x265.jpg 300w, https:\/\/somosdelprieto.com\/wp-content\/uploads\/2024\/02\/1709195201079-768x679.jpg 768w, https:\/\/somosdelprieto.com\/wp-content\/uploads\/2024\/02\/1709195201079.jpg 1080w\" sizes=\"auto, (max-width: 767px) 89vw, (max-width: 1000px) 54vw, (max-width: 1071px) 543px, 580px\" \/><\/figure>\n\n\n\n<figure class=\"wp-block-image size-large\"><img loading=\"lazy\" decoding=\"async\" width=\"1024\" height=\"898\" data-id=\"17307\" src=\"https:\/\/somosdelprieto.com\/wp-content\/uploads\/2024\/02\/1709195201092-1024x898.jpg\" alt=\"\" class=\"wp-image-17307\" srcset=\"https:\/\/somosdelprieto.com\/wp-content\/uploads\/2024\/02\/1709195201092-1024x898.jpg 1024w, https:\/\/somosdelprieto.com\/wp-content\/uploads\/2024\/02\/1709195201092-300x263.jpg 300w, https:\/\/somosdelprieto.com\/wp-content\/uploads\/2024\/02\/1709195201092-768x673.jpg 768w, https:\/\/somosdelprieto.com\/wp-content\/uploads\/2024\/02\/1709195201092.jpg 1080w\" sizes=\"auto, (max-width: 767px) 89vw, (max-width: 1000px) 54vw, (max-width: 1071px) 543px, 580px\" \/><\/figure>\n<\/figure>\n","protected":false},"excerpt":{"rendered":"<p>Visita a TECNOVE y TSD tecnologi, en Herencia. El 30 de enero de 2023, los alumnos de 1\u00ba y 2\u00ba del CFGM de carrocer\u00eda, junto con los alumnos de 1\u00ba CFGS de automoci\u00f3n, han realizado una visita T\u00e9cnica a las instalaciones de TECNOVE Y TSD en Herencia, Ciudad Real. El 21 de Febrero de 2024 &hellip; <\/p>\n<p class=\"link-more\"><a href=\"https:\/\/somosdelprieto.com\/index.php\/extraescolares\/\" class=\"more-link\">Continuar leyendo<span class=\"screen-reader-text\"> \u00abEXTRAESCOLARES\u00bb<\/span><\/a><\/p>\n","protected":false},"author":51,"featured_media":0,"parent":0,"menu_order":0,"comment_status":"closed","ping_status":"closed","template":"","meta":{"footnotes":""},"class_list":["post-17300","page","type-page","status-publish","hentry"],"_links":{"self":[{"href":"https:\/\/somosdelprieto.com\/index.php\/wp-json\/wp\/v2\/pages\/17300","targetHints":{"allow":["GET"]}}],"collection":[{"href":"https:\/\/somosdelprieto.com\/index.php\/wp-json\/wp\/v2\/pages"}],"about":[{"href":"https:\/\/somosdelprieto.com\/index.php\/wp-json\/wp\/v2\/types\/page"}],"author":[{"embeddable":true,"href":"https:\/\/somosdelprieto.com\/index.php\/wp-json\/wp\/v2\/users\/51"}],"replies":[{"embeddable":true,"href":"https:\/\/somosdelprieto.com\/index.php\/wp-json\/wp\/v2\/comments?post=17300"}],"version-history":[{"count":2,"href":"https:\/\/somosdelprieto.com\/index.php\/wp-json\/wp\/v2\/pages\/17300\/revisions"}],"predecessor-version":[{"id":17311,"href":"https:\/\/somosdelprieto.com\/index.php\/wp-json\/wp\/v2\/pages\/17300\/revisions\/17311"}],"wp:attachment":[{"href":"https:\/\/somosdelprieto.com\/index.php\/wp-json\/wp\/v2\/media?parent=17300"}],"curies":[{"name":"wp","href":"https:\/\/api.w.org\/{rel}","templated":true}]}}