{"id":15863,"date":"2023-06-29T12:48:59","date_gmt":"2023-06-29T10:48:59","guid":{"rendered":"https:\/\/somosdelprieto.com\/?page_id=15863"},"modified":"2023-06-29T13:30:38","modified_gmt":"2023-06-29T11:30:38","slug":"actualizacion-de-impresora-bq-hephestos","status":"publish","type":"page","link":"https:\/\/somosdelprieto.com\/index.php\/actualizacion-de-impresora-bq-hephestos\/","title":{"rendered":"Actualizaci\u00f3n de impresora BQ Hephestos."},"content":{"rendered":"\n<figure class=\"wp-block-image size-large\"><img loading=\"lazy\" decoding=\"async\" width=\"800\" height=\"800\" src=\"https:\/\/somosdelprieto.com\/wp-content\/uploads\/2023\/06\/3.jpg\" alt=\"\" class=\"wp-image-15866\" srcset=\"https:\/\/somosdelprieto.com\/wp-content\/uploads\/2023\/06\/3.jpg 800w, https:\/\/somosdelprieto.com\/wp-content\/uploads\/2023\/06\/3-300x300.jpg 300w, https:\/\/somosdelprieto.com\/wp-content\/uploads\/2023\/06\/3-150x150.jpg 150w, https:\/\/somosdelprieto.com\/wp-content\/uploads\/2023\/06\/3-768x768.jpg 768w, https:\/\/somosdelprieto.com\/wp-content\/uploads\/2023\/06\/3-100x100.jpg 100w\" sizes=\"auto, (max-width: 767px) 89vw, (max-width: 1000px) 54vw, (max-width: 1071px) 543px, 580px\" \/><\/figure>\n\n\n\n<p>Hemos reparado una impresora BQ Hephestos que ten\u00eda una aver\u00eda en la placa de control. Se ha optado por sustituir la placa original por una <a href=\"https:\/\/github.com\/makerbase-mks\/MKS-TinyBee\">MKS TinyBee<\/a> y un <a href=\"https:\/\/github.com\/makerbase-mks\/MKS-MINI12864-V3\">Display MKS 12864<\/a>.<\/p>\n\n\n\n<figure class=\"wp-block-image size-large\"><img loading=\"lazy\" decoding=\"async\" width=\"1024\" height=\"576\" src=\"https:\/\/somosdelprieto.com\/wp-content\/uploads\/2023\/06\/maxresdefault-1024x576.jpg\" alt=\"\" class=\"wp-image-15868\" srcset=\"https:\/\/somosdelprieto.com\/wp-content\/uploads\/2023\/06\/maxresdefault-1024x576.jpg 1024w, https:\/\/somosdelprieto.com\/wp-content\/uploads\/2023\/06\/maxresdefault-300x169.jpg 300w, https:\/\/somosdelprieto.com\/wp-content\/uploads\/2023\/06\/maxresdefault-768x432.jpg 768w, https:\/\/somosdelprieto.com\/wp-content\/uploads\/2023\/06\/maxresdefault.jpg 1280w\" sizes=\"auto, (max-width: 767px) 89vw, (max-width: 1000px) 54vw, (max-width: 1071px) 543px, 580px\" \/><\/figure>\n\n\n\n<p>La placa incorpora salida para dos extrusores y tiene puede servir una web UI llamada ESP3D, basada en Pronterface, que nos permite operar remotamente mediante wifi. <\/p>\n\n\n\n<figure class=\"wp-block-image size-large\"><img loading=\"lazy\" decoding=\"async\" width=\"1024\" height=\"936\" src=\"https:\/\/somosdelprieto.com\/wp-content\/uploads\/2023\/06\/687474703a2f2f7777772e6275696c646c6f672e6e65742f626c6f672f77702d636f6e74656e742f75706c6f6164732f323031382f30392f65737033325f77656275695f312e706e67-1024x936.png\" alt=\"\" class=\"wp-image-15869\" srcset=\"https:\/\/somosdelprieto.com\/wp-content\/uploads\/2023\/06\/687474703a2f2f7777772e6275696c646c6f672e6e65742f626c6f672f77702d636f6e74656e742f75706c6f6164732f323031382f30392f65737033325f77656275695f312e706e67-1024x936.png 1024w, https:\/\/somosdelprieto.com\/wp-content\/uploads\/2023\/06\/687474703a2f2f7777772e6275696c646c6f672e6e65742f626c6f672f77702d636f6e74656e742f75706c6f6164732f323031382f30392f65737033325f77656275695f312e706e67-300x274.png 300w, https:\/\/somosdelprieto.com\/wp-content\/uploads\/2023\/06\/687474703a2f2f7777772e6275696c646c6f672e6e65742f626c6f672f77702d636f6e74656e742f75706c6f6164732f323031382f30392f65737033325f77656275695f312e706e67-768x702.png 768w, https:\/\/somosdelprieto.com\/wp-content\/uploads\/2023\/06\/687474703a2f2f7777772e6275696c646c6f672e6e65742f626c6f672f77702d636f6e74656e742f75706c6f6164732f323031382f30392f65737033325f77656275695f312e706e67.png 1239w\" sizes=\"auto, (max-width: 767px) 89vw, (max-width: 1000px) 54vw, (max-width: 1071px) 543px, 580px\" \/><\/figure>\n\n\n\n<p>El firmware utilizado ha sido <a href=\"https:\/\/marlinfw.org\">MARLIN 2.0<\/a>. El c\u00f3digo ha sido retocado y configurado desde Visual Studio Code. Ha sido necesario configurar todos los par\u00e1metros relativos a finales de carrera, termistor, dimensiones, etc.. Mediante una extensi\u00f3n de Marlin se puede compilar y subir directamente el c\u00f3digo a la controladora.<\/p>\n\n\n\n<figure class=\"wp-block-image size-large\"><img loading=\"lazy\" decoding=\"async\" width=\"1024\" height=\"709\" src=\"https:\/\/somosdelprieto.com\/wp-content\/uploads\/2023\/06\/Captura-de-pantalla-2023-06-29-a-las-13.22.04-1024x709.png\" alt=\"\" class=\"wp-image-15871\" srcset=\"https:\/\/somosdelprieto.com\/wp-content\/uploads\/2023\/06\/Captura-de-pantalla-2023-06-29-a-las-13.22.04-1024x709.png 1024w, https:\/\/somosdelprieto.com\/wp-content\/uploads\/2023\/06\/Captura-de-pantalla-2023-06-29-a-las-13.22.04-300x208.png 300w, https:\/\/somosdelprieto.com\/wp-content\/uploads\/2023\/06\/Captura-de-pantalla-2023-06-29-a-las-13.22.04-768x532.png 768w, https:\/\/somosdelprieto.com\/wp-content\/uploads\/2023\/06\/Captura-de-pantalla-2023-06-29-a-las-13.22.04-1536x1064.png 1536w, https:\/\/somosdelprieto.com\/wp-content\/uploads\/2023\/06\/Captura-de-pantalla-2023-06-29-a-las-13.22.04-2048x1418.png 2048w\" sizes=\"auto, (max-width: 767px) 89vw, (max-width: 1000px) 54vw, (max-width: 1071px) 543px, 580px\" \/><\/figure>\n\n\n\n<figure class=\"wp-block-image size-large\"><img loading=\"lazy\" decoding=\"async\" width=\"1024\" height=\"699\" src=\"https:\/\/somosdelprieto.com\/wp-content\/uploads\/2023\/06\/Captura-de-pantalla-2023-06-29-a-las-13.22.31-1024x699.png\" alt=\"\" class=\"wp-image-15872\" srcset=\"https:\/\/somosdelprieto.com\/wp-content\/uploads\/2023\/06\/Captura-de-pantalla-2023-06-29-a-las-13.22.31-1024x699.png 1024w, https:\/\/somosdelprieto.com\/wp-content\/uploads\/2023\/06\/Captura-de-pantalla-2023-06-29-a-las-13.22.31-300x205.png 300w, https:\/\/somosdelprieto.com\/wp-content\/uploads\/2023\/06\/Captura-de-pantalla-2023-06-29-a-las-13.22.31-768x524.png 768w, https:\/\/somosdelprieto.com\/wp-content\/uploads\/2023\/06\/Captura-de-pantalla-2023-06-29-a-las-13.22.31-1536x1048.png 1536w, https:\/\/somosdelprieto.com\/wp-content\/uploads\/2023\/06\/Captura-de-pantalla-2023-06-29-a-las-13.22.31-2048x1398.png 2048w\" sizes=\"auto, (max-width: 767px) 89vw, (max-width: 1000px) 54vw, (max-width: 1071px) 543px, 580px\" \/><\/figure>\n\n\n\n<p>Para la sujeci\u00f3n de los nuevos equipos se han dise\u00f1ado soportes para imprimir en 3D.<\/p>\n\n\n\n<figure class=\"wp-block-image size-large\"><img loading=\"lazy\" decoding=\"async\" width=\"766\" height=\"1024\" src=\"https:\/\/somosdelprieto.com\/wp-content\/uploads\/2023\/06\/WhatsApp-Image-2023-06-29-at-12.41.24-766x1024.jpeg\" alt=\"\" class=\"wp-image-15873\" srcset=\"https:\/\/somosdelprieto.com\/wp-content\/uploads\/2023\/06\/WhatsApp-Image-2023-06-29-at-12.41.24-766x1024.jpeg 766w, https:\/\/somosdelprieto.com\/wp-content\/uploads\/2023\/06\/WhatsApp-Image-2023-06-29-at-12.41.24-224x300.jpeg 224w, https:\/\/somosdelprieto.com\/wp-content\/uploads\/2023\/06\/WhatsApp-Image-2023-06-29-at-12.41.24-768x1027.jpeg 768w, https:\/\/somosdelprieto.com\/wp-content\/uploads\/2023\/06\/WhatsApp-Image-2023-06-29-at-12.41.24-1149x1536.jpeg 1149w, https:\/\/somosdelprieto.com\/wp-content\/uploads\/2023\/06\/WhatsApp-Image-2023-06-29-at-12.41.24.jpeg 1496w\" sizes=\"auto, (max-width: 706px) 89vw, (max-width: 767px) 82vw, 740px\" \/><\/figure>\n\n\n\n<figure class=\"wp-block-image size-large\"><img loading=\"lazy\" decoding=\"async\" width=\"1024\" height=\"766\" src=\"https:\/\/somosdelprieto.com\/wp-content\/uploads\/2023\/06\/WhatsApp-Image-2023-06-29-at-12.41.25-1024x766.jpeg\" alt=\"\" class=\"wp-image-15874\" srcset=\"https:\/\/somosdelprieto.com\/wp-content\/uploads\/2023\/06\/WhatsApp-Image-2023-06-29-at-12.41.25-1024x766.jpeg 1024w, https:\/\/somosdelprieto.com\/wp-content\/uploads\/2023\/06\/WhatsApp-Image-2023-06-29-at-12.41.25-300x224.jpeg 300w, https:\/\/somosdelprieto.com\/wp-content\/uploads\/2023\/06\/WhatsApp-Image-2023-06-29-at-12.41.25-768x574.jpeg 768w, https:\/\/somosdelprieto.com\/wp-content\/uploads\/2023\/06\/WhatsApp-Image-2023-06-29-at-12.41.25-1536x1149.jpeg 1536w, https:\/\/somosdelprieto.com\/wp-content\/uploads\/2023\/06\/WhatsApp-Image-2023-06-29-at-12.41.25.jpeg 2000w\" sizes=\"auto, (max-width: 767px) 89vw, (max-width: 1000px) 54vw, (max-width: 1071px) 543px, 580px\" \/><\/figure>\n\n\n\n<figure class=\"wp-block-image size-large\"><img loading=\"lazy\" decoding=\"async\" width=\"1024\" height=\"766\" src=\"https:\/\/somosdelprieto.com\/wp-content\/uploads\/2023\/06\/WhatsApp-Image-2023-06-29-at-12.41.25-1-1024x766.jpeg\" alt=\"\" class=\"wp-image-15875\" srcset=\"https:\/\/somosdelprieto.com\/wp-content\/uploads\/2023\/06\/WhatsApp-Image-2023-06-29-at-12.41.25-1-1024x766.jpeg 1024w, https:\/\/somosdelprieto.com\/wp-content\/uploads\/2023\/06\/WhatsApp-Image-2023-06-29-at-12.41.25-1-300x224.jpeg 300w, https:\/\/somosdelprieto.com\/wp-content\/uploads\/2023\/06\/WhatsApp-Image-2023-06-29-at-12.41.25-1-768x574.jpeg 768w, https:\/\/somosdelprieto.com\/wp-content\/uploads\/2023\/06\/WhatsApp-Image-2023-06-29-at-12.41.25-1-1536x1149.jpeg 1536w, https:\/\/somosdelprieto.com\/wp-content\/uploads\/2023\/06\/WhatsApp-Image-2023-06-29-at-12.41.25-1.jpeg 2000w\" sizes=\"auto, (max-width: 767px) 89vw, (max-width: 1000px) 54vw, (max-width: 1071px) 543px, 580px\" \/><\/figure>\n","protected":false},"excerpt":{"rendered":"<p>Hemos reparado una impresora BQ Hephestos que ten\u00eda una aver\u00eda en la placa de control. Se ha optado por sustituir la placa original por una MKS TinyBee y un Display MKS 12864. La placa incorpora salida para dos extrusores y tiene puede servir una web UI llamada ESP3D, basada en Pronterface, que nos permite operar &hellip; <\/p>\n<p class=\"link-more\"><a href=\"https:\/\/somosdelprieto.com\/index.php\/actualizacion-de-impresora-bq-hephestos\/\" class=\"more-link\">Continuar leyendo<span class=\"screen-reader-text\"> \u00abActualizaci\u00f3n de impresora BQ Hephestos.\u00bb<\/span><\/a><\/p>\n","protected":false},"author":59,"featured_media":0,"parent":0,"menu_order":0,"comment_status":"closed","ping_status":"closed","template":"","meta":{"footnotes":""},"class_list":["post-15863","page","type-page","status-publish","hentry"],"_links":{"self":[{"href":"https:\/\/somosdelprieto.com\/index.php\/wp-json\/wp\/v2\/pages\/15863","targetHints":{"allow":["GET"]}}],"collection":[{"href":"https:\/\/somosdelprieto.com\/index.php\/wp-json\/wp\/v2\/pages"}],"about":[{"href":"https:\/\/somosdelprieto.com\/index.php\/wp-json\/wp\/v2\/types\/page"}],"author":[{"embeddable":true,"href":"https:\/\/somosdelprieto.com\/index.php\/wp-json\/wp\/v2\/users\/59"}],"replies":[{"embeddable":true,"href":"https:\/\/somosdelprieto.com\/index.php\/wp-json\/wp\/v2\/comments?post=15863"}],"version-history":[{"count":5,"href":"https:\/\/somosdelprieto.com\/index.php\/wp-json\/wp\/v2\/pages\/15863\/revisions"}],"predecessor-version":[{"id":15876,"href":"https:\/\/somosdelprieto.com\/index.php\/wp-json\/wp\/v2\/pages\/15863\/revisions\/15876"}],"wp:attachment":[{"href":"https:\/\/somosdelprieto.com\/index.php\/wp-json\/wp\/v2\/media?parent=15863"}],"curies":[{"name":"wp","href":"https:\/\/api.w.org\/{rel}","templated":true}]}}