{"id":15828,"date":"2023-06-28T21:40:47","date_gmt":"2023-06-28T19:40:47","guid":{"rendered":"https:\/\/somosdelprieto.com\/?page_id=15828"},"modified":"2023-06-29T12:43:16","modified_gmt":"2023-06-29T10:43:16","slug":"fabricacion-de-rotulo-para-el-aula-ateca","status":"publish","type":"page","link":"https:\/\/somosdelprieto.com\/index.php\/fabricacion-de-rotulo-para-el-aula-ateca\/","title":{"rendered":"Fabricaci\u00f3n de r\u00f3tulo para el aula ATECA"},"content":{"rendered":"\n<figure class=\"wp-block-image size-large\"><img loading=\"lazy\" decoding=\"async\" width=\"1024\" height=\"765\" src=\"https:\/\/somosdelprieto.com\/wp-content\/uploads\/2023\/06\/WhatsApp-Image-2023-06-29-at-09.04.41-2-1024x765.jpeg\" alt=\"\" class=\"wp-image-15861\" srcset=\"https:\/\/somosdelprieto.com\/wp-content\/uploads\/2023\/06\/WhatsApp-Image-2023-06-29-at-09.04.41-2-1024x765.jpeg 1024w, https:\/\/somosdelprieto.com\/wp-content\/uploads\/2023\/06\/WhatsApp-Image-2023-06-29-at-09.04.41-2-300x224.jpeg 300w, https:\/\/somosdelprieto.com\/wp-content\/uploads\/2023\/06\/WhatsApp-Image-2023-06-29-at-09.04.41-2-768x574.jpeg 768w, https:\/\/somosdelprieto.com\/wp-content\/uploads\/2023\/06\/WhatsApp-Image-2023-06-29-at-09.04.41-2-1536x1148.jpeg 1536w, https:\/\/somosdelprieto.com\/wp-content\/uploads\/2023\/06\/WhatsApp-Image-2023-06-29-at-09.04.41-2.jpeg 1600w\" sizes=\"auto, (max-width: 767px) 89vw, (max-width: 1000px) 54vw, (max-width: 1071px) 543px, 580px\" \/><\/figure>\n\n\n\n<p>Despu\u00e9s de iniciar la fabricaci\u00f3n de r\u00f3tulo para la fachada el antiguo CEP pensamos que podr\u00edamos fabricar un letrero para el aula ATECA en el que probar la iluminaci\u00f3n led RGB controlada con una ESP32.<\/p>\n\n\n\n<figure class=\"wp-block-image size-large\"><img loading=\"lazy\" decoding=\"async\" width=\"1024\" height=\"679\" src=\"https:\/\/somosdelprieto.com\/wp-content\/uploads\/2023\/06\/WhatsApp-Image-2023-06-27-at-08.08.08-1024x679.jpeg\" alt=\"\" class=\"wp-image-15831\" srcset=\"https:\/\/somosdelprieto.com\/wp-content\/uploads\/2023\/06\/WhatsApp-Image-2023-06-27-at-08.08.08-1024x679.jpeg 1024w, https:\/\/somosdelprieto.com\/wp-content\/uploads\/2023\/06\/WhatsApp-Image-2023-06-27-at-08.08.08-300x199.jpeg 300w, https:\/\/somosdelprieto.com\/wp-content\/uploads\/2023\/06\/WhatsApp-Image-2023-06-27-at-08.08.08-768x509.jpeg 768w, https:\/\/somosdelprieto.com\/wp-content\/uploads\/2023\/06\/WhatsApp-Image-2023-06-27-at-08.08.08.jpeg 1228w\" sizes=\"auto, (max-width: 767px) 89vw, (max-width: 1000px) 54vw, (max-width: 1071px) 543px, 580px\" \/><\/figure>\n\n\n\n<h2 class=\"wp-block-heading\"><strong>Dise\u00f1o<\/strong><\/h2>\n\n\n\n<p>Para el dise\u00f1o hemos utilizado Fusi\u00f3n 360 de Autodesk. Est\u00e1 compuesto de dos piezas separadas mediante unos espaciadores.<\/p>\n\n\n\n<figure class=\"wp-block-image size-large\"><img loading=\"lazy\" decoding=\"async\" width=\"1024\" height=\"904\" src=\"https:\/\/somosdelprieto.com\/wp-content\/uploads\/2023\/06\/Captura-de-pantalla-2023-06-28-a-las-21.51.36-1024x904.png\" alt=\"\" class=\"wp-image-15832\" srcset=\"https:\/\/somosdelprieto.com\/wp-content\/uploads\/2023\/06\/Captura-de-pantalla-2023-06-28-a-las-21.51.36-1024x904.png 1024w, https:\/\/somosdelprieto.com\/wp-content\/uploads\/2023\/06\/Captura-de-pantalla-2023-06-28-a-las-21.51.36-300x265.png 300w, https:\/\/somosdelprieto.com\/wp-content\/uploads\/2023\/06\/Captura-de-pantalla-2023-06-28-a-las-21.51.36-768x678.png 768w, https:\/\/somosdelprieto.com\/wp-content\/uploads\/2023\/06\/Captura-de-pantalla-2023-06-28-a-las-21.51.36-1536x1356.png 1536w, https:\/\/somosdelprieto.com\/wp-content\/uploads\/2023\/06\/Captura-de-pantalla-2023-06-28-a-las-21.51.36.png 1672w\" sizes=\"auto, (max-width: 767px) 89vw, (max-width: 1000px) 54vw, (max-width: 1071px) 543px, 580px\" \/><\/figure>\n\n\n\n<p>El letrero ser\u00e1 retroiluminado y llevar\u00e1 alojadas en la pieza superior las tiras de led RGB. La base llevar\u00e1 en su parte posterior alojamientos para el cableado y la tarjeta controladora de la iluminaci\u00f3n led.<\/p>\n\n\n\n<figure class=\"wp-block-image size-large\"><img loading=\"lazy\" decoding=\"async\" width=\"1024\" height=\"904\" src=\"https:\/\/somosdelprieto.com\/wp-content\/uploads\/2023\/06\/Captura-de-pantalla-2023-06-28-a-las-21.52.52-1024x904.png\" alt=\"\" class=\"wp-image-15833\" srcset=\"https:\/\/somosdelprieto.com\/wp-content\/uploads\/2023\/06\/Captura-de-pantalla-2023-06-28-a-las-21.52.52-1024x904.png 1024w, https:\/\/somosdelprieto.com\/wp-content\/uploads\/2023\/06\/Captura-de-pantalla-2023-06-28-a-las-21.52.52-300x265.png 300w, https:\/\/somosdelprieto.com\/wp-content\/uploads\/2023\/06\/Captura-de-pantalla-2023-06-28-a-las-21.52.52-768x678.png 768w, https:\/\/somosdelprieto.com\/wp-content\/uploads\/2023\/06\/Captura-de-pantalla-2023-06-28-a-las-21.52.52.png 1466w\" sizes=\"auto, (max-width: 767px) 89vw, (max-width: 1000px) 54vw, (max-width: 1071px) 543px, 580px\" \/><\/figure>\n\n\n\n<h2 class=\"wp-block-heading\"><strong>Fabricaci\u00f3n<\/strong><\/h2>\n\n\n\n<figure class=\"wp-block-video\"><video height=\"368\" style=\"aspect-ratio: 640 \/ 368;\" width=\"640\" controls src=\"https:\/\/somosdelprieto.com\/wp-content\/uploads\/2023\/06\/WhatsApp-Video-2023-06-28-at-22.05.37.mp4\"><\/video><\/figure>\n\n\n\n<p><\/p>\n","protected":false},"excerpt":{"rendered":"<p>Despu\u00e9s de iniciar la fabricaci\u00f3n de r\u00f3tulo para la fachada el antiguo CEP pensamos que podr\u00edamos fabricar un letrero para el aula ATECA en el que probar la iluminaci\u00f3n led RGB controlada con una ESP32. Dise\u00f1o Para el dise\u00f1o hemos utilizado Fusi\u00f3n 360 de Autodesk. Est\u00e1 compuesto de dos piezas separadas mediante unos espaciadores. El &hellip; <\/p>\n<p class=\"link-more\"><a href=\"https:\/\/somosdelprieto.com\/index.php\/fabricacion-de-rotulo-para-el-aula-ateca\/\" class=\"more-link\">Continuar leyendo<span class=\"screen-reader-text\"> \u00abFabricaci\u00f3n de r\u00f3tulo para el aula ATECA\u00bb<\/span><\/a><\/p>\n","protected":false},"author":59,"featured_media":0,"parent":0,"menu_order":0,"comment_status":"closed","ping_status":"closed","template":"","meta":{"footnotes":""},"class_list":["post-15828","page","type-page","status-publish","hentry"],"_links":{"self":[{"href":"https:\/\/somosdelprieto.com\/index.php\/wp-json\/wp\/v2\/pages\/15828","targetHints":{"allow":["GET"]}}],"collection":[{"href":"https:\/\/somosdelprieto.com\/index.php\/wp-json\/wp\/v2\/pages"}],"about":[{"href":"https:\/\/somosdelprieto.com\/index.php\/wp-json\/wp\/v2\/types\/page"}],"author":[{"embeddable":true,"href":"https:\/\/somosdelprieto.com\/index.php\/wp-json\/wp\/v2\/users\/59"}],"replies":[{"embeddable":true,"href":"https:\/\/somosdelprieto.com\/index.php\/wp-json\/wp\/v2\/comments?post=15828"}],"version-history":[{"count":3,"href":"https:\/\/somosdelprieto.com\/index.php\/wp-json\/wp\/v2\/pages\/15828\/revisions"}],"predecessor-version":[{"id":15862,"href":"https:\/\/somosdelprieto.com\/index.php\/wp-json\/wp\/v2\/pages\/15828\/revisions\/15862"}],"wp:attachment":[{"href":"https:\/\/somosdelprieto.com\/index.php\/wp-json\/wp\/v2\/media?parent=15828"}],"curies":[{"name":"wp","href":"https:\/\/api.w.org\/{rel}","templated":true}]}}