{"id":15814,"date":"2023-06-28T20:53:10","date_gmt":"2023-06-28T18:53:10","guid":{"rendered":"https:\/\/somosdelprieto.com\/?page_id=15814"},"modified":"2023-06-28T21:30:11","modified_gmt":"2023-06-28T19:30:11","slug":"fabricacion-de-rotulo-con-logotipo-del-centro","status":"publish","type":"page","link":"https:\/\/somosdelprieto.com\/index.php\/fabricacion-de-rotulo-con-logotipo-del-centro\/","title":{"rendered":"Fabricaci\u00f3n de r\u00f3tulo con logotipo del centro"},"content":{"rendered":"\n<p>Para la Feria de la FP de nuestro centro recibimos el encargo consistente en la fabricaci\u00f3n de un objeto representativo del I.E.S. GREGORIO PRIETO que estuviera presente  y visible durante las charlas que se impartir\u00edan en el evento. Tras analizar posibles soluciones se opt\u00f3 por fabricar el emblema \u00abGP\u00bb que figura en el logotipo del centro.<\/p>\n\n\n\n<figure class=\"wp-block-image size-large\"><img loading=\"lazy\" decoding=\"async\" width=\"518\" height=\"522\" src=\"https:\/\/somosdelprieto.com\/wp-content\/uploads\/2023\/01\/LOGO-GENERAL-IES-GREGORIO-PRIETO-FONDO-BLANCO.png\" alt=\"\" class=\"wp-image-13478\" srcset=\"https:\/\/somosdelprieto.com\/wp-content\/uploads\/2023\/01\/LOGO-GENERAL-IES-GREGORIO-PRIETO-FONDO-BLANCO.png 518w, https:\/\/somosdelprieto.com\/wp-content\/uploads\/2023\/01\/LOGO-GENERAL-IES-GREGORIO-PRIETO-FONDO-BLANCO-298x300.png 298w, https:\/\/somosdelprieto.com\/wp-content\/uploads\/2023\/01\/LOGO-GENERAL-IES-GREGORIO-PRIETO-FONDO-BLANCO-150x150.png 150w, https:\/\/somosdelprieto.com\/wp-content\/uploads\/2023\/01\/LOGO-GENERAL-IES-GREGORIO-PRIETO-FONDO-BLANCO-100x100.png 100w\" sizes=\"auto, (max-width: 518px) 100vw, 518px\" \/><\/figure>\n\n\n\n<h2 class=\"wp-block-heading\"><strong>Dise\u00f1o<\/strong><\/h2>\n\n\n\n<p>El tama\u00f1o de la construcci\u00f3n impide el mecanizado con el CNC en una sola pieza, dado el ancho m\u00e1ximo de la bancada de la m\u00e1quina. El dise\u00f1o se ha realizado cortando el objeto por la mitad y generando un sistema de ensamblaje a media madera con espigas y cola.<\/p>\n\n\n\n<figure class=\"wp-block-image size-large\"><img loading=\"lazy\" decoding=\"async\" width=\"1024\" height=\"667\" src=\"https:\/\/somosdelprieto.com\/wp-content\/uploads\/2023\/06\/Captura-de-pantalla-2023-06-28-a-las-21.04.57-1024x667.png\" alt=\"\" class=\"wp-image-15819\" srcset=\"https:\/\/somosdelprieto.com\/wp-content\/uploads\/2023\/06\/Captura-de-pantalla-2023-06-28-a-las-21.04.57-1024x667.png 1024w, https:\/\/somosdelprieto.com\/wp-content\/uploads\/2023\/06\/Captura-de-pantalla-2023-06-28-a-las-21.04.57-300x196.png 300w, https:\/\/somosdelprieto.com\/wp-content\/uploads\/2023\/06\/Captura-de-pantalla-2023-06-28-a-las-21.04.57-768x500.png 768w, https:\/\/somosdelprieto.com\/wp-content\/uploads\/2023\/06\/Captura-de-pantalla-2023-06-28-a-las-21.04.57-1536x1001.png 1536w, https:\/\/somosdelprieto.com\/wp-content\/uploads\/2023\/06\/Captura-de-pantalla-2023-06-28-a-las-21.04.57-2048x1335.png 2048w\" sizes=\"auto, (max-width: 767px) 89vw, (max-width: 1000px) 54vw, (max-width: 1071px) 543px, 580px\" \/><\/figure>\n\n\n\n<p>Para poder colocarlo de pie se dise\u00f1\u00f3 una placa de anclaje que se construy\u00f3 en chapa.<\/p>\n\n\n\n<figure class=\"wp-block-image size-large\"><img loading=\"lazy\" decoding=\"async\" width=\"1024\" height=\"724\" src=\"https:\/\/somosdelprieto.com\/wp-content\/uploads\/2023\/06\/logo_grabado_iluminado-Dibujo-v1-1024x724.jpg\" alt=\"\" class=\"wp-image-15820\" srcset=\"https:\/\/somosdelprieto.com\/wp-content\/uploads\/2023\/06\/logo_grabado_iluminado-Dibujo-v1-1024x724.jpg 1024w, https:\/\/somosdelprieto.com\/wp-content\/uploads\/2023\/06\/logo_grabado_iluminado-Dibujo-v1-300x212.jpg 300w, https:\/\/somosdelprieto.com\/wp-content\/uploads\/2023\/06\/logo_grabado_iluminado-Dibujo-v1-768x543.jpg 768w, https:\/\/somosdelprieto.com\/wp-content\/uploads\/2023\/06\/logo_grabado_iluminado-Dibujo-v1-1536x1086.jpg 1536w, https:\/\/somosdelprieto.com\/wp-content\/uploads\/2023\/06\/logo_grabado_iluminado-Dibujo-v1-2048x1448.jpg 2048w\" sizes=\"auto, (max-width: 767px) 89vw, (max-width: 1000px) 54vw, (max-width: 1071px) 543px, 580px\" \/><\/figure>\n\n\n\n<p>Una vez fabricada se soldar\u00eda a una base en forma de cruz construida con tubo rectangular.<\/p>\n\n\n\n<h2 class=\"wp-block-heading\"><strong>Fabricaci\u00f3n<\/strong><\/h2>\n\n\n\n<p>Una vez cortadas las piezas con el CNC se realiza el ensamblaje y se lijan las superficies para preparaci\u00f3n antes de la pintura<\/p>\n\n\n\n<figure class=\"wp-block-gallery columns-1 is-cropped wp-block-gallery-1 is-layout-flex wp-block-gallery-is-layout-flex\"><ul class=\"blocks-gallery-grid\"><li class=\"blocks-gallery-item\"><figure><img loading=\"lazy\" decoding=\"async\" width=\"1024\" height=\"765\" src=\"https:\/\/somosdelprieto.com\/wp-content\/uploads\/2023\/06\/WhatsApp-Image-2023-06-27-at-08.08.05-2-1024x765.jpeg\" alt=\"\" data-id=\"15821\" data-full-url=\"https:\/\/somosdelprieto.com\/wp-content\/uploads\/2023\/06\/WhatsApp-Image-2023-06-27-at-08.08.05-2.jpeg\" data-link=\"https:\/\/somosdelprieto.com\/index.php\/fabricacion-de-rotulo-con-logotipo-del-centro\/whatsapp-image-2023-06-27-at-08-08-05-2\/\" class=\"wp-image-15821\" srcset=\"https:\/\/somosdelprieto.com\/wp-content\/uploads\/2023\/06\/WhatsApp-Image-2023-06-27-at-08.08.05-2-1024x765.jpeg 1024w, https:\/\/somosdelprieto.com\/wp-content\/uploads\/2023\/06\/WhatsApp-Image-2023-06-27-at-08.08.05-2-300x224.jpeg 300w, https:\/\/somosdelprieto.com\/wp-content\/uploads\/2023\/06\/WhatsApp-Image-2023-06-27-at-08.08.05-2-768x574.jpeg 768w, https:\/\/somosdelprieto.com\/wp-content\/uploads\/2023\/06\/WhatsApp-Image-2023-06-27-at-08.08.05-2-1536x1148.jpeg 1536w, https:\/\/somosdelprieto.com\/wp-content\/uploads\/2023\/06\/WhatsApp-Image-2023-06-27-at-08.08.05-2.jpeg 1600w\" sizes=\"auto, (max-width: 767px) 89vw, (max-width: 1000px) 54vw, (max-width: 1071px) 543px, 580px\" \/><\/figure><\/li><\/ul><\/figure>\n\n\n\n<p><\/p>\n\n\n\n<figure class=\"wp-block-image size-large\"><img loading=\"lazy\" decoding=\"async\" width=\"1024\" height=\"765\" src=\"https:\/\/somosdelprieto.com\/wp-content\/uploads\/2023\/06\/WhatsApp-Image-2023-06-27-at-08.08.04-2-1024x765.jpeg\" alt=\"\" class=\"wp-image-15822\" srcset=\"https:\/\/somosdelprieto.com\/wp-content\/uploads\/2023\/06\/WhatsApp-Image-2023-06-27-at-08.08.04-2-1024x765.jpeg 1024w, https:\/\/somosdelprieto.com\/wp-content\/uploads\/2023\/06\/WhatsApp-Image-2023-06-27-at-08.08.04-2-300x224.jpeg 300w, https:\/\/somosdelprieto.com\/wp-content\/uploads\/2023\/06\/WhatsApp-Image-2023-06-27-at-08.08.04-2-768x574.jpeg 768w, https:\/\/somosdelprieto.com\/wp-content\/uploads\/2023\/06\/WhatsApp-Image-2023-06-27-at-08.08.04-2-1536x1148.jpeg 1536w, https:\/\/somosdelprieto.com\/wp-content\/uploads\/2023\/06\/WhatsApp-Image-2023-06-27-at-08.08.04-2.jpeg 1600w\" sizes=\"auto, (max-width: 767px) 89vw, (max-width: 1000px) 54vw, (max-width: 1071px) 543px, 580px\" \/><\/figure>\n\n\n\n<h2 class=\"wp-block-heading\"><strong>Pintura<\/strong><\/h2>\n\n\n\n<p>Despu\u00e9s de dar una capa de imprimaci\u00f3n se procede a la aplicaci\u00f3n de la capa de exterior definitiva.<\/p>\n\n\n\n<figure class=\"wp-block-image size-large\"><img loading=\"lazy\" decoding=\"async\" width=\"576\" height=\"1024\" src=\"https:\/\/somosdelprieto.com\/wp-content\/uploads\/2023\/06\/WhatsApp-Image-2023-06-28-at-21.22.59-576x1024.jpeg\" alt=\"\" class=\"wp-image-15824\" srcset=\"https:\/\/somosdelprieto.com\/wp-content\/uploads\/2023\/06\/WhatsApp-Image-2023-06-28-at-21.22.59-576x1024.jpeg 576w, https:\/\/somosdelprieto.com\/wp-content\/uploads\/2023\/06\/WhatsApp-Image-2023-06-28-at-21.22.59-169x300.jpeg 169w, https:\/\/somosdelprieto.com\/wp-content\/uploads\/2023\/06\/WhatsApp-Image-2023-06-28-at-21.22.59-768x1365.jpeg 768w, https:\/\/somosdelprieto.com\/wp-content\/uploads\/2023\/06\/WhatsApp-Image-2023-06-28-at-21.22.59-864x1536.jpeg 864w, https:\/\/somosdelprieto.com\/wp-content\/uploads\/2023\/06\/WhatsApp-Image-2023-06-28-at-21.22.59.jpeg 1080w\" sizes=\"auto, (max-width: 576px) 100vw, 576px\" \/><\/figure>\n\n\n\n<h2 class=\"wp-block-heading\"><strong>Producto<\/strong><\/h2>\n\n\n\n<p>Despu\u00e9s de unir el pie base al logotipo el objeto queda de la siguiente manera,<\/p>\n\n\n\n<figure class=\"wp-block-image size-large\"><img loading=\"lazy\" decoding=\"async\" width=\"576\" height=\"1024\" src=\"https:\/\/somosdelprieto.com\/wp-content\/uploads\/2023\/06\/E5FEA5AF-816E-4D93-83CD-607613D96CEF-576x1024.jpg\" alt=\"\" class=\"wp-image-15825\" srcset=\"https:\/\/somosdelprieto.com\/wp-content\/uploads\/2023\/06\/E5FEA5AF-816E-4D93-83CD-607613D96CEF-576x1024.jpg 576w, https:\/\/somosdelprieto.com\/wp-content\/uploads\/2023\/06\/E5FEA5AF-816E-4D93-83CD-607613D96CEF-169x300.jpg 169w, https:\/\/somosdelprieto.com\/wp-content\/uploads\/2023\/06\/E5FEA5AF-816E-4D93-83CD-607613D96CEF-768x1365.jpg 768w, https:\/\/somosdelprieto.com\/wp-content\/uploads\/2023\/06\/E5FEA5AF-816E-4D93-83CD-607613D96CEF.jpg 828w\" sizes=\"auto, (max-width: 576px) 100vw, 576px\" \/><\/figure>\n","protected":false},"excerpt":{"rendered":"<p>Para la Feria de la FP de nuestro centro recibimos el encargo consistente en la fabricaci\u00f3n de un objeto representativo del I.E.S. GREGORIO PRIETO que estuviera presente y visible durante las charlas que se impartir\u00edan en el evento. Tras analizar posibles soluciones se opt\u00f3 por fabricar el emblema \u00abGP\u00bb que figura en el logotipo del &hellip; <\/p>\n<p class=\"link-more\"><a href=\"https:\/\/somosdelprieto.com\/index.php\/fabricacion-de-rotulo-con-logotipo-del-centro\/\" class=\"more-link\">Continuar leyendo<span class=\"screen-reader-text\"> \u00abFabricaci\u00f3n de r\u00f3tulo con logotipo del centro\u00bb<\/span><\/a><\/p>\n","protected":false},"author":59,"featured_media":0,"parent":0,"menu_order":0,"comment_status":"closed","ping_status":"closed","template":"","meta":{"footnotes":""},"class_list":["post-15814","page","type-page","status-publish","hentry"],"_links":{"self":[{"href":"https:\/\/somosdelprieto.com\/index.php\/wp-json\/wp\/v2\/pages\/15814","targetHints":{"allow":["GET"]}}],"collection":[{"href":"https:\/\/somosdelprieto.com\/index.php\/wp-json\/wp\/v2\/pages"}],"about":[{"href":"https:\/\/somosdelprieto.com\/index.php\/wp-json\/wp\/v2\/types\/page"}],"author":[{"embeddable":true,"href":"https:\/\/somosdelprieto.com\/index.php\/wp-json\/wp\/v2\/users\/59"}],"replies":[{"embeddable":true,"href":"https:\/\/somosdelprieto.com\/index.php\/wp-json\/wp\/v2\/comments?post=15814"}],"version-history":[{"count":3,"href":"https:\/\/somosdelprieto.com\/index.php\/wp-json\/wp\/v2\/pages\/15814\/revisions"}],"predecessor-version":[{"id":15826,"href":"https:\/\/somosdelprieto.com\/index.php\/wp-json\/wp\/v2\/pages\/15814\/revisions\/15826"}],"wp:attachment":[{"href":"https:\/\/somosdelprieto.com\/index.php\/wp-json\/wp\/v2\/media?parent=15814"}],"curies":[{"name":"wp","href":"https:\/\/api.w.org\/{rel}","templated":true}]}}

Fabricación de rótulo con logotipo del centro

<p>Para la Feria de la FP de nuestro centro recibimos el encargo consistente en la fabricación de un objeto representativo del I.E.S. GREGORIO PRIETO que estuviera presente  y visible durante las charlas que se impartirían en el evento. Tras analizar posibles soluciones se optó por fabricar el emblema «GP» que figura en el logotipo del centro.</p>



<figure class="wp-block-image size-large"><img loading="lazy" decoding="async" width="518" height="522" src="https://somosdelprieto.com/wp-content/uploads/2023/01/LOGO-GENERAL-IES-GREGORIO-PRIETO-FONDO-BLANCO.png" alt="" class="wp-image-13478" srcset="https://somosdelprieto.com/wp-content/uploads/2023/01/LOGO-GENERAL-IES-GREGORIO-PRIETO-FONDO-BLANCO.png 518w, https://somosdelprieto.com/wp-content/uploads/2023/01/LOGO-GENERAL-IES-GREGORIO-PRIETO-FONDO-BLANCO-298x300.png 298w, https://somosdelprieto.com/wp-content/uploads/2023/01/LOGO-GENERAL-IES-GREGORIO-PRIETO-FONDO-BLANCO-150x150.png 150w, https://somosdelprieto.com/wp-content/uploads/2023/01/LOGO-GENERAL-IES-GREGORIO-PRIETO-FONDO-BLANCO-100x100.png 100w" sizes="auto, (max-width: 518px) 100vw, 518px" /></figure>



<h2 class="wp-block-heading"><strong>Diseño</strong></h2>



<p>El tamaño de la construcción impide el mecanizado con el CNC en una sola pieza, dado el ancho máximo de la bancada de la máquina. El diseño se ha realizado cortando el objeto por la mitad y generando un sistema de ensamblaje a media madera con espigas y cola.</p>



<figure class="wp-block-image size-large"><img loading="lazy" decoding="async" width="1024" height="667" src="https://somosdelprieto.com/wp-content/uploads/2023/06/Captura-de-pantalla-2023-06-28-a-las-21.04.57-1024x667.png" alt="" class="wp-image-15819" srcset="https://somosdelprieto.com/wp-content/uploads/2023/06/Captura-de-pantalla-2023-06-28-a-las-21.04.57-1024x667.png 1024w, https://somosdelprieto.com/wp-content/uploads/2023/06/Captura-de-pantalla-2023-06-28-a-las-21.04.57-300x196.png 300w, https://somosdelprieto.com/wp-content/uploads/2023/06/Captura-de-pantalla-2023-06-28-a-las-21.04.57-768x500.png 768w, https://somosdelprieto.com/wp-content/uploads/2023/06/Captura-de-pantalla-2023-06-28-a-las-21.04.57-1536x1001.png 1536w, https://somosdelprieto.com/wp-content/uploads/2023/06/Captura-de-pantalla-2023-06-28-a-las-21.04.57-2048x1335.png 2048w" sizes="auto, (max-width: 767px) 89vw, (max-width: 1000px) 54vw, (max-width: 1071px) 543px, 580px" /></figure>



<p>Para poder colocarlo de pie se diseñó una placa de anclaje que se construyó en chapa.</p>



<figure class="wp-block-image size-large"><img loading="lazy" decoding="async" width="1024" height="724" src="https://somosdelprieto.com/wp-content/uploads/2023/06/logo_grabado_iluminado-Dibujo-v1-1024x724.jpg" alt="" class="wp-image-15820" srcset="https://somosdelprieto.com/wp-content/uploads/2023/06/logo_grabado_iluminado-Dibujo-v1-1024x724.jpg 1024w, https://somosdelprieto.com/wp-content/uploads/2023/06/logo_grabado_iluminado-Dibujo-v1-300x212.jpg 300w, https://somosdelprieto.com/wp-content/uploads/2023/06/logo_grabado_iluminado-Dibujo-v1-768x543.jpg 768w, https://somosdelprieto.com/wp-content/uploads/2023/06/logo_grabado_iluminado-Dibujo-v1-1536x1086.jpg 1536w, https://somosdelprieto.com/wp-content/uploads/2023/06/logo_grabado_iluminado-Dibujo-v1-2048x1448.jpg 2048w" sizes="auto, (max-width: 767px) 89vw, (max-width: 1000px) 54vw, (max-width: 1071px) 543px, 580px" /></figure>



<p>Una vez fabricada se soldaría a una base en forma de cruz construida con tubo rectangular.</p>



<h2 class="wp-block-heading"><strong>Fabricación</strong></h2>



<p>Una vez cortadas las piezas con el CNC se realiza el ensamblaje y se lijan las superficies para preparación antes de la pintura</p>



<figure class="wp-block-gallery columns-1 is-cropped wp-block-gallery-1 is-layout-flex wp-block-gallery-is-layout-flex"><ul class="blocks-gallery-grid"><li class="blocks-gallery-item"><figure><img loading="lazy" decoding="async" width="1024" height="765" src="https://somosdelprieto.com/wp-content/uploads/2023/06/WhatsApp-Image-2023-06-27-at-08.08.05-2-1024x765.jpeg" alt="" data-id="15821" data-full-url="https://somosdelprieto.com/wp-content/uploads/2023/06/WhatsApp-Image-2023-06-27-at-08.08.05-2.jpeg" data-link="https://somosdelprieto.com/index.php/fabricacion-de-rotulo-con-logotipo-del-centro/whatsapp-image-2023-06-27-at-08-08-05-2/" class="wp-image-15821" srcset="https://somosdelprieto.com/wp-content/uploads/2023/06/WhatsApp-Image-2023-06-27-at-08.08.05-2-1024x765.jpeg 1024w, https://somosdelprieto.com/wp-content/uploads/2023/06/WhatsApp-Image-2023-06-27-at-08.08.05-2-300x224.jpeg 300w, https://somosdelprieto.com/wp-content/uploads/2023/06/WhatsApp-Image-2023-06-27-at-08.08.05-2-768x574.jpeg 768w, https://somosdelprieto.com/wp-content/uploads/2023/06/WhatsApp-Image-2023-06-27-at-08.08.05-2-1536x1148.jpeg 1536w, https://somosdelprieto.com/wp-content/uploads/2023/06/WhatsApp-Image-2023-06-27-at-08.08.05-2.jpeg 1600w" sizes="auto, (max-width: 767px) 89vw, (max-width: 1000px) 54vw, (max-width: 1071px) 543px, 580px" /></figure></li></ul></figure>



<p></p>



<figure class="wp-block-image size-large"><img loading="lazy" decoding="async" width="1024" height="765" src="https://somosdelprieto.com/wp-content/uploads/2023/06/WhatsApp-Image-2023-06-27-at-08.08.04-2-1024x765.jpeg" alt="" class="wp-image-15822" srcset="https://somosdelprieto.com/wp-content/uploads/2023/06/WhatsApp-Image-2023-06-27-at-08.08.04-2-1024x765.jpeg 1024w, https://somosdelprieto.com/wp-content/uploads/2023/06/WhatsApp-Image-2023-06-27-at-08.08.04-2-300x224.jpeg 300w, https://somosdelprieto.com/wp-content/uploads/2023/06/WhatsApp-Image-2023-06-27-at-08.08.04-2-768x574.jpeg 768w, https://somosdelprieto.com/wp-content/uploads/2023/06/WhatsApp-Image-2023-06-27-at-08.08.04-2-1536x1148.jpeg 1536w, https://somosdelprieto.com/wp-content/uploads/2023/06/WhatsApp-Image-2023-06-27-at-08.08.04-2.jpeg 1600w" sizes="auto, (max-width: 767px) 89vw, (max-width: 1000px) 54vw, (max-width: 1071px) 543px, 580px" /></figure>



<h2 class="wp-block-heading"><strong>Pintura</strong></h2>



<p>Después de dar una capa de imprimación se procede a la aplicación de la capa de exterior definitiva.</p>



<figure class="wp-block-image size-large"><img loading="lazy" decoding="async" width="576" height="1024" src="https://somosdelprieto.com/wp-content/uploads/2023/06/WhatsApp-Image-2023-06-28-at-21.22.59-576x1024.jpeg" alt="" class="wp-image-15824" srcset="https://somosdelprieto.com/wp-content/uploads/2023/06/WhatsApp-Image-2023-06-28-at-21.22.59-576x1024.jpeg 576w, https://somosdelprieto.com/wp-content/uploads/2023/06/WhatsApp-Image-2023-06-28-at-21.22.59-169x300.jpeg 169w, https://somosdelprieto.com/wp-content/uploads/2023/06/WhatsApp-Image-2023-06-28-at-21.22.59-768x1365.jpeg 768w, https://somosdelprieto.com/wp-content/uploads/2023/06/WhatsApp-Image-2023-06-28-at-21.22.59-864x1536.jpeg 864w, https://somosdelprieto.com/wp-content/uploads/2023/06/WhatsApp-Image-2023-06-28-at-21.22.59.jpeg 1080w" sizes="auto, (max-width: 576px) 100vw, 576px" /></figure>



<h2 class="wp-block-heading"><strong>Producto</strong></h2>



<p>Después de unir el pie base al logotipo el objeto queda de la siguiente manera,</p>



<figure class="wp-block-image size-large"><img loading="lazy" decoding="async" width="576" height="1024" src="https://somosdelprieto.com/wp-content/uploads/2023/06/E5FEA5AF-816E-4D93-83CD-607613D96CEF-576x1024.jpg" alt="" class="wp-image-15825" srcset="https://somosdelprieto.com/wp-content/uploads/2023/06/E5FEA5AF-816E-4D93-83CD-607613D96CEF-576x1024.jpg 576w, https://somosdelprieto.com/wp-content/uploads/2023/06/E5FEA5AF-816E-4D93-83CD-607613D96CEF-169x300.jpg 169w, https://somosdelprieto.com/wp-content/uploads/2023/06/E5FEA5AF-816E-4D93-83CD-607613D96CEF-768x1365.jpg 768w, https://somosdelprieto.com/wp-content/uploads/2023/06/E5FEA5AF-816E-4D93-83CD-607613D96CEF.jpg 828w" sizes="auto, (max-width: 576px) 100vw, 576px" /></figure>

<p>Para la Feria de la FP de nuestro centro recibimos el encargo consistente en la fabricación de un objeto representativo del I.E.S. GREGORIO PRIETO que estuviera presente y visible durante las charlas que se impartirían en el evento. Tras analizar posibles soluciones se optó por fabricar el emblema «GP» que figura en el logotipo del &hellip; </p>
<p class="link-more"><a href="https://somosdelprieto.com/index.php/fabricacion-de-rotulo-con-logotipo-del-centro/" class="more-link">Continuar leyendo<span class="screen-reader-text"> «Fabricación de rótulo con logotipo del centro»</span></a></p>
