{"id":15649,"date":"2023-06-22T13:21:55","date_gmt":"2023-06-22T11:21:55","guid":{"rendered":"https:\/\/somosdelprieto.com\/?page_id=15649"},"modified":"2026-04-29T14:02:20","modified_gmt":"2026-04-29T12:02:20","slug":"matriculacion-en-ciclos-formativos-de-grado-medio-y-grado-superior","status":"publish","type":"page","link":"https:\/\/somosdelprieto.com\/index.php\/matriculacion-en-ciclos-formativos-de-grado-medio-y-grado-superior\/","title":{"rendered":"MATRICULACI\u00d3N EN CICLOS FORMATIVOS DE GRADO MEDIO Y GRADO SUPERIOR"},"content":{"rendered":"\n<ul class=\"wp-block-list\">\n<li><strong><span class=\"has-inline-color has-vivid-cyan-blue-color\">NUEVOS ALUMNOS<\/span><\/strong><\/li>\n<\/ul>\n\n\n\n<p id=\"block-8f37cd90-c89c-43c2-bca7-b2848eb4dac5\">Los alumnos que hayan obtenido un puesto escolar en la adjudicaci\u00f3n definitiva deber\u00e1n <strong>formalizar su <\/strong><span class=\"has-inline-color has-vivid-red-color\"><strong>matr\u00edcula<\/strong> <\/span>preferentemente de forma telem\u00e1tica a trav\u00e9s de la secretar\u00eda virtual de la plataforma <a href=\"https:\/\/educamosclm.castillalamancha.es\/\" target=\"_blank\" rel=\"noreferrer noopener\"><strong><em>educamosCLM<\/em>\u00a0(pinchando aqu\u00ed)<\/strong><\/a>\u00a0, <strong>desde el d\u00eda <\/strong><span class=\"has-inline-color has-vivid-red-color\"><strong>1<\/strong><\/span><span class=\"has-inline-color has-vivid-red-color\"><strong> al 3 de julio de 2026<\/strong><\/span>.<\/p>\n\n\n\n<hr class=\"wp-block-separator has-css-opacity\" \/>\n\n\n\n<ul class=\"wp-block-list\">\n<li><strong><span class=\"has-inline-color has-vivid-cyan-blue-color\">ALUMNOS QUE PROMOCIONAN A SEGUNDO O QUE REPITEN CURSO<\/span><\/strong><\/li>\n<\/ul>\n\n\n\n<p id=\"block-8f37cd90-c89c-43c2-bca7-b2848eb4dac5\">Igualmente deben <strong>formalizar su <\/strong><span class=\"has-inline-color has-vivid-red-color\"><strong>matr\u00edcula<\/strong> <\/span>preferentemente de forma telem\u00e1tica a trav\u00e9s de la secretar\u00eda virtual de la plataforma <a href=\"https:\/\/educamosclm.castillalamancha.es\/\" target=\"_blank\" rel=\"noreferrer noopener\"><strong><em>educamosCLM<\/em>\u00a0(pinchando aqu\u00ed)<\/strong><\/a>\u00a0, <strong><mark style=\"background-color:#ffffff\" class=\"has-inline-color has-vivid-red-color\">desde el 19 al 24 de junio de 2026.<\/mark><\/strong><\/p>\n\n\n\n<p class=\"has-normal-font-size\" id=\"block-8f37cd90-c89c-43c2-bca7-b2848eb4dac5\">En EducamosCLM se ha habilitado un nuevo Escritorio con un Asistente para realizar la Matriculaci\u00f3n:<\/p>\n\n\n\n<figure class=\"wp-block-image size-full\"><img loading=\"lazy\" decoding=\"async\" width=\"416\" height=\"303\" src=\"https:\/\/somosdelprieto.com\/wp-content\/uploads\/2025\/06\/boton-matriculacion.jpg\" alt=\"\" class=\"wp-image-21842\" srcset=\"https:\/\/somosdelprieto.com\/wp-content\/uploads\/2025\/06\/boton-matriculacion.jpg 416w, https:\/\/somosdelprieto.com\/wp-content\/uploads\/2025\/06\/boton-matriculacion-300x219.jpg 300w\" sizes=\"auto, (max-width: 416px) 100vw, 416px\" \/><\/figure>\n\n\n\n<p>Dentro del Asistente de Matriculaci\u00f3n os van a aparecer los m\u00f3dulos del ciclo en el que te hayas matriculado:<\/p>\n\n\n\n<figure class=\"wp-block-image size-large\"><img loading=\"lazy\" decoding=\"async\" width=\"1024\" height=\"510\" src=\"https:\/\/somosdelprieto.com\/wp-content\/uploads\/2025\/06\/modulos-1024x510.jpg\" alt=\"\" class=\"wp-image-21848\" srcset=\"https:\/\/somosdelprieto.com\/wp-content\/uploads\/2025\/06\/modulos-1024x510.jpg 1024w, https:\/\/somosdelprieto.com\/wp-content\/uploads\/2025\/06\/modulos-300x150.jpg 300w, https:\/\/somosdelprieto.com\/wp-content\/uploads\/2025\/06\/modulos-768x383.jpg 768w, https:\/\/somosdelprieto.com\/wp-content\/uploads\/2025\/06\/modulos-1536x765.jpg 1536w, https:\/\/somosdelprieto.com\/wp-content\/uploads\/2025\/06\/modulos.jpg 1816w\" sizes=\"auto, (max-width: 767px) 89vw, (max-width: 1000px) 54vw, (max-width: 1071px) 543px, 580px\" \/><\/figure>\n\n\n\n<p>Como siempre, la solicitud de <strong>matr\u00edcula ser\u00e1 correcta<\/strong> cuando aparezca el n\u00famero de registro, fecha-hora de registro y os aparezca el justificante de matr\u00edcula para descargar, una vez se hayan completado todos los pasos que establece la matr\u00edcula.<\/p>\n\n\n\n<figure class=\"wp-block-image size-large\"><img loading=\"lazy\" decoding=\"async\" width=\"1024\" height=\"481\" src=\"https:\/\/somosdelprieto.com\/wp-content\/uploads\/2025\/06\/matricula-correcta-1024x481.jpg\" alt=\"\" class=\"wp-image-21838\" srcset=\"https:\/\/somosdelprieto.com\/wp-content\/uploads\/2025\/06\/matricula-correcta-1024x481.jpg 1024w, https:\/\/somosdelprieto.com\/wp-content\/uploads\/2025\/06\/matricula-correcta-300x141.jpg 300w, https:\/\/somosdelprieto.com\/wp-content\/uploads\/2025\/06\/matricula-correcta-768x361.jpg 768w, https:\/\/somosdelprieto.com\/wp-content\/uploads\/2025\/06\/matricula-correcta-1536x721.jpg 1536w, https:\/\/somosdelprieto.com\/wp-content\/uploads\/2025\/06\/matricula-correcta.jpg 1829w\" sizes=\"auto, (max-width: 767px) 89vw, (max-width: 1000px) 54vw, (max-width: 1071px) 543px, 580px\" \/><\/figure>\n\n\n\n<hr class=\"wp-block-separator has-alpha-channel-opacity is-style-wide\" \/>\n\n\n\n<p><strong><span class=\"has-inline-color has-vivid-cyan-blue-color\">DOCUMENTACI\u00d3N NECESARIA<\/span><\/strong><\/p>\n\n\n\n<p class=\"has-text-align-center has-black-color has-text-color has-link-color has-medium-font-size wp-elements-1e86ac3a4880bced9b18ab0ca35e1c72\" id=\"block-0deb6e12-b5cb-4d14-a86f-e69dbdf633ba\">Posteriormente,&nbsp;<strong>todos los estudiantes<\/strong>&nbsp;deber\u00e1n realizar el&nbsp;<strong><mark style=\"background-color:#ffffff\" class=\"has-inline-color has-vivid-red-color\">pago del seguro escolar<\/mark><\/strong>, mediante transferencia bancaria de&nbsp;<strong><mark style=\"background-color:#ffffff\" class=\"has-inline-color has-vivid-red-color\">1,12\u20ac<\/mark><\/strong>, indicando en el&nbsp;<strong>concepto<\/strong>&nbsp;del ingreso el&nbsp;<strong>nombre y apellidos y el curso del alumno\/a que se matricula<\/strong>.&nbsp;<\/p>\n\n\n\n<p id=\"block-0deb6e12-b5cb-4d14-a86f-e69dbdf633ba\"><strong>El n\u00famero de cuenta es<\/strong>&nbsp;el siguiente: ES06 2103 7247 1800 3003 2098.<\/p>\n\n\n\n<p id=\"block-c62f22f6-df53-40fa-91b2-97ba44f676b5\"><em>El alumnado de&nbsp;<strong>1\u00ba y 2\u00ba de E.S.O. no<\/strong>&nbsp;<strong>tienen que pagar<\/strong>&nbsp;el seguro escolar. Tambi\u00e9n est\u00e1n exentos del pago el alumnado de<strong>&nbsp;28 a\u00f1os o mayores<\/strong>.<\/em><\/p>\n\n\n\n<p id=\"block-74b6529d-90bc-48aa-9cf0-d921585c899a\">Es importante que&nbsp;<strong>guarden el justificante<\/strong>&nbsp;de pago, ya que les har\u00e1 falta.<\/p>\n\n\n\n<p class=\"has-text-align-center has-luminous-vivid-amber-background-color has-background has-medium-font-size\" id=\"block-74b6529d-90bc-48aa-9cf0-d921585c899a\"><strong><mark style=\"background-color:#fcb900\" class=\"has-inline-color has-vivid-red-color\">\u00a1IMPORTANTE! <\/mark><\/strong>Tambi\u00e9n se debe aportar el <strong>NUSS<\/strong> (N\u00famero de Afiliaci\u00f3n a la Seguridad Social) del alumno\/a <strong>necesario<\/strong> para la realizaci\u00f3n del per\u00edodo de formaci\u00f3n en empresa. El NUSS deber\u00e1 ser<strong> propio<\/strong> del alumno\/a, NO con la condici\u00f3n de Beneficiario ni que el n\u00famero sea temporal. La obtenci\u00f3n del N\u00famero de Afiliaci\u00f3n a la Seguridad Social del alumno\/a se podr\u00e1 realizar desde el siguiente enlace: <a href=\"https:\/\/portal.seg-social.gob.es\/wps\/portal\/importass\/importass\/Categorias\/Altas,+bajas+y+modificaciones\/Altas+y+afiliacion+de+trabajadores\/Solicitar+el+numero+de+la+Seguridad+Social\" target=\"_blank\" rel=\"noreferrer noopener\">https:\/\/portal.seg-social.gob.es\/wps\/portal\/importass\/importass\/Categorias\/Altas,+bajas+y+modificaciones\/Altas+y+afiliacion+de+trabajadores\/Solicitar+el+numero+de+la+Seguridad+Social<\/a><\/p>\n\n\n\n<p class=\"has-vivid-red-color has-text-color has-link-color wp-elements-3a476c9664140916405c5bb73cc4f653\" id=\"block-5d19f54f-c42c-4150-ac23-6d01f12250b2\"><strong>Env\u00edo de documentaci\u00f3n necesaria<\/strong>.<\/p>\n\n\n\n<p id=\"block-5d19f54f-c42c-4150-ac23-6d01f12250b2\">Por \u00faltimo, deben rellenar el siguiente formulario&nbsp;<a href=\"https:\/\/forms.office.com\/e\/g9ZJ823EDc\" target=\"_blank\" rel=\"noreferrer noopener\">https:\/\/forms.office.com\/e\/g9ZJ823EDc<\/a> para&nbsp;<strong>enviar&nbsp;<\/strong>digitalizada la&nbsp;<strong>documentaci\u00f3n necesaria<\/strong>. <\/p>\n\n\n\n<ul class=\"wp-block-list\">\n<li>Fotograf\u00eda<\/li>\n\n\n\n<li>DNI por ambas caras<\/li>\n\n\n\n<li>NUSS (N\u00famero de Afiliaci\u00f3n a la Seguridad Social)<\/li>\n\n\n\n<li>Justificante de pago del seguro escolar<\/li>\n<\/ul>\n\n\n\n<p>La documentaci\u00f3n que debe enviar digitalizada, en archivos independientes para cada uno de los documentos.<\/p>\n\n\n\n<p id=\"block-5d19f54f-c42c-4150-ac23-6d01f12250b2\"><em>Se puede acceder al formulario en <a href=\"https:\/\/somosdelprieto.com\/index.php\/matriculacion-normas-generales\/\" target=\"_blank\" rel=\"noreferrer noopener\"><strong>www.somosdelprieto.com\/Secretar\u00eda\/Matriculaci\u00f3n\/Normas-generales-de-matriculaci\u00f3n<\/strong>\/.<\/a><\/em><\/p>\n\n\n\n<p><em>Se accede al formulario con el usuario de EducamosCLM del estudiante, seguido de @educastillalamancha.es (ver imagen 1). A continuaci\u00f3n, debe iniciar sesi\u00f3n en el entorno de EducamosCLM del estudiante, mediante su usuario y contrase\u00f1a (ver imagen 2).<\/em><\/p>\n\n\n\n<figure class=\"wp-block-image size-large\"><img loading=\"lazy\" decoding=\"async\" width=\"1024\" height=\"665\" src=\"https:\/\/somosdelprieto.com\/wp-content\/uploads\/2024\/06\/Paso1-3-1024x665.jpg\" alt=\"\" class=\"wp-image-19128\" srcset=\"https:\/\/somosdelprieto.com\/wp-content\/uploads\/2024\/06\/Paso1-3-1024x665.jpg 1024w, https:\/\/somosdelprieto.com\/wp-content\/uploads\/2024\/06\/Paso1-3-300x195.jpg 300w, https:\/\/somosdelprieto.com\/wp-content\/uploads\/2024\/06\/Paso1-3-768x499.jpg 768w, https:\/\/somosdelprieto.com\/wp-content\/uploads\/2024\/06\/Paso1-3.jpg 1163w\" sizes=\"auto, (max-width: 767px) 89vw, (max-width: 1000px) 54vw, (max-width: 1071px) 543px, 580px\" \/><\/figure>\n\n\n\n<figure class=\"wp-block-image size-large\"><img loading=\"lazy\" decoding=\"async\" width=\"1024\" height=\"682\" src=\"https:\/\/somosdelprieto.com\/wp-content\/uploads\/2024\/06\/Paso2-1-1024x682.jpg\" alt=\"\" class=\"wp-image-19120\" srcset=\"https:\/\/somosdelprieto.com\/wp-content\/uploads\/2024\/06\/Paso2-1-1024x682.jpg 1024w, https:\/\/somosdelprieto.com\/wp-content\/uploads\/2024\/06\/Paso2-1-300x200.jpg 300w, https:\/\/somosdelprieto.com\/wp-content\/uploads\/2024\/06\/Paso2-1-768x512.jpg 768w, https:\/\/somosdelprieto.com\/wp-content\/uploads\/2024\/06\/Paso2-1.jpg 1198w\" sizes=\"auto, (max-width: 767px) 89vw, (max-width: 1000px) 54vw, (max-width: 1071px) 543px, 580px\" \/><\/figure>\n\n\n\n<p><\/p>\n\n\n\n<p>La documentaci\u00f3n se debe enviar <strong><mark style=\"background-color:#ffffff\" class=\"has-inline-color has-vivid-red-color\">hasta el d\u00eda 14 de septiembre de 2026 <\/mark><\/strong>para la formalizaci\u00f3n de matr\u00edcula en per\u00edodo <strong>ordinario<\/strong> y <strong><mark style=\"background-color:#ffffff\" class=\"has-inline-color has-vivid-red-color\">hasta el d\u00eda 1 de octubre de 2026<\/mark><\/strong> para el per\u00edodo <strong>extraordinario<\/strong>.<\/p>\n\n\n\n<p><\/p>\n","protected":false},"excerpt":{"rendered":"<p>Los alumnos que hayan obtenido un puesto escolar en la adjudicaci\u00f3n definitiva deber\u00e1n formalizar su matr\u00edcula preferentemente de forma telem\u00e1tica a trav\u00e9s de la secretar\u00eda virtual de la plataforma educamosCLM\u00a0(pinchando aqu\u00ed)\u00a0, desde el d\u00eda 1 al 3 de julio de 2026. Igualmente deben formalizar su matr\u00edcula preferentemente de forma telem\u00e1tica a trav\u00e9s de la secretar\u00eda &hellip; <\/p>\n<p class=\"link-more\"><a href=\"https:\/\/somosdelprieto.com\/index.php\/matriculacion-en-ciclos-formativos-de-grado-medio-y-grado-superior\/\" class=\"more-link\">Continuar leyendo<span class=\"screen-reader-text\"> \u00abMATRICULACI\u00d3N EN CICLOS FORMATIVOS DE GRADO MEDIO Y GRADO SUPERIOR\u00bb<\/span><\/a><\/p>\n","protected":false},"author":53,"featured_media":0,"parent":0,"menu_order":0,"comment_status":"closed","ping_status":"closed","template":"","meta":{"footnotes":""},"class_list":["post-15649","page","type-page","status-publish","hentry"],"_links":{"self":[{"href":"https:\/\/somosdelprieto.com\/index.php\/wp-json\/wp\/v2\/pages\/15649","targetHints":{"allow":["GET"]}}],"collection":[{"href":"https:\/\/somosdelprieto.com\/index.php\/wp-json\/wp\/v2\/pages"}],"about":[{"href":"https:\/\/somosdelprieto.com\/index.php\/wp-json\/wp\/v2\/types\/page"}],"author":[{"embeddable":true,"href":"https:\/\/somosdelprieto.com\/index.php\/wp-json\/wp\/v2\/users\/53"}],"replies":[{"embeddable":true,"href":"https:\/\/somosdelprieto.com\/index.php\/wp-json\/wp\/v2\/comments?post=15649"}],"version-history":[{"count":26,"href":"https:\/\/somosdelprieto.com\/index.php\/wp-json\/wp\/v2\/pages\/15649\/revisions"}],"predecessor-version":[{"id":23848,"href":"https:\/\/somosdelprieto.com\/index.php\/wp-json\/wp\/v2\/pages\/15649\/revisions\/23848"}],"wp:attachment":[{"href":"https:\/\/somosdelprieto.com\/index.php\/wp-json\/wp\/v2\/media?parent=15649"}],"curies":[{"name":"wp","href":"https:\/\/api.w.org\/{rel}","templated":true}]}}