{"id":15633,"date":"2023-06-21T11:08:32","date_gmt":"2023-06-21T09:08:32","guid":{"rendered":"https:\/\/somosdelprieto.com\/?page_id=15633"},"modified":"2024-01-20T19:59:18","modified_gmt":"2024-01-20T18:59:18","slug":"talleres-de-creatividad-y-emprendimiento","status":"publish","type":"page","link":"https:\/\/somosdelprieto.com\/index.php\/talleres-de-creatividad-y-emprendimiento\/","title":{"rendered":"TALLERES DE CREATIVIDAD Y EMPRENDIMIENTO"},"content":{"rendered":"\n<p>1\u00ba-2\u00ba-3\u00ba ESO<\/p>\n\n\n\n<p>Durante el mes de mayo, el alumnado de nuestro centro desde primero hasta tercero de ESO asisti\u00f3 a los talleres que organiz\u00f3 el Aula de Emprendimiento, a trav\u00e9s del departamento de FOL. Dichos talleres ten\u00edan como finalidad despertar el esp\u00edritu emprendedor, la creatividad y la capacidad de trabajo en equipo y de organizaci\u00f3n.<\/p>\n\n\n\n<p>Agradecemos a todo el alumnado asistente su alta implicaci\u00f3n en los talleres, que se basaron en varias din\u00e1micas (como el traje de novia, c\u00f3mo tirar un huevo sin que se rompa o dibujar en una hoja en el suelo).<\/p>\n\n\n\n<p>Aqu\u00ed os dejamos una peque\u00f1a muestra de lo que hemos trabajado.<\/p>\n\n\n\n<div class=\"wp-block-group\"><div class=\"wp-block-group__inner-container is-layout-flow wp-block-group-is-layout-flow\">\n<div class=\"wp-block-columns is-layout-flex wp-container-core-columns-is-layout-9d6595d7 wp-block-columns-is-layout-flex\">\n<div class=\"wp-block-column is-layout-flow wp-block-column-is-layout-flow\" style=\"flex-basis:100%\">\n<div class=\"wp-block-columns is-layout-flex wp-container-core-columns-is-layout-9d6595d7 wp-block-columns-is-layout-flex\">\n<div class=\"wp-block-column is-layout-flow wp-block-column-is-layout-flow\" style=\"flex-basis:100%\">\n<figure class=\"wp-block-gallery columns-3 is-cropped wp-block-gallery-1 is-layout-flex wp-block-gallery-is-layout-flex\"><ul class=\"blocks-gallery-grid\"><li class=\"blocks-gallery-item\"><figure><img loading=\"lazy\" decoding=\"async\" width=\"150\" height=\"150\" src=\"https:\/\/somosdelprieto.com\/wp-content\/uploads\/2023\/06\/1681720301645-150x150.jpg\" alt=\"\" data-id=\"15635\" data-link=\"https:\/\/somosdelprieto.com\/?attachment_id=15635\" class=\"wp-image-15635\" srcset=\"https:\/\/somosdelprieto.com\/wp-content\/uploads\/2023\/06\/1681720301645-150x150.jpg 150w, https:\/\/somosdelprieto.com\/wp-content\/uploads\/2023\/06\/1681720301645-100x100.jpg 100w\" sizes=\"auto, (max-width: 150px) 100vw, 150px\" \/><\/figure><\/li><li class=\"blocks-gallery-item\"><figure><img loading=\"lazy\" decoding=\"async\" width=\"150\" height=\"150\" src=\"https:\/\/somosdelprieto.com\/wp-content\/uploads\/2023\/06\/1681720301752-1-150x150.jpg\" alt=\"\" data-id=\"15636\" data-link=\"https:\/\/somosdelprieto.com\/?attachment_id=15636\" class=\"wp-image-15636\" srcset=\"https:\/\/somosdelprieto.com\/wp-content\/uploads\/2023\/06\/1681720301752-1-150x150.jpg 150w, https:\/\/somosdelprieto.com\/wp-content\/uploads\/2023\/06\/1681720301752-1-100x100.jpg 100w\" sizes=\"auto, (max-width: 150px) 100vw, 150px\" \/><\/figure><\/li><li class=\"blocks-gallery-item\"><figure><img loading=\"lazy\" decoding=\"async\" width=\"150\" height=\"150\" src=\"https:\/\/somosdelprieto.com\/wp-content\/uploads\/2023\/06\/1686910466058-150x150.jpg\" alt=\"\" data-id=\"15637\" data-full-url=\"https:\/\/somosdelprieto.com\/wp-content\/uploads\/2023\/06\/1686910466058-scaled.jpg\" data-link=\"https:\/\/somosdelprieto.com\/?attachment_id=15637\" class=\"wp-image-15637\" srcset=\"https:\/\/somosdelprieto.com\/wp-content\/uploads\/2023\/06\/1686910466058-150x150.jpg 150w, https:\/\/somosdelprieto.com\/wp-content\/uploads\/2023\/06\/1686910466058-100x100.jpg 100w\" sizes=\"auto, (max-width: 150px) 100vw, 150px\" \/><\/figure><\/li><\/ul><\/figure>\n<\/div>\n<\/div>\n\n\n\n<div class=\"wp-block-columns is-layout-flex wp-container-core-columns-is-layout-9d6595d7 wp-block-columns-is-layout-flex\">\n<div class=\"wp-block-column is-layout-flow wp-block-column-is-layout-flow\">\n<figure class=\"wp-block-image size-large\"><img loading=\"lazy\" decoding=\"async\" width=\"768\" height=\"1024\" src=\"https:\/\/somosdelprieto.com\/wp-content\/uploads\/2024\/01\/WhatsApp-Image-2024-01-20-at-19.31.10-1.jpeg\" alt=\"\" class=\"wp-image-16788\" srcset=\"https:\/\/somosdelprieto.com\/wp-content\/uploads\/2024\/01\/WhatsApp-Image-2024-01-20-at-19.31.10-1.jpeg 768w, https:\/\/somosdelprieto.com\/wp-content\/uploads\/2024\/01\/WhatsApp-Image-2024-01-20-at-19.31.10-1-225x300.jpeg 225w\" sizes=\"auto, (max-width: 767px) 89vw, (max-width: 1000px) 54vw, (max-width: 1071px) 543px, 580px\" \/><\/figure>\n<\/div>\n\n\n\n<div class=\"wp-block-column is-layout-flow wp-block-column-is-layout-flow\">\n<figure class=\"wp-block-image size-large\"><img loading=\"lazy\" decoding=\"async\" width=\"461\" height=\"1024\" src=\"https:\/\/somosdelprieto.com\/wp-content\/uploads\/2024\/01\/Copia-de-1686910465806-461x1024.jpg\" alt=\"\" class=\"wp-image-16792\" srcset=\"https:\/\/somosdelprieto.com\/wp-content\/uploads\/2024\/01\/Copia-de-1686910465806-461x1024.jpg 461w, https:\/\/somosdelprieto.com\/wp-content\/uploads\/2024\/01\/Copia-de-1686910465806-135x300.jpg 135w, https:\/\/somosdelprieto.com\/wp-content\/uploads\/2024\/01\/Copia-de-1686910465806-768x1707.jpg 768w, https:\/\/somosdelprieto.com\/wp-content\/uploads\/2024\/01\/Copia-de-1686910465806-691x1536.jpg 691w, https:\/\/somosdelprieto.com\/wp-content\/uploads\/2024\/01\/Copia-de-1686910465806-922x2048.jpg 922w, https:\/\/somosdelprieto.com\/wp-content\/uploads\/2024\/01\/Copia-de-1686910465806-scaled.jpg 1152w\" sizes=\"auto, (max-width: 461px) 100vw, 461px\" \/><\/figure>\n<\/div>\n\n\n\n<div class=\"wp-block-column is-layout-flow wp-block-column-is-layout-flow\">\n<figure class=\"wp-block-image size-large\"><img loading=\"lazy\" decoding=\"async\" width=\"1024\" height=\"768\" src=\"https:\/\/somosdelprieto.com\/wp-content\/uploads\/2024\/01\/WhatsApp-Image-2024-01-20-at-19.31.10.jpeg\" alt=\"\" class=\"wp-image-16789\" srcset=\"https:\/\/somosdelprieto.com\/wp-content\/uploads\/2024\/01\/WhatsApp-Image-2024-01-20-at-19.31.10.jpeg 1024w, https:\/\/somosdelprieto.com\/wp-content\/uploads\/2024\/01\/WhatsApp-Image-2024-01-20-at-19.31.10-300x225.jpeg 300w, https:\/\/somosdelprieto.com\/wp-content\/uploads\/2024\/01\/WhatsApp-Image-2024-01-20-at-19.31.10-768x576.jpeg 768w\" sizes=\"auto, (max-width: 767px) 89vw, (max-width: 1000px) 54vw, (max-width: 1071px) 543px, 580px\" \/><\/figure>\n<\/div>\n<\/div>\n<\/div>\n<\/div>\n<\/div><\/div>\n\n\n\n<figure class=\"wp-block-video\"><video height=\"480\" style=\"aspect-ratio: 848 \/ 480;\" width=\"848\" controls src=\"https:\/\/somosdelprieto.com\/wp-content\/uploads\/2024\/01\/WhatsApp-Video-2024-01-20-at-19.31.10.mp4\"><\/video><\/figure>\n\n\n\n<figure class=\"wp-block-video\"><video height=\"848\" style=\"aspect-ratio: 480 \/ 848;\" width=\"480\" controls src=\"https:\/\/somosdelprieto.com\/wp-content\/uploads\/2024\/01\/WhatsApp-Video-2024-01-20-at-19.30.56-1.mp4\"><\/video><\/figure>\n\n\n\n<div class=\"wp-block-group\"><div class=\"wp-block-group__inner-container is-layout-flow wp-block-group-is-layout-flow\"><\/div><\/div>\n","protected":false},"excerpt":{"rendered":"<p>1\u00ba-2\u00ba-3\u00ba ESO Durante el mes de mayo, el alumnado de nuestro centro desde primero hasta tercero de ESO asisti\u00f3 a los talleres que organiz\u00f3 el Aula de Emprendimiento, a trav\u00e9s del departamento de FOL. Dichos talleres ten\u00edan como finalidad despertar el esp\u00edritu emprendedor, la creatividad y la capacidad de trabajo en equipo y de organizaci\u00f3n. &hellip; <\/p>\n<p class=\"link-more\"><a href=\"https:\/\/somosdelprieto.com\/index.php\/talleres-de-creatividad-y-emprendimiento\/\" class=\"more-link\">Continuar leyendo<span class=\"screen-reader-text\"> \u00abTALLERES DE CREATIVIDAD Y EMPRENDIMIENTO\u00bb<\/span><\/a><\/p>\n","protected":false},"author":30,"featured_media":0,"parent":0,"menu_order":0,"comment_status":"closed","ping_status":"closed","template":"","meta":{"footnotes":""},"class_list":["post-15633","page","type-page","status-publish","hentry"],"_links":{"self":[{"href":"https:\/\/somosdelprieto.com\/index.php\/wp-json\/wp\/v2\/pages\/15633","targetHints":{"allow":["GET"]}}],"collection":[{"href":"https:\/\/somosdelprieto.com\/index.php\/wp-json\/wp\/v2\/pages"}],"about":[{"href":"https:\/\/somosdelprieto.com\/index.php\/wp-json\/wp\/v2\/types\/page"}],"author":[{"embeddable":true,"href":"https:\/\/somosdelprieto.com\/index.php\/wp-json\/wp\/v2\/users\/30"}],"replies":[{"embeddable":true,"href":"https:\/\/somosdelprieto.com\/index.php\/wp-json\/wp\/v2\/comments?post=15633"}],"version-history":[{"count":4,"href":"https:\/\/somosdelprieto.com\/index.php\/wp-json\/wp\/v2\/pages\/15633\/revisions"}],"predecessor-version":[{"id":16796,"href":"https:\/\/somosdelprieto.com\/index.php\/wp-json\/wp\/v2\/pages\/15633\/revisions\/16796"}],"wp:attachment":[{"href":"https:\/\/somosdelprieto.com\/index.php\/wp-json\/wp\/v2\/media?parent=15633"}],"curies":[{"name":"wp","href":"https:\/\/api.w.org\/{rel}","templated":true}]}}