{"id":14041,"date":"2023-03-08T12:10:35","date_gmt":"2023-03-08T11:10:35","guid":{"rendered":"https:\/\/somosdelprieto.com\/?page_id=14041"},"modified":"2023-03-08T12:47:27","modified_gmt":"2023-03-08T11:47:27","slug":"iot-del-i-e-s-gregorio-prieto","status":"publish","type":"page","link":"https:\/\/somosdelprieto.com\/index.php\/iot-del-i-e-s-gregorio-prieto\/","title":{"rendered":"IoT del I.E.S. GREGORIO PRIETO"},"content":{"rendered":"\n<p>En esta p\u00e1gina publicaremos los principales eventos relativos a la implementaci\u00f3n de tecnolog\u00edas IoT en nuestro centro.<\/p>\n\n\n\n<h2 class=\"wp-block-heading\">Instalaci\u00f3n de servicio HOME ASISTANT<\/h2>\n\n\n\n<p>Se ha instalado una imagen de <a href=\"https:\/\/www.home-assistant.io\">HOME ASISTANT<\/a> para la implementaci\u00f3n de dispositivos IOT con distintas finalidades dentro del centro.<\/p>\n\n\n\n<figure class=\"wp-block-image size-large\"><img loading=\"lazy\" decoding=\"async\" width=\"1024\" height=\"627\" src=\"https:\/\/somosdelprieto.com\/wp-content\/uploads\/2023\/03\/Captura-de-pantalla-2023-03-08-a-las-12.31.39-1-1024x627.png\" alt=\"\" class=\"wp-image-14050\" srcset=\"https:\/\/somosdelprieto.com\/wp-content\/uploads\/2023\/03\/Captura-de-pantalla-2023-03-08-a-las-12.31.39-1-1024x627.png 1024w, https:\/\/somosdelprieto.com\/wp-content\/uploads\/2023\/03\/Captura-de-pantalla-2023-03-08-a-las-12.31.39-1-300x184.png 300w, https:\/\/somosdelprieto.com\/wp-content\/uploads\/2023\/03\/Captura-de-pantalla-2023-03-08-a-las-12.31.39-1-768x470.png 768w, https:\/\/somosdelprieto.com\/wp-content\/uploads\/2023\/03\/Captura-de-pantalla-2023-03-08-a-las-12.31.39-1-1536x941.png 1536w, https:\/\/somosdelprieto.com\/wp-content\/uploads\/2023\/03\/Captura-de-pantalla-2023-03-08-a-las-12.31.39-1-2048x1254.png 2048w\" sizes=\"auto, (max-width: 767px) 89vw, (max-width: 1000px) 54vw, (max-width: 1071px) 543px, 580px\" \/><\/figure>\n\n\n\n<p>En principio se han separado los dispositivos en varias pesta\u00f1as para que est\u00e9n agrupados por tem\u00e1ticas: energ\u00eda, calefacci\u00f3n, iluminaci\u00f3n, ATECA, estaci\u00f3n meteorol\u00f3gica, etc. Adem\u00e1s del control de los actuadores se prev\u00e9 la instalaci\u00f3n de sensores que midan varios par\u00e1metros. La sensorizaci\u00f3n permitir\u00e1 la creaci\u00f3n de reglas que vinculen eventos con las salidas de control sobre los actuadores implementados en el entorno IoT.<\/p>\n\n\n\n<h2 class=\"wp-block-heading\">Instalaci\u00f3n dom\u00f3tica en el aula ATECA<\/h2>\n\n\n\n<figure class=\"wp-block-image size-large\"><img loading=\"lazy\" decoding=\"async\" width=\"1024\" height=\"628\" src=\"https:\/\/somosdelprieto.com\/wp-content\/uploads\/2023\/03\/WhatsApp-Image-2023-03-08-at-12.14.31-1024x628.jpeg\" alt=\"\" class=\"wp-image-14046\" srcset=\"https:\/\/somosdelprieto.com\/wp-content\/uploads\/2023\/03\/WhatsApp-Image-2023-03-08-at-12.14.31-1024x628.jpeg 1024w, https:\/\/somosdelprieto.com\/wp-content\/uploads\/2023\/03\/WhatsApp-Image-2023-03-08-at-12.14.31-300x184.jpeg 300w, https:\/\/somosdelprieto.com\/wp-content\/uploads\/2023\/03\/WhatsApp-Image-2023-03-08-at-12.14.31-768x471.jpeg 768w, https:\/\/somosdelprieto.com\/wp-content\/uploads\/2023\/03\/WhatsApp-Image-2023-03-08-at-12.14.31-1536x942.jpeg 1536w, https:\/\/somosdelprieto.com\/wp-content\/uploads\/2023\/03\/WhatsApp-Image-2023-03-08-at-12.14.31.jpeg 1595w\" sizes=\"auto, (max-width: 767px) 89vw, (max-width: 1000px) 54vw, (max-width: 1071px) 543px, 580px\" \/><\/figure>\n\n\n\n<p>Los alumnos de electricidad junto a sus profesores est\u00e1n instalando sistema de apertura y cierre motorizados de las persianas y controlados con tecnolog\u00eda IoT. Los dispositivos se incluir\u00e1n en HOME ASISTANT para poder ser controlados de distintos modos. Tambi\u00e9n se est\u00e1n controlando los circuitos de alumbrado del aula.<\/p>\n","protected":false},"excerpt":{"rendered":"<p>En esta p\u00e1gina publicaremos los principales eventos relativos a la implementaci\u00f3n de tecnolog\u00edas IoT en nuestro centro. Instalaci\u00f3n de servicio HOME ASISTANT Se ha instalado una imagen de HOME ASISTANT para la implementaci\u00f3n de dispositivos IOT con distintas finalidades dentro del centro. En principio se han separado los dispositivos en varias pesta\u00f1as para que est\u00e9n &hellip; <\/p>\n<p class=\"link-more\"><a href=\"https:\/\/somosdelprieto.com\/index.php\/iot-del-i-e-s-gregorio-prieto\/\" class=\"more-link\">Continuar leyendo<span class=\"screen-reader-text\"> \u00abIoT del I.E.S. GREGORIO PRIETO\u00bb<\/span><\/a><\/p>\n","protected":false},"author":59,"featured_media":0,"parent":0,"menu_order":0,"comment_status":"closed","ping_status":"closed","template":"","meta":{"footnotes":""},"class_list":["post-14041","page","type-page","status-publish","hentry"],"_links":{"self":[{"href":"https:\/\/somosdelprieto.com\/index.php\/wp-json\/wp\/v2\/pages\/14041","targetHints":{"allow":["GET"]}}],"collection":[{"href":"https:\/\/somosdelprieto.com\/index.php\/wp-json\/wp\/v2\/pages"}],"about":[{"href":"https:\/\/somosdelprieto.com\/index.php\/wp-json\/wp\/v2\/types\/page"}],"author":[{"embeddable":true,"href":"https:\/\/somosdelprieto.com\/index.php\/wp-json\/wp\/v2\/users\/59"}],"replies":[{"embeddable":true,"href":"https:\/\/somosdelprieto.com\/index.php\/wp-json\/wp\/v2\/comments?post=14041"}],"version-history":[{"count":6,"href":"https:\/\/somosdelprieto.com\/index.php\/wp-json\/wp\/v2\/pages\/14041\/revisions"}],"predecessor-version":[{"id":14054,"href":"https:\/\/somosdelprieto.com\/index.php\/wp-json\/wp\/v2\/pages\/14041\/revisions\/14054"}],"wp:attachment":[{"href":"https:\/\/somosdelprieto.com\/index.php\/wp-json\/wp\/v2\/media?parent=14041"}],"curies":[{"name":"wp","href":"https:\/\/api.w.org\/{rel}","templated":true}]}}

<p>En esta página publicaremos los principales eventos relativos a la implementación de tecnologías IoT en nuestro centro.</p>



<h2 class="wp-block-heading">Instalación de servicio HOME ASISTANT</h2>



<p>Se ha instalado una imagen de <a href="https://www.home-assistant.io">HOME ASISTANT</a> para la implementación de dispositivos IOT con distintas finalidades dentro del centro.</p>



<figure class="wp-block-image size-large"><img loading="lazy" decoding="async" width="1024" height="627" src="https://somosdelprieto.com/wp-content/uploads/2023/03/Captura-de-pantalla-2023-03-08-a-las-12.31.39-1-1024x627.png" alt="" class="wp-image-14050" srcset="https://somosdelprieto.com/wp-content/uploads/2023/03/Captura-de-pantalla-2023-03-08-a-las-12.31.39-1-1024x627.png 1024w, https://somosdelprieto.com/wp-content/uploads/2023/03/Captura-de-pantalla-2023-03-08-a-las-12.31.39-1-300x184.png 300w, https://somosdelprieto.com/wp-content/uploads/2023/03/Captura-de-pantalla-2023-03-08-a-las-12.31.39-1-768x470.png 768w, https://somosdelprieto.com/wp-content/uploads/2023/03/Captura-de-pantalla-2023-03-08-a-las-12.31.39-1-1536x941.png 1536w, https://somosdelprieto.com/wp-content/uploads/2023/03/Captura-de-pantalla-2023-03-08-a-las-12.31.39-1-2048x1254.png 2048w" sizes="auto, (max-width: 767px) 89vw, (max-width: 1000px) 54vw, (max-width: 1071px) 543px, 580px" /></figure>



<p>En principio se han separado los dispositivos en varias pestañas para que estén agrupados por temáticas: energía, calefacción, iluminación, ATECA, estación meteorológica, etc. Además del control de los actuadores se prevé la instalación de sensores que midan varios parámetros. La sensorización permitirá la creación de reglas que vinculen eventos con las salidas de control sobre los actuadores implementados en el entorno IoT.</p>



<h2 class="wp-block-heading">Instalación domótica en el aula ATECA</h2>



<figure class="wp-block-image size-large"><img loading="lazy" decoding="async" width="1024" height="628" src="https://somosdelprieto.com/wp-content/uploads/2023/03/WhatsApp-Image-2023-03-08-at-12.14.31-1024x628.jpeg" alt="" class="wp-image-14046" srcset="https://somosdelprieto.com/wp-content/uploads/2023/03/WhatsApp-Image-2023-03-08-at-12.14.31-1024x628.jpeg 1024w, https://somosdelprieto.com/wp-content/uploads/2023/03/WhatsApp-Image-2023-03-08-at-12.14.31-300x184.jpeg 300w, https://somosdelprieto.com/wp-content/uploads/2023/03/WhatsApp-Image-2023-03-08-at-12.14.31-768x471.jpeg 768w, https://somosdelprieto.com/wp-content/uploads/2023/03/WhatsApp-Image-2023-03-08-at-12.14.31-1536x942.jpeg 1536w, https://somosdelprieto.com/wp-content/uploads/2023/03/WhatsApp-Image-2023-03-08-at-12.14.31.jpeg 1595w" sizes="auto, (max-width: 767px) 89vw, (max-width: 1000px) 54vw, (max-width: 1071px) 543px, 580px" /></figure>



<p>Los alumnos de electricidad junto a sus profesores están instalando sistema de apertura y cierre motorizados de las persianas y controlados con tecnología IoT. Los dispositivos se incluirán en HOME ASISTANT para poder ser controlados de distintos modos. También se están controlando los circuitos de alumbrado del aula.</p>

<p>En esta página publicaremos los principales eventos relativos a la implementación de tecnologías IoT en nuestro centro. Instalación de servicio HOME ASISTANT Se ha instalado una imagen de HOME ASISTANT para la implementación de dispositivos IOT con distintas finalidades dentro del centro. En principio se han separado los dispositivos en varias pestañas para que estén &hellip; </p>
<p class="link-more"><a href="https://somosdelprieto.com/index.php/iot-del-i-e-s-gregorio-prieto/" class="more-link">Continuar leyendo<span class="screen-reader-text"> «IoT del I.E.S. GREGORIO PRIETO»</span></a></p>
