{"id":10893,"date":"2022-05-15T22:07:42","date_gmt":"2022-05-15T20:07:42","guid":{"rendered":"https:\/\/somosdelprieto.com\/?page_id=10893"},"modified":"2024-06-26T12:11:16","modified_gmt":"2024-06-26T10:11:16","slug":"proyecto-de-educacion-fisica-escuela-saludable","status":"publish","type":"page","link":"https:\/\/somosdelprieto.com\/index.php\/proyecto-de-educacion-fisica-escuela-saludable\/","title":{"rendered":"Proyecto de Educaci\u00f3n F\u00edsica \u00abEscuela Saludable\u00bb"},"content":{"rendered":"\n<p class=\"has-text-align-center\">Blog del proyecto<\/p>\n\n\n\n<div class=\"wp-block-image\"><figure class=\"aligncenter size-large\"><a href=\"https:\/\/vidasaludable474.wordpress.com\/\" target=\"_blank\" rel=\"noopener\"><img loading=\"lazy\" decoding=\"async\" width=\"1024\" height=\"378\" src=\"https:\/\/somosdelprieto.com\/wp-content\/uploads\/2022\/05\/escuela-saludable-1024x378.png\" alt=\"\" class=\"wp-image-10894\" srcset=\"https:\/\/somosdelprieto.com\/wp-content\/uploads\/2022\/05\/escuela-saludable-1024x378.png 1024w, https:\/\/somosdelprieto.com\/wp-content\/uploads\/2022\/05\/escuela-saludable-300x111.png 300w, https:\/\/somosdelprieto.com\/wp-content\/uploads\/2022\/05\/escuela-saludable-768x284.png 768w, https:\/\/somosdelprieto.com\/wp-content\/uploads\/2022\/05\/escuela-saludable-1536x567.png 1536w, https:\/\/somosdelprieto.com\/wp-content\/uploads\/2022\/05\/escuela-saludable.png 1885w\" sizes=\"auto, (max-width: 767px) 89vw, (max-width: 1000px) 54vw, (max-width: 1071px) 543px, 580px\" \/><\/a><figcaption><a href=\"https:\/\/vidasaludable474.wordpress.com\/\" target=\"_blank\" rel=\"noreferrer noopener\">https:\/\/vidasaludable474.wordpress.com\/<\/a><\/figcaption><\/figure><\/div>\n\n\n<div class=\"wp-block-image\"><figure class=\"aligncenter size-large is-resized\"><img loading=\"lazy\" decoding=\"async\" src=\"https:\/\/somosdelprieto.com\/wp-content\/uploads\/2020\/04\/PES_ProyEscolaresSaludables_A3.jpg\" alt=\"\" class=\"wp-image-98\" width=\"517\" height=\"364\"\/><\/figure><\/div>\n\n\n\n<p>La Consejer\u00eda de Educaci\u00f3n, Cultura y Deportes, a trav\u00e9s de la Direcci\u00f3n General de Juventud y Deportes es consciente y sensible a la escasa actividad f\u00edsica y los h\u00e1bitos poco saludables que se observan durante la infancia y la adolescencia. \u00c9stos no s\u00f3lo son peligrosos para la Salud sino que conllevan una baja forma f\u00edsica y una menor autoestima, que en edad escolar pueden derivar en un menor rendimiento acad\u00e9mico y finalmente en el abandono educativo temprano.<\/p>\n\n\n\n<p>Por ello, junto con la pr\u00e1ctica regular de actividad f\u00edsica, debemos impulsar e incorporar como h\u00e1bitos saludables, entre otros: la alimentaci\u00f3n equilibrada, la higiene personal y postural, pautas para la realizaci\u00f3n de actividad f\u00edsica saludable, nociones de primeros auxilios ante accidentes producidos durante la pr\u00e1ctica de actividad f\u00edsico-deportiva, la prevenci\u00f3n en el consumo de sustancias adictivas, etc., que permitan construir unos cimientos lo suficientemente adecuados como para llegar a la vida adulta sanos y poder disfrutar de una vida plena.<\/p>\n\n\n\n<p>Diferentes investigaciones y evidencias te\u00f3rico-pr\u00e1cticas demuestran que, para lograr, dentro la comunidad educativa, un cambio de cultura con relaci\u00f3n a los h\u00e1bitos que conducen al desarrollo de una vida saludable en todas sus vertientes, se considera necesario actuaciones mantenidas durante un periodo m\u00ednimo de tres cursos escolares consecutivos.<\/p>\n\n\n\n<p>Nuestro Proyecto Escolar Saludable &nbsp;dise\u00f1ado por nuestro Departamento de Educaci\u00f3n F\u00edsica buscaimplicar la participaci\u00f3n de toda la Comunidad Educativa mediante diez programas:<\/p>\n\n\n\n<ul class=\"wp-block-list\"><li>Programa I: Educaci\u00f3n Deportiva.<\/li><li>Programa III: Evaluaci\u00f3n de la condici\u00f3n f\u00edsica y h\u00e1bitos saludables.<\/li><li>Programa IV: Desplazamiento activo al centro.<\/li><li>Programa V: Deporte en familia.<\/li><li>Programa VI: H\u00e1bitos saludables<\/li><li>Programa VII: Recreos con actividad f\u00edsico-deportiva organizada.<\/li><li>Programa VIII: Actividades f\u00edsico-deportivas complementarias.<\/li><li>Programa IX: Actividades f\u00edsico-deportivas extracurriculares.<\/li><li>Programa X: Uso de las Tecnolog\u00edas de la Informaci\u00f3n y la Comunicaci\u00f3n (TIC\u00b4S)<\/li><\/ul>\n\n\n\n<p><strong>En nuestro centro, IES GREGORIO PRIETO, estamos muy concienciados con la importancia de la creaci\u00f3n de h\u00e1bitos saludables desde edades muy tempranas, por ello apostamos por este PROYECTO ESCOLAR SALUDABLE y nos implicamos en el desarrollo y puesta en pr\u00e1ctica de multitud de actividades f\u00edsico-deportivas y recreativas; &nbsp;dentro de nuestro centro, fuera del mismo, &nbsp;con alumnos y con familias.<\/strong><\/p>\n","protected":false},"excerpt":{"rendered":"<p>Blog del proyecto La Consejer\u00eda de Educaci\u00f3n, Cultura y Deportes, a trav\u00e9s de la Direcci\u00f3n General de Juventud y Deportes es consciente y sensible a la escasa actividad f\u00edsica y los h\u00e1bitos poco saludables que se observan durante la infancia y la adolescencia. \u00c9stos no s\u00f3lo son peligrosos para la Salud sino que conllevan una &hellip; <\/p>\n<p class=\"link-more\"><a href=\"https:\/\/somosdelprieto.com\/index.php\/proyecto-de-educacion-fisica-escuela-saludable\/\" class=\"more-link\">Continuar leyendo<span class=\"screen-reader-text\"> \u00abProyecto de Educaci\u00f3n F\u00edsica \u00abEscuela Saludable\u00bb\u00bb<\/span><\/a><\/p>\n","protected":false},"author":26,"featured_media":0,"parent":0,"menu_order":0,"comment_status":"closed","ping_status":"closed","template":"","meta":{"footnotes":""},"class_list":["post-10893","page","type-page","status-publish","hentry"],"_links":{"self":[{"href":"https:\/\/somosdelprieto.com\/index.php\/wp-json\/wp\/v2\/pages\/10893","targetHints":{"allow":["GET"]}}],"collection":[{"href":"https:\/\/somosdelprieto.com\/index.php\/wp-json\/wp\/v2\/pages"}],"about":[{"href":"https:\/\/somosdelprieto.com\/index.php\/wp-json\/wp\/v2\/types\/page"}],"author":[{"embeddable":true,"href":"https:\/\/somosdelprieto.com\/index.php\/wp-json\/wp\/v2\/users\/26"}],"replies":[{"embeddable":true,"href":"https:\/\/somosdelprieto.com\/index.php\/wp-json\/wp\/v2\/comments?post=10893"}],"version-history":[{"count":4,"href":"https:\/\/somosdelprieto.com\/index.php\/wp-json\/wp\/v2\/pages\/10893\/revisions"}],"predecessor-version":[{"id":19139,"href":"https:\/\/somosdelprieto.com\/index.php\/wp-json\/wp\/v2\/pages\/10893\/revisions\/19139"}],"wp:attachment":[{"href":"https:\/\/somosdelprieto.com\/index.php\/wp-json\/wp\/v2\/media?parent=10893"}],"curies":[{"name":"wp","href":"https:\/\/api.w.org\/{rel}","templated":true}]}}