{"id":10736,"date":"2022-05-13T06:54:13","date_gmt":"2022-05-13T04:54:13","guid":{"rendered":"https:\/\/somosdelprieto.com\/?page_id=10736"},"modified":"2022-05-16T12:40:27","modified_gmt":"2022-05-16T10:40:27","slug":"programa-jornada19-de-la-feria-de-fp-2022","status":"publish","type":"page","link":"https:\/\/somosdelprieto.com\/index.php\/programa-jornada19-de-la-feria-de-fp-2022\/","title":{"rendered":"Programa Jornada 19 de Mayo de la Feria de FP 2022"},"content":{"rendered":"\n<p>En esta&nbsp;<strong>jornada&nbsp;<\/strong>del&nbsp;<strong>19 de Mayo<\/strong>&nbsp;sobre la FP Dual se hablar\u00e1 con el alumnado de 2\u00ba Curso de Grado Medio y Superior sobre las posibilidades que nos ofrece este tipo de ense\u00f1anza, los modelos llevados a cabo en la provincia y la experiencia de las empresas con el alumnado en formaci\u00f3n y en pr\u00e1cticas.<\/p>\n\n\n\n<p class=\"has-text-align-center\" style=\"line-height:1\"><strong><em>En el sal\u00f3n de actos del Edificio Principal<\/em><\/strong><\/p>\n\n\n\n<p style=\"line-height:1\"><strong>10:00<\/strong> Recepci\u00f3n de asistentes.<\/p>\n\n\n\n<p style=\"line-height:1\"><strong>10:15<\/strong> Entrevista con los medios de comunicaci\u00f3n<\/p>\n\n\n\n<p style=\"line-height:1\"><strong>10:30<\/strong> Inauguraci\u00f3n de la I Feria de Formaci\u00f3n Profesional de Valdepe\u00f1as a cargo de:<\/p>\n\n\n\n<figure class=\"wp-block-table\"><table><tbody><tr><td><\/td><td><\/td><td>D. <strong>David Espinosa Salas<\/strong>. Director del IES Gregorio Prieto.<br>D. <strong>Jes\u00fas Mart\u00edn Rodr\u00edguez<\/strong>. Alcalde de Valdepe\u00f1as.<br>D\u00f1a. <strong>Maria Teresa Compay Gonz\u00e1lez<\/strong>. Directora General de Formaci\u00f3n Profesional de Castilla La Mancha.<br>Dna. <strong>Maria Julia Cejudo Donado-Mazarr\u00f3n<\/strong>. Concejala de Desarrollo empresarial y comercio.&nbsp;<br>D\u00f1a. <strong>Elisa del Valle Fuentes Guzm\u00e1n<\/strong>. Coordinadora del Servicio de Planificaci\u00f3n de la Delegaci\u00f3n Provincial de Educaci\u00f3n, Cultura y Deportes en Ciudad Real.<br><\/td><td><\/td><td><\/td><\/tr><\/tbody><\/table><\/figure>\n\n\n\n<p style=\"line-height:1\"><strong>11:00 Ponencia: \u201cSituaci\u00f3n de la FP Dual en la provincia de Ciudad Real\u201d <\/strong>a cargo de Do\u00f1a Ana Belen Sierra Medina. Asesora T\u00e9cnico Docente de FP y Adultos en la Delegaci\u00f3n Provincial de Educaci\u00f3n.<\/p>\n\n\n\n<p style=\"line-height:1\"><strong>11:15 <\/strong> <strong>Ponencia.<\/strong> \u00ab<strong>Testimonio Real de la FP Dual<\/strong>\u00ab. A cargo D. Francisco R\u00faiz Santaquiteria, antiguo alumno de Formaci\u00f3n Profesional Dual.<\/p>\n\n\n\n<p style=\"line-height:1\"><strong>11:30<\/strong> <strong>Ponencia. \u00abEl Club de Empleo y el Emprendimiento\u00bb<\/strong>. A cargo de los responsables del club de empleo y emprendimiento: M. Luz Navas Torres, Jorge Jim\u00e9nez y por la Jefa de Estudios de Formaci\u00f3n Profesional: Elena Mart\u00ednez Sanz.<\/p>\n\n\n\n<p><\/p>\n\n\n\n<p style=\"line-height:1\"><strong>11:45<\/strong> Aperitivo con las autoridades y empresas colaboradoras. (<em><strong>En el patio de la higuera<\/strong><\/em>)<\/p>\n\n\n\n<p style=\"line-height:1\"><strong>12:30<\/strong> Encuentros con Empresas Colaboradoras<\/p>\n\n\n\n<figure class=\"wp-block-table is-style-stripes\"><table><tbody><tr><td><strong><em>En el sal\u00f3n de actos Edificio Principal<\/em><\/strong><br><br>12:30 Presentaci\u00f3n mesa redonda.<br>12:40 Frimancha.<br>12:50 Tecnove.<br>13:00 Cojali.<br>13:10 Garc\u00eda Carri\u00f3n<br>13:20 Feceval.<br>13:30 Tecnobit.<br>13:40 Turno de preguntas.<br><\/td><td><strong><em>En el sal\u00f3n de actos Juan Alcaide<\/em><\/strong><br><br>12:30 Presentaci\u00f3n mesa redonda.<br>12:40 AJE Valdepe\u00f1as.<br>12:50 Valdepe\u00f1as Comercial.<br>13:00 Leroy Merl\u00edn.<br>13:10 Serigraf Sport.<br>13:20 Paradores.<br>13:30 Felix Solis.<br>13:40 Turno de preguntas.<\/td><\/tr><\/tbody><\/table><\/figure>\n\n\n\n<p style=\"line-height:1\"><strong>14:00<\/strong> Clausura de la jornada.<\/p>\n\n\n\n<figure class=\"wp-block-image size-large\"><img loading=\"lazy\" decoding=\"async\" width=\"1011\" height=\"234\" src=\"https:\/\/somosdelprieto.com\/wp-content\/uploads\/2022\/05\/image-1.png\" alt=\"\" class=\"wp-image-10828\" srcset=\"https:\/\/somosdelprieto.com\/wp-content\/uploads\/2022\/05\/image-1.png 1011w, https:\/\/somosdelprieto.com\/wp-content\/uploads\/2022\/05\/image-1-300x69.png 300w, https:\/\/somosdelprieto.com\/wp-content\/uploads\/2022\/05\/image-1-768x178.png 768w\" sizes=\"auto, (max-width: 767px) 89vw, (max-width: 1000px) 54vw, (max-width: 1071px) 543px, 580px\" \/><\/figure>\n\n\n\n<div class=\"wp-block-group\"><div class=\"wp-block-group__inner-container is-layout-flow wp-block-group-is-layout-flow\">\n<div class=\"wp-block-buttons is-layout-flex wp-block-buttons-is-layout-flex\"><\/div>\n<\/div><\/div>\n\n\n\n<div class=\"wp-block-buttons is-layout-flex wp-block-buttons-is-layout-flex\"><\/div>\n\n\n\n<div class=\"wp-block-columns is-layout-flex wp-container-core-columns-is-layout-9d6595d7 wp-block-columns-is-layout-flex\">\n<div class=\"wp-block-column is-layout-flow wp-block-column-is-layout-flow\" style=\"flex-basis:66.66%\"><\/div>\n\n\n\n<div class=\"wp-block-column is-layout-flow wp-block-column-is-layout-flow\" style=\"flex-basis:33.33%\">\n<div class=\"wp-block-buttons is-content-justification-right is-layout-flex wp-block-buttons-is-layout-flex\">\n<div class=\"wp-block-button\"><a class=\"wp-block-button__link\" href=\"https:\/\/somosdelprieto.com\/index.php\/feriafp\/\">Volver a la feria<\/a><\/div>\n<\/div>\n<\/div>\n<\/div>\n\n\n\n<p><\/p>\n","protected":false},"excerpt":{"rendered":"<p>En esta&nbsp;jornada&nbsp;del&nbsp;19 de Mayo&nbsp;sobre la FP Dual se hablar\u00e1 con el alumnado de 2\u00ba Curso de Grado Medio y Superior sobre las posibilidades que nos ofrece este tipo de ense\u00f1anza, los modelos llevados a cabo en la provincia y la experiencia de las empresas con el alumnado en formaci\u00f3n y en pr\u00e1cticas. En el sal\u00f3n &hellip; <\/p>\n<p class=\"link-more\"><a href=\"https:\/\/somosdelprieto.com\/index.php\/programa-jornada19-de-la-feria-de-fp-2022\/\" class=\"more-link\">Continuar leyendo<span class=\"screen-reader-text\"> \u00abPrograma Jornada 19 de Mayo de la Feria de FP 2022\u00bb<\/span><\/a><\/p>\n","protected":false},"author":1,"featured_media":0,"parent":0,"menu_order":0,"comment_status":"closed","ping_status":"closed","template":"","meta":{"footnotes":""},"class_list":["post-10736","page","type-page","status-publish","hentry"],"_links":{"self":[{"href":"https:\/\/somosdelprieto.com\/index.php\/wp-json\/wp\/v2\/pages\/10736","targetHints":{"allow":["GET"]}}],"collection":[{"href":"https:\/\/somosdelprieto.com\/index.php\/wp-json\/wp\/v2\/pages"}],"about":[{"href":"https:\/\/somosdelprieto.com\/index.php\/wp-json\/wp\/v2\/types\/page"}],"author":[{"embeddable":true,"href":"https:\/\/somosdelprieto.com\/index.php\/wp-json\/wp\/v2\/users\/1"}],"replies":[{"embeddable":true,"href":"https:\/\/somosdelprieto.com\/index.php\/wp-json\/wp\/v2\/comments?post=10736"}],"version-history":[{"count":19,"href":"https:\/\/somosdelprieto.com\/index.php\/wp-json\/wp\/v2\/pages\/10736\/revisions"}],"predecessor-version":[{"id":10992,"href":"https:\/\/somosdelprieto.com\/index.php\/wp-json\/wp\/v2\/pages\/10736\/revisions\/10992"}],"wp:attachment":[{"href":"https:\/\/somosdelprieto.com\/index.php\/wp-json\/wp\/v2\/media?parent=10736"}],"curies":[{"name":"wp","href":"https:\/\/api.w.org\/{rel}","templated":true}]}}