{"id":10544,"date":"2022-05-11T08:30:00","date_gmt":"2022-05-11T06:30:00","guid":{"rendered":"https:\/\/somosdelprieto.com\/?page_id=10544"},"modified":"2022-05-17T13:33:28","modified_gmt":"2022-05-17T11:33:28","slug":"taller-profesional-cata-de-aceite-industrias-alimentarias","status":"publish","type":"page","link":"https:\/\/somosdelprieto.com\/index.php\/taller-profesional-cata-de-aceite-industrias-alimentarias\/","title":{"rendered":"Industrias alimentarias ||  Taller Profesional: Cata de Aceite"},"content":{"rendered":"\n<figure class=\"wp-block-embed is-type-video is-provider-youtube wp-block-embed-youtube wp-embed-aspect-16-9 wp-has-aspect-ratio\"><div class=\"wp-block-embed__wrapper\">\n<iframe loading=\"lazy\" title=\"Cata de aceite | Taller de Industrias alimentarias\" width=\"525\" height=\"295\" src=\"https:\/\/www.youtube.com\/embed\/VbnfDkwOSAQ?feature=oembed\" frameborder=\"0\" allow=\"accelerometer; autoplay; clipboard-write; encrypted-media; gyroscope; picture-in-picture; web-share\" referrerpolicy=\"strict-origin-when-cross-origin\" allowfullscreen><\/iframe>\n<\/div><\/figure>\n\n\n\n<p>Realizaremos un taller de <strong>An\u00e1lisis sensorial de aceite de oliva<\/strong>, donde se realizar\u00e1 una cata normalizada dentro de la bodega del centro para facilitar la convenci\u00f3n del aire para as\u00ed que as\u00ed todos los alumnos est\u00e9n en un entorno tranquilo y adecuado.<\/p>\n\n\n\n<p><strong><a href=\"https:\/\/somosdelprieto.com\/index.php\/departamentos\/departamento-industrias-alimentarias\/\" data-type=\"URL\" data-id=\"https:\/\/somosdelprieto.com\/index.php\/departamentos\/departamento-industrias-alimentarias\/\" target=\"_blank\" rel=\"noreferrer noopener\">AQU\u00cd<\/a><\/strong> puedes conseguir m\u00e1s informaci\u00f3n de los ciclos formativos de Industrias alimentarias.<\/p>\n","protected":false},"excerpt":{"rendered":"<p>Realizaremos un taller de An\u00e1lisis sensorial de aceite de oliva, donde se realizar\u00e1 una cata normalizada dentro de la bodega del centro para facilitar la convenci\u00f3n del aire para as\u00ed que as\u00ed todos los alumnos est\u00e9n en un entorno tranquilo y adecuado. AQU\u00cd puedes conseguir m\u00e1s informaci\u00f3n de los ciclos formativos de Industrias alimentarias.<\/p>\n","protected":false},"author":1,"featured_media":0,"parent":0,"menu_order":0,"comment_status":"closed","ping_status":"closed","template":"","meta":{"footnotes":""},"class_list":["post-10544","page","type-page","status-publish","hentry"],"_links":{"self":[{"href":"https:\/\/somosdelprieto.com\/index.php\/wp-json\/wp\/v2\/pages\/10544","targetHints":{"allow":["GET"]}}],"collection":[{"href":"https:\/\/somosdelprieto.com\/index.php\/wp-json\/wp\/v2\/pages"}],"about":[{"href":"https:\/\/somosdelprieto.com\/index.php\/wp-json\/wp\/v2\/types\/page"}],"author":[{"embeddable":true,"href":"https:\/\/somosdelprieto.com\/index.php\/wp-json\/wp\/v2\/users\/1"}],"replies":[{"embeddable":true,"href":"https:\/\/somosdelprieto.com\/index.php\/wp-json\/wp\/v2\/comments?post=10544"}],"version-history":[{"count":8,"href":"https:\/\/somosdelprieto.com\/index.php\/wp-json\/wp\/v2\/pages\/10544\/revisions"}],"predecessor-version":[{"id":11040,"href":"https:\/\/somosdelprieto.com\/index.php\/wp-json\/wp\/v2\/pages\/10544\/revisions\/11040"}],"wp:attachment":[{"href":"https:\/\/somosdelprieto.com\/index.php\/wp-json\/wp\/v2\/media?parent=10544"}],"curies":[{"name":"wp","href":"https:\/\/api.w.org\/{rel}","templated":true}]}}

<figure class="wp-block-embed is-type-video is-provider-youtube wp-block-embed-youtube wp-embed-aspect-16-9 wp-has-aspect-ratio"><div class="wp-block-embed__wrapper">
<iframe loading="lazy" title="Cata de aceite | Taller de Industrias alimentarias" width="525" height="295" src="https://www.youtube.com/embed/VbnfDkwOSAQ?feature=oembed" frameborder="0" allow="accelerometer; autoplay; clipboard-write; encrypted-media; gyroscope; picture-in-picture; web-share" referrerpolicy="strict-origin-when-cross-origin" allowfullscreen></iframe>
</div></figure>



<p>Realizaremos un taller de <strong>Análisis sensorial de aceite de oliva</strong>, donde se realizará una cata normalizada dentro de la bodega del centro para facilitar la convención del aire para así que así todos los alumnos estén en un entorno tranquilo y adecuado.</p>



<p><strong><a href="https://somosdelprieto.com/index.php/departamentos/departamento-industrias-alimentarias/" data-type="URL" data-id="https://somosdelprieto.com/index.php/departamentos/departamento-industrias-alimentarias/" target="_blank" rel="noreferrer noopener">AQUÍ</a></strong> puedes conseguir más información de los ciclos formativos de Industrias alimentarias.</p>

<p>Realizaremos un taller de Análisis sensorial de aceite de oliva, donde se realizará una cata normalizada dentro de la bodega del centro para facilitar la convención del aire para así que así todos los alumnos estén en un entorno tranquilo y adecuado. AQUÍ puedes conseguir más información de los ciclos formativos de Industrias alimentarias.</p>
